-- Table structure for table `tb_diagnosis`
--

CREATE TABLE `tb_diagnosis` (
  `id` int(11) NOT NULL,
  `diagnosis` text,
  `status` int(11) DEFAULT NULL,
  `created_at` timestamp NULL DEFAULT CURRENT_TIMESTAMP,
  `updated_at` timestamp NULL DEFAULT CURRENT_TIMESTAMP
) ENGINE=InnoDB DEFAULT CHARSET=latin1;

--
-- Dumping data for table `tb_diagnosis`
--

INSERT INTO `tb_diagnosis` (`id`, `diagnosis`, `status`, `created_at`, `updated_at`) VALUES
(1, 'Acute Flaccid Myelitis', 1, '2022-12-19 19:31:55', '2023-02-09 06:42:51'),
(3, 'Risk for impaired liver function', 1, '2023-01-30 21:12:51', '2023-02-09 06:42:51'),
(4, 'Urinary retention', 1, '2023-01-30 21:12:51', '2023-02-09 06:42:51'),
(9, 'Arrhythmia', 1, '2023-02-10 16:29:22', '2023-02-10 16:29:22'),
(10, 'Arthritis', 1, '2023-02-10 16:29:35', '2023-02-10 16:29:35'),
(14, 'Appendicitis', 1, '2023-02-13 20:31:26', '2023-02-13 20:31:26'),
(17, 'Asthma', 1, '2023-02-13 20:32:24', '2023-02-13 20:32:24'),
(24, 'Bronchitis', 1, '2023-02-13 20:35:36', '2023-02-13 20:35:36'),
(29, 'Chickenpox', 1, '2023-02-13 20:37:05', '2023-02-13 20:37:05'),
(35, 'Cirrhosis', 1, '2023-02-13 20:39:08', '2023-02-13 20:39:08'),
(39, 'Constipation', 1, '2023-02-13 20:40:37', '2023-02-13 20:40:37'),
(40, 'Coronavirus (COVID-19)', 1, '2023-02-13 20:40:56', '2023-02-13 20:40:56'),
(42, 'Deafblindness', 1, '2023-02-13 20:42:02', '2023-02-13 20:42:02'),
(46, 'Dehydration', 1, '2023-02-13 20:42:38', '2023-02-13 20:42:38'),
(47, 'Dementia', 1, '2023-02-13 20:43:23', '2023-02-13 20:43:23'),
(51, 'Depression', 1, '2023-02-13 20:44:13', '2023-02-13 20:44:13'),
(52, 'Diabetes', 1, '2023-02-13 20:44:49', '2023-02-13 20:44:49'),
(55, 'Diarrhoea', 1, '2023-02-13 20:45:40', '2023-02-13 20:45:40'),
(56, 'Dizziness (Lightheadedness)', 1, '2023-02-13 20:46:17', '2023-02-13 20:46:17'),
(60, 'Epilepsy', 1, '2023-02-13 20:47:33', '2023-02-13 20:47:33'),
(63, 'Fibroids', 1, '2023-02-13 20:48:28', '2023-02-13 20:48:28'),
(64, 'Flu', 1, '2023-02-13 20:48:41', '2023-02-13 20:48:41'),
(69, 'Gallstones', 1, '2023-02-13 20:50:04', '2023-02-13 20:50:04'),
(70, 'Gonorrhoea', 1, '2023-02-13 20:50:23', '2023-02-13 20:50:23'),
(72, 'Gout', 1, '2023-02-13 20:50:49', '2023-02-13 20:50:49'),
(75, 'Haemorrhoids (piles)', 1, '2023-02-13 20:51:49', '2023-02-13 20:51:49'),
(80, 'Hepatitis A', 1, '2023-02-13 20:54:24', '2023-02-13 20:54:24'),
(81, 'Hepatitis B', 1, '2023-02-13 20:54:36', '2023-02-13 20:54:36'),
(82, 'Hepatitis C', 1, '2023-02-13 20:54:47', '2023-02-13 20:54:47'),
(85, 'HIV', 1, '2023-02-13 20:55:35', '2023-02-13 20:55:35'),
(86, 'Hyperglycaemia (high blood sugar)', 1, '2023-02-13 20:55:55', '2023-02-13 20:55:55'),
(87, 'Hyperglycaemia (low blood sugar)', 1, '2023-02-13 20:56:21', '2023-02-13 20:56:21'),
(88, 'Indigestion', 1, '2023-02-13 20:56:37', '2023-02-13 20:56:37'),
(91, 'Insomnia', 1, '2023-02-13 20:58:11', '2023-02-13 20:58:11'),
(98, 'Labyrinthitis', 1, '2023-02-13 21:00:42', '2023-02-13 21:00:42'),
(102, 'Malaria', 1, '2023-02-13 21:02:03', '2023-02-13 21:02:03'),
(105, 'Malnutrition', 1, '2023-02-13 21:02:45', '2023-02-13 21:02:45'),
(106, 'Measles', 1, '2023-02-13 21:02:55', '2023-02-13 21:02:55'),
(107, 'Meningitis', 1, '2023-02-13 21:03:06', '2023-02-13 21:03:06'),
(108, 'Menopause', 1, '2023-02-13 21:03:23', '2023-02-13 21:03:23'),
(109, 'Migraine', 1, '2023-02-13 21:03:42', '2023-02-13 21:03:42'),
(110, 'Miscarriage', 1, '2023-02-13 21:03:59', '2023-02-13 21:03:59'),
(112, 'Mouth Ulcer', 1, '2023-02-13 21:05:17', '2023-02-13 21:05:17'),
(114, 'Mumps', 1, '2023-02-13 21:05:54', '2023-02-13 21:05:54'),
(115, 'Norovirus', 1, '2023-02-13 21:06:27', '2023-02-13 21:06:27'),
(116, 'Nosebleed', 1, '2023-02-13 21:06:37', '2023-02-13 21:06:37'),
(117, 'Obesity', 1, '2023-02-13 21:06:50', '2023-02-13 21:06:50'),
(119, 'Ovarian Cancer', 1, '2023-02-13 21:07:25', '2023-02-13 21:07:25'),
(120, 'Ovarian Cyst', 1, '2023-02-13 21:07:43', '2023-02-13 21:07:43'),
(121, 'Panic Disorder', 1, '2023-02-13 21:08:12', '2023-02-13 21:08:12'),
(122, 'Pancreatic Cancer', 1, '2023-02-13 21:08:33', '2023-02-13 21:08:33'),
(123, 'Pneumonia', 1, '2023-02-13 21:08:50', '2023-02-13 21:08:50'),
(125, 'Post-Traumatic Stress Disorder (PTSD)', 1, '2023-02-13 21:09:29', '2023-02-13 21:09:29'),
(126, 'Post-Polio Syndrome', 1, '2023-02-13 21:10:00', '2023-02-13 21:10:00'),
(127, 'Pleurisy', 1, '2023-02-13 21:10:12', '2023-02-13 21:10:12'),
(128, 'Postnatal Depression', 1, '2023-02-13 21:10:33', '2023-02-13 21:10:33'),
(129, 'Prostate Cancer', 1, '2023-02-13 21:10:58', '2023-02-13 21:10:58'),
(130, 'Psoriasis', 1, '2023-02-13 21:11:08', '2023-02-13 21:11:08'),
(132, 'Psoriatic Arthritis', 1, '2023-02-13 21:11:38', '2023-02-13 21:11:38'),
(133, 'Reactive Arthritis', 1, '2023-02-13 21:12:10', '2023-02-13 21:12:10'),
(135, 'Restless Legs Syndrome', 1, '2023-02-13 21:12:56', '2023-02-13 21:12:56'),
(136, 'Rheumatoid Arthritis', 1, '2023-02-13 21:13:14', '2023-02-13 21:13:14'),
(137, 'Ringworm and Other Fungal Infections', 1, '2023-02-13 21:13:46', '2023-02-13 21:13:46'),
(138, 'Scabies', 1, '2023-02-13 21:14:01', '2023-02-13 21:14:01'),
(139, 'Scarlet Fever', 1, '2023-02-13 21:14:19', '2023-02-13 21:14:19'),
(141, 'Shortness of Breath', 1, '2023-02-13 21:14:48', '2023-02-13 21:14:48'),
(142, 'Sickle Cell Disease', 1, '2023-02-13 21:15:19', '2023-02-13 21:15:19'),
(143, 'Sinusitis', 1, '2023-02-13 21:15:29', '2023-02-13 21:15:29'),
(144, 'Skin Cancer (Melanoma)', 1, '2023-02-13 21:15:51', '2023-02-13 21:15:51'),
(145, 'Skin Cancer (Non-Melanoma)', 1, '2023-02-13 21:16:21', '2023-02-13 21:16:21'),
(146, 'Stomach Ache and Abdominal Pain', 1, '2023-02-13 21:17:01', '2023-02-13 21:17:01'),
(147, 'Stillbirth', 1, '2023-02-13 21:17:11', '2023-02-13 21:17:11'),
(149, 'Stomach Ulcer', 1, '2023-02-13 21:17:31', '2023-02-13 21:17:31'),
(151, 'Stroke', 1, '2023-02-13 21:18:04', '2023-02-13 21:18:04'),
(153, 'Sudden Infant Death Syndrome (SIDS)', 1, '2023-02-13 21:18:39', '2023-02-13 21:18:39'),
(154, 'Sunburn', 1, '2023-02-13 21:19:06', '2023-02-13 21:19:06'),
(155, 'Syphilis', 1, '2023-02-13 21:19:18', '2023-02-13 21:19:18'),
(156, 'Testicular Lumps and Swellings', 1, '2023-02-13 21:19:45', '2023-02-13 21:19:45'),
(157, 'Threadworms', 1, '2023-02-13 21:20:05', '2023-02-13 21:20:05'),
(158, 'Thyroid Cancer', 1, '2023-02-13 21:20:23', '2023-02-13 21:20:23'),
(160, 'Tinnitus', 1, '2023-02-13 21:20:43', '2023-02-13 21:20:43'),
(161, 'Tonsillitis', 1, '2023-02-13 21:20:53', '2023-02-13 21:20:53'),
(162, 'Tuberculosis (TB)', 1, '2023-02-13 21:21:13', '2023-02-13 21:21:13'),
(163, 'Transverse Myelitis', 1, '2023-02-13 21:21:35', '2023-02-13 21:21:35'),
(164, 'Urinary Tract Infection (UTI)', 1, '2023-02-13 21:22:06', '2023-02-13 21:22:06'),
(165, 'Underactive Thyroid', 1, '2023-02-13 21:22:28', '2023-02-13 21:22:28'),
(167, 'Vaginal Cancer', 1, '2023-02-13 21:23:04', '2023-02-13 21:23:04'),
(168, 'Vomiting in Adults', 1, '2023-02-13 21:23:38', '2023-02-13 21:23:38'),
(169, 'Vulval Cancer', 1, '2023-02-13 21:23:56', '2023-02-13 21:23:56'),
(170, 'Whooping Cough', 1, '2023-02-13 21:24:14', '2023-02-13 21:24:14'),
(171, 'Womb (uterus) Cancer', 1, '2023-02-13 21:24:33', '2023-02-13 21:24:33'),
(172, 'Yellow Fever', 1, '2023-02-13 21:25:01', '2023-02-13 21:25:01'),
(174, 'Abdominal Infection', 1, '2023-02-13 21:26:56', '2023-02-13 21:26:56'),
(176, 'Alzheimer\'s Disease', 1, '2023-02-13 21:28:04', '2023-02-13 21:28:04'),
(178, 'Acute Pancreatitis', 1, '2023-02-13 21:28:45', '2023-02-13 21:28:45'),
(179, 'Bipolar Disorder', 1, '2023-02-13 21:29:14', '2023-02-13 21:29:14'),
(180, 'Blood Poisoning (Sepsis)', 1, '2023-02-13 21:29:53', '2023-02-13 21:29:53'),
(181, 'Bowel Incontinence', 1, '2023-02-13 21:30:35', '2023-02-13 21:30:35'),
(182, 'Brain Stem Death', 1, '2023-02-13 21:31:19', '2023-02-13 21:31:19'),
(183, 'Brain Tumors', 1, '2023-02-13 21:31:57', '2023-02-13 21:31:57'),
(185, 'Breast Cancer (female)', 1, '2023-02-13 21:32:33', '2023-02-13 21:32:33'),
(186, 'Chronic Kidney Disease', 1, '2023-02-13 21:33:27', '2023-02-13 21:33:27'),
(187, 'Chronic Lymphocytic Leukaemia', 1, '2023-02-13 21:34:05', '2023-02-13 21:34:05'),
(188, 'Chronic Pancreatitis', 1, '2023-02-13 21:34:35', '2023-02-13 21:34:35'),
(189, 'Common Cold', 1, '2023-02-13 21:35:13', '2023-02-13 21:35:13'),
(190, 'Common Heart Conditions', 1, '2023-02-13 21:35:50', '2023-02-13 21:35:50'),
(191, 'Deep Vein Thrombosis', 1, '2023-02-13 21:37:38', '2023-02-13 21:37:38'),
(193, 'Dental Abscess', 1, '2023-02-13 21:38:19', '2023-02-13 21:38:19'),
(195, 'Disturbed Sleep Pattern', 1, '2023-02-13 21:39:29', '2023-02-13 21:39:29'),
(196, 'Down\'s Syndrome', 1, '2023-02-13 21:40:21', '2023-02-13 21:40:21'),
(197, 'Ebola Virus Disease', 1, '2023-02-13 21:41:06', '2023-02-13 21:41:06'),
(198, 'Ectopic Pregnancy', 1, '2023-02-13 21:41:39', '2023-02-13 21:41:39'),
(199, 'Escherichia Coli (E. coli) O157', 1, '2023-02-13 21:42:16', '2023-02-13 21:42:16'),
(200, 'Food Poisoning', 1, '2023-02-13 21:42:56', '2023-02-13 21:42:56'),
(201, 'Fungal Nail Infection', 1, '2023-02-13 21:43:18', '2023-02-13 21:43:18'),
(203, 'Gum Disease', 1, '2023-02-13 21:44:31', '2023-02-13 21:44:31'),
(204, 'Hay Fever', 1, '2023-02-13 21:45:21', '2023-02-13 21:45:21'),
(205, 'Hearing Loss', 1, '2023-02-13 21:45:46', '2023-02-13 21:45:46'),
(206, 'Heart Failure', 1, '2023-02-13 21:47:02', '2023-02-13 21:47:02'),
(207, 'High Cholesterol', 1, '2023-02-13 21:47:55', '2023-02-13 21:47:55'),
(208, 'Inherited Heart Conditions', 1, '2023-02-13 21:49:23', '2023-02-13 21:49:23'),
(209, 'Iron Deficiency Anaemia', 1, '2023-02-13 21:50:40', '2023-02-13 21:50:40'),
(210, 'Irritable Hip', 1, '2023-02-13 21:51:34', '2023-02-13 21:51:34'),
(211, 'Itchy Bottom', 1, '2023-02-13 21:52:20', '2023-02-13 21:52:20'),
(213, 'Kidney Cancer', 1, '2023-02-13 21:52:35', '2023-02-13 21:52:35'),
(214, 'Kidney Infection', 1, '2023-02-13 21:54:03', '2023-02-13 21:54:03'),
(215, 'Kidney Stones', 1, '2023-02-13 21:54:19', '2023-02-13 21:54:19'),
(216, 'Leg Cramps', 1, '2023-02-13 21:55:16', '2023-02-13 21:55:16'),
(217, 'Liver Tumours', 1, '2023-02-13 21:55:55', '2023-02-13 21:55:55'),
(219, 'Lung Cancer', 1, '2023-02-13 21:56:57', '2023-02-13 21:56:57'),
(220, 'Malignant Brain Tumour (cancerous)', 1, '2023-02-13 21:57:24', '2023-02-13 21:57:24');

-- --------------------------------------------------------

--
-- Table structure for table `tb_district_new`
--

CREATE TABLE `tb_district_new` (
  `districtid` int(11) NOT NULL,
  `district_title` varchar(100) NOT NULL,
  `state_id` int(11) DEFAULT NULL,
  `district_description` text NOT NULL,
  `district_status` varchar(10) NOT NULL
) ENGINE=InnoDB DEFAULT CHARSET=latin1;

--
-- Dumping data for table `tb_district_new`
--

INSERT INTO `tb_district_new` (`districtid`, `district_title`, `state_id`, `district_description`, `district_status`) VALUES
(36, 'Anantnag', 15, '', 'Active'),
(37, 'Bandipore', 15, '', 'Active'),
(38, 'Baramulla', 15, '', 'Active'),
(39, 'Budgam', 15, '', 'Active'),
(40, 'Doda', 15, '', 'Active'),
(41, 'Ganderbal', 15, '', 'Active'),
(42, 'Jammu', 15, '', 'Active'),
(43, 'Kargil', 15, '', 'Active'),
(44, 'Kathua', 15, '', 'Active'),
(45, 'Kishtwar', 15, '', 'Active'),
(46, 'Kulgam', 15, '', 'Active'),
(47, 'Kupwara', 15, '', 'Active'),
(48, 'Leh (Ladakh)', 15, '', 'Active'),
(49, 'Poonch', 15, '', 'Active'),
(50, 'Pulwama', 15, '', 'Active'),
(51, 'Rajouri', 15, '', 'Active'),
(52, 'Ramban', 15, '', 'Active'),
(53, 'Reasi', 15, '', 'Active'),
(54, 'Samba', 15, '', 'Active'),
(55, 'Shopian', 15, '', 'Active'),
(56, 'Srinagar', 15, '', 'Active'),
(57, 'Udhampur', 15, '', 'Active'),
(58, 'Bilaspur (Himachal Pradesh)', 14, '', 'Active'),
(59, 'Chamba', 14, '', 'Active'),
(60, 'Hamirpur (Himachal Pradesh)', 14, '', 'Active'),
(61, 'Kangra', 14, '', 'Active'),
(62, 'Kinnaur', 14, '', 'Active'),
(63, 'Kullu', 14, '', 'Active'),
(64, 'Lahul & Spiti', 14, '', 'Active'),
(65, 'Mandi', 14, '', 'Active'),
(66, 'Shimla', 14, '', 'Active'),
(67, 'Sirmaur', 14, '', 'Active'),
(68, 'Solan', 14, '', 'Active'),
(69, 'Una', 14, '', 'Active'),
(70, 'Amritsar', 28, '', 'Active'),
(71, 'Barnala', 28, '', 'Active'),
(72, 'Bathinda', 28, '', 'Active'),
(73, 'Faridkot', 28, '', 'Active'),
(74, 'Fatehgarh Sahib', 28, '', 'Active'),
(75, 'Firozpur', 28, '', 'Active'),
(76, 'Gurdaspur', 28, '', 'Active'),
(77, 'Hoshiarpur', 28, '', 'Active'),
(78, 'Jalandhar', 28, '', 'Active'),
(79, 'Kapurthala', 28, '', 'Active'),
(80, 'Ludhiana', 28, '', 'Active'),
(81, 'Mansa', 28, '', 'Active'),
(82, 'Moga', 28, '', 'Active'),
(83, 'Muktsar', 28, '', 'Active'),
(84, 'Patiala', 28, '', 'Active'),
(85, 'Rupnagar (Ropar)', 28, '', 'Active'),
(86, 'Sahibzada Ajit Singh Nagar (Mohali)', 28, '', 'Active'),
(87, 'Sangrur', 28, '', 'Active'),
(88, 'Shahid Bhagat Singh Nagar (Nawanshahr)', 28, '', 'Active'),
(89, 'Tarn Taran', 28, '', 'Active'),
(90, 'Chandigarh', 6, '', 'Active'),
(91, 'Almora', 34, '', 'Active'),
(92, 'Bageshwar', 34, '', 'Active'),
(93, 'Chamoli', 34, '', 'Active'),
(94, 'Champawat', 34, '', 'Active'),
(95, 'Dehradun', 34, '', 'Active'),
(96, 'Haridwar', 34, '', 'Active'),
(97, 'Nainital', 34, '', 'Active'),
(98, 'Pauri Garhwal', 34, '', 'Active'),
(99, 'Pithoragarh', 34, '', 'Active'),
(100, 'Rudraprayag', 34, '', 'Active'),
(101, 'Tehri Garhwal', 34, '', 'Active'),
(102, 'Udham Singh Nagar', 34, '', 'Active'),
(103, 'Uttarkashi', 34, '', 'Active'),
(104, 'Ambala', 13, '', 'Active'),
(105, 'Bhiwani', 13, '', 'Active'),
(106, 'Faridabad', 13, '', 'Active'),
(107, 'Fatehabad', 13, '', 'Active'),
(108, 'Gurgaon', 13, '', 'Active'),
(109, 'Hisar', 13, '', 'Active'),
(110, 'Jhajjar', 13, '', 'Active'),
(111, 'Jind', 13, '', 'Active'),
(112, 'Kaithal', 13, '', 'Active'),
(113, 'Karnal', 13, '', 'Active'),
(114, 'Kurukshetra', 13, '', 'Active'),
(115, 'Mahendragarh', 13, '', 'Active'),
(116, 'Mewat', 13, '', 'Active'),
(117, 'Palwal', 13, '', 'Active'),
(118, 'Panchkula', 13, '', 'Active'),
(119, 'Panipat', 13, '', 'Active'),
(120, 'Rewari', 13, '', 'Active'),
(121, 'Rohtak', 13, '', 'Active'),
(122, 'Sirsa', 13, '', 'Active'),
(123, 'Sonipat', 13, '', 'Active'),
(124, 'Yamuna Nagar', 13, '', 'Active'),
(125, 'Central Delhi', 10, '', 'Active'),
(126, 'East Delhi', 10, '', 'Active'),
(127, 'New Delhi', 10, '', 'Active'),
(128, 'North Delhi', 10, '', 'Active'),
(129, 'North East Delhi', 10, '', 'Active'),
(130, 'North West Delhi', 10, '', 'Active'),
(131, 'South Delhi', 10, '', 'Active'),
(132, 'South West Delhi', 10, '', 'Active'),
(133, 'West Delhi', 10, '', 'Active'),
(134, 'Ajmer', 29, '', 'Active'),
(135, 'Alwar', 29, '', 'Active'),
(136, 'Banswara', 29, '', 'Active'),
(137, 'Baran', 29, '', 'Active'),
(138, 'Barmer', 29, '', 'Active'),
(139, 'Bharatpur', 29, '', 'Active'),
(140, 'Bhilwara', 29, '', 'Active'),
(141, 'Bikaner', 29, '', 'Active'),
(142, 'Bundi', 29, '', 'Active'),
(143, 'Chittorgarh', 29, '', 'Active'),
(144, 'Churu', 29, '', 'Active'),
(145, 'Dausa', 29, '', 'Active'),
(146, 'Dholpur', 29, '', 'Active'),
(147, 'Dungarpur', 29, '', 'Active'),
(148, 'Ganganagar', 29, '', 'Active'),
(149, 'Hanumangarh', 29, '', 'Active'),
(150, 'Jaipur', 29, '', 'Active'),
(151, 'Jaisalmer', 29, '', 'Active'),
(152, 'Jalor', 29, '', 'Active'),
(153, 'Jhalawar', 29, '', 'Active'),
(154, 'Jhunjhunu', 29, '', 'Active'),
(155, 'Jodhpur', 29, '', 'Active'),
(156, 'Karauli', 29, '', 'Active'),
(157, 'Kota', 29, '', 'Active'),
(158, 'Nagaur', 29, '', 'Active'),
(159, 'Pali', 29, '', 'Active'),
(160, 'Pratapgarh (Rajasthan)', 29, '', 'Active'),
(161, 'Rajsamand', 29, '', 'Active'),
(162, 'Sawai Madhopur', 29, '', 'Active'),
(163, 'Sikar', 29, '', 'Active'),
(164, 'Sirohi', 29, '', 'Active'),
(165, 'Tonk', 29, '', 'Active'),
(166, 'Udaipur', 29, '', 'Active'),
(167, 'Agra', 33, '', 'Active'),
(168, 'Aligarh', 33, '', 'Active'),
(169, 'Allahabad', 33, '', 'Active'),
(170, 'Ambedkar Nagar', 33, '', 'Active'),
(171, 'Auraiya', 33, '', 'Active'),
(172, 'Azamgarh', 33, '', 'Active'),
(173, 'Bagpat', 33, '', 'Active'),
(174, 'Bahraich', 33, '', 'Active'),
(175, 'Ballia', 33, '', 'Active'),
(176, 'Balrampur', 33, '', 'Active'),
(177, 'Banda', 33, '', 'Active'),
(178, 'Barabanki', 33, '', 'Active'),
(179, 'Bareilly', 33, '', 'Active'),
(180, 'Basti', 33, '', 'Active'),
(181, 'Bijnor', 33, '', 'Active'),
(182, 'Budaun', 33, '', 'Active'),
(183, 'Bulandshahr', 33, '', 'Active'),
(184, 'Chandauli', 33, '', 'Active'),
(185, 'Chitrakoot', 33, '', 'Active'),
(186, 'Deoria', 33, '', 'Active'),
(187, 'Etah', 33, '', 'Active'),
(188, 'Etawah', 33, '', 'Active'),
(189, 'Faizabad', 33, '', 'Active'),
(190, 'Farrukhabad', 33, '', 'Active'),
(191, 'Fatehpur', 33, '', 'Active'),
(192, 'Firozabad', 33, '', 'Active'),
(193, 'Gautam Buddha Nagar', 33, '', 'Active'),
(194, 'Ghaziabad', 33, '', 'Active'),
(195, 'Ghazipur', 33, '', 'Active'),
(196, 'Gonda', 33, '', 'Active'),
(197, 'Gorakhpur', 33, '', 'Active'),
(198, 'Hamirpur', 33, '', 'Active'),
(199, 'Hardoi', 33, '', 'Active'),
(200, 'Hathras', 33, '', 'Active'),
(201, 'Jalaun', 33, '', 'Active'),
(202, 'Jaunpur', 33, '', 'Active'),
(203, 'Jhansi', 33, '', 'Active'),
(204, 'Jyotiba Phule Nagar', 33, '', 'Active'),
(205, 'Kannauj', 33, '', 'Active'),
(206, 'Kanpur Dehat', 33, '', 'Active'),
(207, 'Kanpur Nagar', 33, '', 'Active'),
(208, 'Kanshiram Nagar', 33, '', 'Active'),
(209, 'Kaushambi', 33, '', 'Active'),
(210, 'Kheri', 33, '', 'Active'),
(211, 'Kushinagar', 33, '', 'Active'),
(212, 'Lalitpur', 33, '', 'Active'),
(213, 'Lucknow', 33, '', 'Active'),
(214, 'Maharajganj', 33, '', 'Active'),
(215, 'Mahoba', 33, '', 'Active'),
(216, 'Mainpuri', 33, '', 'Active'),
(217, 'Mathura', 33, '', 'Active'),
(218, 'Mau', 33, '', 'Active'),
(219, 'Meerut', 33, '', 'Active'),
(220, 'Mirzapur', 33, '', 'Active'),
(221, 'Moradabad', 33, '', 'Active'),
(222, 'Muzaffarnagar', 33, '', 'Active'),
(223, 'Pilibhit', 33, '', 'Active'),
(224, 'Pratapgarh', 33, '', 'Active'),
(225, 'Rae Bareli', 33, '', 'Active'),
(226, 'Rampur', 33, '', 'Active'),
(227, 'Saharanpur', 33, '', 'Active'),
(228, 'Sant Kabir Nagar', 33, '', 'Active'),
(229, 'Sant Ravidas Nagar (Bhadohi)', 33, '', 'Active'),
(230, 'Shahjahanpur', 33, '', 'Active'),
(231, 'Shrawasti', 33, '', 'Active'),
(232, 'Siddharthnagar', 33, '', 'Active'),
(233, 'Sitapur', 33, '', 'Active'),
(234, 'Sonbhadra', 33, '', 'Active'),
(235, 'Sultanpur', 33, '', 'Active'),
(236, 'Unnao', 33, '', 'Active'),
(237, 'Varanasi', 33, '', 'Active'),
(238, 'Araria', 5, '', 'Active'),
(239, 'Arwal', 5, '', 'Active'),
(240, 'Aurangabad (Bihar)', 5, '', 'Active'),
(241, 'Banka', 5, '', 'Active'),
(242, 'Begusarai', 5, '', 'Active'),
(243, 'Bhagalpur', 5, '', 'Active'),
(244, 'Bhojpur', 5, '', 'Active'),
(245, 'Buxar', 5, '', 'Active'),
(246, 'Darbhanga', 5, '', 'Active'),
(247, 'East Champaran', 5, '', 'Active'),
(248, 'Gaya', 5, '', 'Active'),
(249, 'Gopalganj', 5, '', 'Active'),
(250, 'Jamui', 5, '', 'Active'),
(251, 'Jehanabad', 5, '', 'Active'),
(252, 'Kaimur (Bhabua)', 5, '', 'Active'),
(253, 'Katihar', 5, '', 'Active'),
(254, 'Khagaria', 5, '', 'Active'),
(255, 'Kishanganj', 5, '', 'Active'),
(256, 'Lakhisarai', 5, '', 'Active'),
(257, 'Madhepura', 5, '', 'Active'),
(258, 'Madhubani', 5, '', 'Active'),
(259, 'Munger', 5, '', 'Active'),
(260, 'Muzaffarpur', 5, '', 'Active'),
(261, 'Nalanda', 5, '', 'Active'),
(262, 'Nawada', 5, '', 'Active'),
(263, 'Patna', 5, '', 'Active'),
(264, 'Purnia', 5, '', 'Active'),
(265, 'Rohtas', 5, '', 'Active'),
(266, 'Saharsa', 5, '', 'Active'),
(267, 'Samastipur', 5, '', 'Active'),
(268, 'Saran', 5, '', 'Active'),
(269, 'Sheikhpura', 5, '', 'Active'),
(270, 'Sheohar', 5, '', 'Active'),
(271, 'Sitamarhi', 5, '', 'Active'),
(272, 'Siwan', 5, '', 'Active'),
(273, 'Supaul', 5, '', 'Active'),
(274, 'Vaishali', 5, '', 'Active'),
(275, 'West Champaran', 5, '', 'Active'),
(276, 'East Sikkim', 30, '', 'Active'),
(277, 'North Sikkim', 30, '', 'Active'),
(278, 'South Sikkim', 30, '', 'Active'),
(279, 'West Sikkim', 30, '', 'Active'),
(280, 'Anjaw', 3, '', 'Active'),
(281, 'Changlang', 3, '', 'Active'),
(282, 'Dibang Valley', 3, '', 'Active'),
(283, 'East Kameng', 3, '', 'Active'),
(284, 'East Siang', 3, '', 'Active'),
(285, 'Kurung Kumey', 3, '', 'Active'),
(286, 'Lohit', 3, '', 'Active'),
(287, 'Lower Dibang Valley', 3, '', 'Active'),
(288, 'Lower Subansiri', 3, '', 'Active'),
(289, 'Papum Pare', 3, '', 'Active'),
(290, 'Tawang', 3, '', 'Active'),
(291, 'Tirap', 3, '', 'Active'),
(292, 'Upper Siang', 3, '', 'Active'),
(293, 'Upper Subansiri', 3, '', 'Active'),
(294, 'West Kameng', 3, '', 'Active'),
(295, 'West Siang', 3, '', 'Active'),
(296, 'Dimapur', 25, '', 'Active'),
(297, 'Kiphire', 25, '', 'Active'),
(298, 'Kohima', 25, '', 'Active'),
(299, 'Longleng', 25, '', 'Active'),
(300, 'Mokokchung', 25, '', 'Active'),
(301, 'Mon', 25, '', 'Active'),
(302, 'Peren', 25, '', 'Active'),
(303, 'Phek', 25, '', 'Active'),
(304, 'Tuensang', 25, '', 'Active'),
(305, 'Wokha', 25, '', 'Active'),
(306, 'Zunheboto', 25, '', 'Active'),
(307, 'Bishnupur', 22, '', 'Active'),
(308, 'Chandel', 22, '', 'Active'),
(309, 'Churachandpur', 22, '', 'Active'),
(310, 'Imphal East', 22, '', 'Active'),
(311, 'Imphal West', 22, '', 'Active'),
(312, 'Senapati', 22, '', 'Active'),
(313, 'Tamenglong', 22, '', 'Active'),
(314, 'Thoubal', 22, '', 'Active'),
(315, 'Ukhrul', 22, '', 'Active'),
(316, 'Aizawl', 24, '', 'Active'),
(317, 'Champhai', 24, '', 'Active'),
(318, 'Kolasib', 24, '', 'Active'),
(319, 'Lawngtlai', 24, '', 'Active'),
(320, 'Lunglei', 24, '', 'Active'),
(321, 'Mamit', 24, '', 'Active'),
(322, 'Saiha', 24, '', 'Active'),
(323, 'Serchhip', 24, '', 'Active'),
(324, 'Dhalai', 32, '', 'Active'),
(325, 'North Tripura', 32, '', 'Active'),
(326, 'South Tripura', 32, '', 'Active'),
(327, 'West Tripura', 32, '', 'Active'),
(328, 'East Garo Hills', 23, '', 'Active'),
(329, 'East Khasi Hills', 23, '', 'Active'),
(330, 'Jaintia Hills', 23, '', 'Active'),
(331, 'Ri Bhoi', 23, '', 'Active'),
(332, 'South Garo Hills', 23, '', 'Active'),
(333, 'West Garo Hills', 23, '', 'Active'),
(334, 'West Khasi Hills', 23, '', 'Active'),
(335, 'Baksa', 4, '', 'Active'),
(336, 'Barpeta', 4, '', 'Active'),
(337, 'Bongaigaon', 4, '', 'Active'),
(338, 'Cachar', 4, '', 'Active'),
(339, 'Chirang', 4, '', 'Active'),
(340, 'Darrang', 4, '', 'Active'),
(341, 'Dhemaji', 4, '', 'Active'),
(342, 'Dhubri', 4, '', 'Active'),
(343, 'Dibrugarh', 4, '', 'Active'),
(344, 'Dima Hasao (North Cachar Hills)', 4, '', 'Active'),
(345, 'Goalpara', 4, '', 'Active'),
(346, 'Golaghat', 4, '', 'Active'),
(347, 'Hailakandi', 4, '', 'Active'),
(348, 'Jorhat', 4, '', 'Active'),
(349, 'Kamrup', 4, '', 'Active'),
(350, 'Kamrup Metropolitan', 4, '', 'Active'),
(351, 'Karbi Anglong', 4, '', 'Active'),
(352, 'Karimganj', 4, '', 'Active'),
(353, 'Kokrajhar', 4, '', 'Active'),
(354, 'Lakhimpur', 4, '', 'Active'),
(355, 'Morigaon', 4, '', 'Active'),
(356, 'Nagaon', 4, '', 'Active'),
(357, 'Nalbari', 4, '', 'Active'),
(358, 'Sivasagar', 4, '', 'Active'),
(359, 'Sonitpur', 4, '', 'Active'),
(360, 'Tinsukia', 4, '', 'Active'),
(361, 'Udalguri', 4, '', 'Active'),
(362, 'Bankura', 35, '', 'Active'),
(363, 'Bardhaman', 35, '', 'Active'),
(364, 'Birbhum', 35, '', 'Active'),
(365, 'Cooch Behar', 35, '', 'Active'),
(366, 'Dakshin Dinajpur (South Dinajpur)', 35, '', 'Active'),
(367, 'Darjiling', 35, '', 'Active'),
(368, 'Hooghly', 35, '', 'Active'),
(369, 'Howrah', 35, '', 'Active'),
(370, 'Jalpaiguri', 35, '', 'Active'),
(371, 'Kolkata', 35, '', 'Active'),
(372, 'Maldah', 35, '', 'Active'),
(373, 'Murshidabad', 35, '', 'Active'),
(374, 'Nadia', 35, '', 'Active'),
(375, 'North 24 Parganas', 35, '', 'Active'),
(376, 'Paschim Medinipur (West Midnapore)', 35, '', 'Active'),
(377, 'Purba Medinipur (East Midnapore)', 35, '', 'Active'),
(378, 'Puruliya', 35, '', 'Active'),
(379, 'South 24 Parganas', 35, '', 'Active'),
(380, 'Uttar Dinajpur (North Dinajpur)', 35, '', 'Active'),
(381, 'Bokaro', 16, '', 'Active'),
(382, 'Chatra', 16, '', 'Active'),
(383, 'Deoghar', 16, '', 'Active'),
(384, 'Dhanbad', 16, '', 'Active'),
(385, 'Dumka', 16, '', 'Active'),
(386, 'East Singhbhum', 16, '', 'Active'),
(387, 'Garhwa', 16, '', 'Active'),
(388, 'Giridih', 16, '', 'Active'),
(389, 'Godda', 16, '', 'Active'),
(390, 'Gumla', 16, '', 'Active'),
(391, 'Hazaribagh', 16, '', 'Active'),
(392, 'Jamtara', 16, '', 'Active'),
(393, 'Khunti', 16, '', 'Active'),
(394, 'Koderma', 16, '', 'Active'),
(395, 'Latehar', 16, '', 'Active'),
(396, 'Lohardaga', 16, '', 'Active'),
(397, 'Pakur', 16, '', 'Active'),
(398, 'Palamu', 16, '', 'Active'),
(399, 'Ramgarh', 16, '', 'Active'),
(400, 'Ranchi', 16, '', 'Active'),
(401, 'Sahibganj', 16, '', 'Active'),
(402, 'Seraikela-Kharsawan', 16, '', 'Active'),
(403, 'Simdega', 16, '', 'Active'),
(404, 'West Singhbhum', 16, '', 'Active'),
(405, 'Angul', 26, '', 'Active'),
(406, 'Balangir', 26, '', 'Active'),
(407, 'Baleswar', 26, '', 'Active'),
(408, 'Bargarh', 26, '', 'Active'),
(409, 'Bhadrak', 26, '', 'Active'),
(410, 'Boudh', 26, '', 'Active'),
(411, 'Cuttack', 26, '', 'Active'),
(412, 'Debagarh', 26, '', 'Active'),
(413, 'Dhenkanal', 26, '', 'Active'),
(414, 'Gajapati', 26, '', 'Active'),
(415, 'Ganjam', 26, '', 'Active'),
(416, 'Jagatsinghapur', 26, '', 'Active'),
(417, 'Jajapur', 26, '', 'Active'),
(418, 'Jharsuguda', 26, '', 'Active'),
(419, 'Kalahandi', 26, '', 'Active'),
(420, 'Kandhamal', 26, '', 'Active'),
(421, 'Kendrapara', 26, '', 'Active'),
(422, 'Kendujhar', 26, '', 'Active'),
(423, 'Khordha', 26, '', 'Active'),
(424, 'Koraput', 26, '', 'Active'),
(425, 'Malkangiri', 26, '', 'Active'),
(426, 'Mayurbhanj', 26, '', 'Active'),
(427, 'Nabarangapur', 26, '', 'Active'),
(428, 'Nayagarh', 26, '', 'Active'),
(429, 'Nuapada', 26, '', 'Active'),
(430, 'Puri', 26, '', 'Active'),
(431, 'Rayagada', 26, '', 'Active'),
(432, 'Sambalpur', 26, '', 'Active'),
(433, 'Subarnapur (Sonapur)', 26, '', 'Active'),
(434, 'Sundergarh', 26, '', 'Active'),
(435, 'Bastar', 7, '', 'Active'),
(436, 'Bijapur (Chhattisgarh)', 7, '', 'Active'),
(437, 'Bilaspur (Chhattisgarh)', 7, '', 'Active'),
(438, 'Dakshin Bastar Dantewada', 7, '', 'Active'),
(439, 'Dhamtari', 7, '', 'Active'),
(440, 'Durg', 7, '', 'Active'),
(441, 'Janjgir-Champa', 7, '', 'Active'),
(442, 'Jashpur', 7, '', 'Active'),
(443, 'Kabirdham (Kawardha)', 7, '', 'Active'),
(444, 'Korba', 7, '', 'Active'),
(445, 'Koriya', 7, '', 'Active'),
(446, 'Mahasamund', 7, '', 'Active'),
(447, 'Narayanpur', 7, '', 'Active'),
(448, 'Raigarh (Chhattisgarh)', 7, '', 'Active'),
(449, 'Raipur', 7, '', 'Active'),
(450, 'Rajnandgaon', 7, '', 'Active'),
(451, 'Surguja', 7, '', 'Active'),
(452, 'Uttar Bastar Kanker', 7, '', 'Active'),
(453, 'Alirajpur', 20, '', 'Active'),
(454, 'Anuppur', 20, '', 'Active'),
(455, 'Ashok Nagar', 20, '', 'Active'),
(456, 'Balaghat', 20, '', 'Active'),
(457, 'Barwani', 20, '', 'Active'),
(458, 'Betul', 20, '', 'Active'),
(459, 'Bhind', 20, '', 'Active'),
(460, 'Bhopal', 20, '', 'Active'),
(461, 'Burhanpur', 20, '', 'Active'),
(462, 'Chhatarpur', 20, '', 'Active'),
(463, 'Chhindwara', 20, '', 'Active'),
(464, 'Damoh', 20, '', 'Active'),
(465, 'Datia', 20, '', 'Active'),
(466, 'Dewas', 20, '', 'Active'),
(467, 'Dhar', 20, '', 'Active'),
(468, 'Dindori', 20, '', 'Active'),
(469, 'Guna', 20, '', 'Active'),
(470, 'Gwalior', 20, '', 'Active'),
(471, 'Harda', 20, '', 'Active'),
(472, 'Hoshangabad', 20, '', 'Active'),
(473, 'Indore', 20, '', 'Active'),
(474, 'Jabalpur', 20, '', 'Active'),
(475, 'Jhabua', 20, '', 'Active'),
(476, 'Katni', 20, '', 'Active'),
(477, 'Khandwa (East Nimar)', 20, '', 'Active'),
(478, 'Khargone (West Nimar)', 20, '', 'Active'),
(479, 'Mandla', 20, '', 'Active'),
(480, 'Mandsaur', 20, '', 'Active'),
(481, 'Morena', 20, '', 'Active'),
(482, 'Narsinghpur', 20, '', 'Active'),
(483, 'Neemuch', 20, '', 'Active'),
(484, 'Panna', 20, '', 'Active'),
(485, 'Raisen', 20, '', 'Active'),
(486, 'Rajgarh', 20, '', 'Active'),
(487, 'Ratlam', 20, '', 'Active'),
(488, 'Rewa', 20, '', 'Active'),
(489, 'Sagar', 20, '', 'Active'),
(490, 'Satna', 20, '', 'Active'),
(491, 'Sehore', 20, '', 'Active'),
(492, 'Seoni', 20, '', 'Active'),
(493, 'Shahdol', 20, '', 'Active'),
(494, 'Shajapur', 20, '', 'Active'),
(495, 'Sheopur', 20, '', 'Active'),
(496, 'Shivpuri', 20, '', 'Active'),
(497, 'Sidhi', 20, '', 'Active'),
(498, 'Singrauli', 20, '', 'Active'),
(499, 'Tikamgarh', 20, '', 'Active'),
(500, 'Ujjain', 20, '', 'Active'),
(501, 'Umaria', 20, '', 'Active'),
(502, 'Vidisha', 20, '', 'Active'),
(503, 'Ahmedabad', 12, '', 'Active'),
(504, 'Amreli', 12, '', 'Active'),
(505, 'Anand', 12, '', 'Active'),
(506, 'Banaskantha', 12, '', 'Active'),
(507, 'Bharuch', 12, '', 'Active'),
(508, 'Bhavnagar', 12, '', 'Active'),
(509, 'Dahod', 12, '', 'Active'),
(510, 'Gandhi Nagar', 12, '', 'Active'),
(511, 'Jamnagar', 12, '', 'Active'),
(512, 'Junagadh', 12, '', 'Active'),
(513, 'Kachchh', 12, '', 'Active'),
(514, 'Kheda', 12, '', 'Active'),
(515, 'Mahesana', 12, '', 'Active'),
(516, 'Narmada', 12, '', 'Active'),
(517, 'Navsari', 12, '', 'Active'),
(518, 'Panch Mahals', 12, '', 'Active'),
(519, 'Patan', 12, '', 'Active'),
(520, 'Porbandar', 12, '', 'Active'),
(521, 'Rajkot', 12, '', 'Active'),
(522, 'Sabarkantha', 12, '', 'Active'),
(523, 'Surat', 12, '', 'Active'),
(524, 'Surendra Nagar', 12, '', 'Active'),
(525, 'Tapi', 12, '', 'Active'),
(526, 'The Dangs', 12, '', 'Active'),
(527, 'Vadodara', 12, '', 'Active'),
(528, 'Valsad', 12, '', 'Active'),
(529, 'Daman', 9, '', 'Active'),
(530, 'Diu', 9, '', 'Active'),
(531, 'Dadra & Nagar Haveli', 8, '', 'Active'),
(532, 'Ahmed Nagar', 21, '', 'Active'),
(533, 'Akola', 21, '', 'Active'),
(534, 'Amravati', 21, '', 'Active'),
(535, 'Aurangabad', 21, '', 'Active'),
(536, 'Beed', 21, '', 'Active'),
(537, 'Bhandara', 21, '', 'Active'),
(538, 'Buldhana', 21, '', 'Active'),
(539, 'Chandrapur', 21, '', 'Active'),
(540, 'Dhule', 21, '', 'Active'),
(541, 'Gadchiroli', 21, '', 'Active'),
(542, 'Gondia', 21, '', 'Active'),
(543, 'Hingoli', 21, '', 'Active'),
(544, 'Jalgaon', 21, '', 'Active'),
(545, 'Jalna', 21, '', 'Active'),
(546, 'Kolhapur', 21, '', 'Active'),
(547, 'Latur', 21, '', 'Active'),
(548, 'Mumbai', 21, '', 'Active'),
(549, 'Mumbai Suburban', 21, '', 'Active'),
(550, 'Nagpur', 21, '', 'Active'),
(551, 'Nanded', 21, '', 'Active'),
(552, 'Nandurbar', 21, '', 'Active'),
(553, 'Nashik', 21, '', 'Active'),
(554, 'Osmanabad', 21, '', 'Active'),
(555, 'Parbhani', 21, '', 'Active'),
(556, 'Pune', 21, '', 'Active'),
(557, 'Raigarh (Maharashtra)', 21, '', 'Active'),
(558, 'Ratnagiri', 21, '', 'Active'),
(559, 'Sangli', 21, '', 'Active'),
(560, 'Satara', 21, '', 'Active'),
(561, 'Sindhudurg', 21, '', 'Active'),
(562, 'Solapur', 21, '', 'Active'),
(563, 'Thane', 21, '', 'Active'),
(564, 'Wardha', 21, '', 'Active'),
(565, 'Washim', 21, '', 'Active'),
(566, 'Yavatmal', 21, '', 'Active'),
(567, 'Adilabad', 2, '', 'Active'),
(568, 'Anantapur', 2, '', 'Active'),
(569, 'Chittoor', 2, '', 'Active'),
(570, 'East Godavari', 2, '', 'Active'),
(571, 'Guntur', 2, '', 'Active'),
(572, 'Hyderabad', 2, '', 'Active'),
(573, 'Kadapa (Cuddapah)', 2, '', 'Active'),
(574, 'Karim Nagar', 2, '', 'Active'),
(575, 'Khammam', 2, '', 'Active'),
(576, 'Krishna', 2, '', 'Active'),
(577, 'Kurnool', 2, '', 'Active'),
(578, 'Mahbubnagar', 2, '', 'Active'),
(579, 'Medak', 2, '', 'Active'),
(580, 'Nalgonda', 2, '', 'Active'),
(581, 'Nellore', 2, '', 'Active'),
(582, 'Nizamabad', 2, '', 'Active'),
(583, 'Prakasam', 2, '', 'Active'),
(584, 'Rangareddy', 2, '', 'Active'),
(585, 'Srikakulam', 2, '', 'Active'),
(586, 'Visakhapatnam', 2, '', 'Active'),
(587, 'Vizianagaram', 2, '', 'Active'),
(588, 'Warangal', 2, '', 'Active'),
(589, 'West Godavari', 2, '', 'Active'),
(590, 'Bagalkot', 17, '', 'Active'),
(591, 'Bangalore', 17, '', 'Active'),
(592, 'Bangalore Rural', 17, '', 'Active'),
(593, 'Belgaum', 17, '', 'Active'),
(594, 'Bellary', 17, '', 'Active'),
(595, 'Bidar', 17, '', 'Active'),
(596, 'Bijapur (Karnataka)', 17, '', 'Active'),
(597, 'Chamrajnagar', 17, '', 'Active'),
(598, 'Chickmagalur', 17, '', 'Active'),
(599, 'Chikkaballapur', 17, '', 'Active'),
(600, 'Chitradurga', 17, '', 'Active'),
(601, 'Dakshina Kannada', 17, '', 'Active'),
(602, 'Davanagere', 17, '', 'Active'),
(603, 'Dharwad', 17, '', 'Active'),
(604, 'Gadag', 17, '', 'Active'),
(605, 'Gulbarga', 17, '', 'Active'),
(606, 'Hassan', 17, '', 'Active'),
(607, 'Haveri', 17, '', 'Active'),
(608, 'Kodagu', 17, '', 'Active'),
(609, 'Kolar', 17, '', 'Active'),
(610, 'Koppal', 17, '', 'Active'),
(611, 'Mandya', 17, '', 'Active'),
(612, 'Mysore', 17, '', 'Active'),
(613, 'Raichur', 17, '', 'Active'),
(614, 'Ramanagara', 17, '', 'Active'),
(615, 'Shimoga', 17, '', 'Active'),
(616, 'Tumkur', 17, '', 'Active'),
(617, 'Udupi', 17, '', 'Active'),
(618, 'Uttara Kannada', 17, '', 'Active'),
(619, 'Yadgir', 17, '', 'Active'),
(620, 'North Goa', 11, '', 'Active'),
(621, 'South Goa', 11, '', 'Active'),
(622, 'Lakshadweep', 19, '', 'Active'),
(623, 'Alappuzha', 18, '', 'Active'),
(624, 'Ernakulam', 18, '', 'Active'),
(625, 'Idukki', 18, '', 'Active'),
(626, 'Kannur', 18, '', 'Active'),
(627, 'Kasaragod', 18, '', 'Active'),
(628, 'Kollam', 18, '', 'Active'),
(629, 'Kottayam', 18, '', 'Active'),
(630, 'Kozhikode', 18, '', 'Active'),
(631, 'Malappuram', 18, '', 'Active'),
(632, 'Palakkad', 18, '', 'Active'),
(633, 'Pathanamthitta', 18, '', 'Active'),
(634, 'Thiruvananthapuram', 18, '', 'Active'),
(635, 'Thrissur', 18, '', 'Active'),
(636, 'Wayanad', 18, '', 'Active'),
(637, 'Ariyalur', 31, '', 'Active'),
(638, 'Chennai', 31, '', 'Active'),
(639, 'Coimbatore', 31, '', 'Active'),
(640, 'Cuddalore', 31, '', 'Active'),
(641, 'Dharmapuri', 31, '', 'Active'),
(642, 'Dindigul', 31, '', 'Active'),
(643, 'Erode', 31, '', 'Active'),
(644, 'Kanchipuram', 31, '', 'Active'),
(645, 'Kanyakumari', 31, '', 'Active'),
(646, 'Karur', 31, '', 'Active'),
(647, 'Krishnagiri', 31, '', 'Active'),
(648, 'Madurai', 31, '', 'Active'),
(649, 'Nagapattinam', 31, '', 'Active'),
(650, 'Namakkal', 31, '', 'Active'),
(651, 'Nilgiris', 31, '', 'Active'),
(652, 'Perambalur', 31, '', 'Active'),
(653, 'Pudukkottai', 31, '', 'Active'),
(654, 'Ramanathapuram', 31, '', 'Active'),
(655, 'Salem', 31, '', 'Active'),
(656, 'Sivaganga', 31, '', 'Active'),
(657, 'Thanjavur', 31, '', 'Active'),
(658, 'Theni', 31, '', 'Active'),
(659, 'Thoothukudi (Tuticorin)', 31, '', 'Active'),
(660, 'Tiruchirappalli', 31, '', 'Active'),
(661, 'Tirunelveli', 31, '', 'Active'),
(662, 'Tiruppur', 31, '', 'Active'),
(663, 'Tiruvallur', 31, '', 'Active'),
(664, 'Tiruvannamalai', 31, '', 'Active'),
(665, 'Tiruvarur', 31, '', 'Active'),
(666, 'Vellore', 31, '', 'Active'),
(667, 'Viluppuram', 31, '', 'Active'),
(668, 'Virudhunagar', 31, '', 'Active'),
(669, 'Karaikal', 27, '', 'Active'),
(670, 'Mahe', 27, '', 'Active'),
(671, 'Puducherry (Pondicherry)', 27, '', 'Active'),
(672, 'Yanam', 27, '', 'Active'),
(673, 'Nicobar', 1, '', 'Active'),
(674, 'North And Middle Andaman', 1, '', 'Active'),
(675, 'South Andaman', 1, '', 'Active');

-- --------------------------------------------------------

--
-- Table structure for table `tb_doctor`
--

CREATE TABLE `tb_doctor` (
  `id` int(10) NOT NULL,
  `name` text,
  `email` text,
  `latitude` text,
  `longitude` text,
  `state` text,
  `city` text,
  `address` text,
  `pincode` text,
  `location` text,
  `otp` text,
  `user_type` text,
  `registration_number` text,
  `uploads_name` text,
  `profile_image` text,
  `clinic_id` int(10) DEFAULT NULL,
  `d_hospital_id` int(10) DEFAULT NULL,
  `clinic_name` text,
  `specialisation` text,
  `contact_phone_no` text,
  `user_name` text,
  `password` text,
  `original_password` text,
  `remember_token` text,
  `status` int(5) DEFAULT NULL,
  `reject_reason` text,
  `created_at` timestamp NULL DEFAULT CURRENT_TIMESTAMP,
  `updated_at` timestamp NULL DEFAULT CURRENT_TIMESTAMP ON UPDATE CURRENT_TIMESTAMP
) ENGINE=InnoDB DEFAULT CHARSET=latin1;

--
-- Dumping data for table `tb_doctor`
--

INSERT INTO `tb_doctor` (`id`, `name`, `email`, `latitude`, `longitude`, `state`, `city`, `address`, `pincode`, `location`, `otp`, `user_type`, `registration_number`, `uploads_name`, `profile_image`, `clinic_id`, `d_hospital_id`, `clinic_name`, `specialisation`, `contact_phone_no`, `user_name`, `password`, `original_password`, `remember_token`, `status`, `reject_reason`, `created_at`, `updated_at`) VALUES
(1, 'Reji Joseph', 'reji@gmail.com', '8.5096484', '76.9167689', NULL, NULL, NULL, '695029', 'Anayara, Thiruvananthapuram, Kerala, India', NULL, 'other_hospital', '784578', NULL, '65964.jpg', 2086, 87, 'KIMS Hospital', 'Critical Care Medicine', '9999874511', 'Reji Joseph', '29a07f60b82435e124ac75ab0772df2b', 'Reji@123', NULL, 1, NULL, '2023-06-09 23:40:57', '2023-06-09 23:40:57'),
(2, 'Anuraj', 'anuraj@gmail.com', '8.5096484', '76.9167689', NULL, NULL, NULL, '695029', 'Anayara, Thiruvananthapuram, Kerala, India', NULL, 'other_hospital', '55541', NULL, '83557.jpg', 2086, 87, 'KIMS Hospital', 'Family Medicine', '9996587458', 'Anuraj', '2071ceb3272d719e9cd8bcde2f02e3fd', 'Anuraj@123', NULL, 1, NULL, '2023-06-09 23:48:56', '2023-06-09 23:48:56'),
(3, 'Merina Francis', 'merinafrancis@gmail.com', '8.518707', '76.9421468', NULL, NULL, NULL, '695004', 'Pattom, Thiruvananthapuram, Kerala, India', NULL, 'other_hospital', '444512', NULL, '53434.jpg', 2087, 87, 'SUT Hospital', 'Internal Medicine', '7301245122', 'Merina Francis', '1d66dc9242765c385fa8b9020ec861f3', 'Merina@123', NULL, 1, NULL, '2023-06-09 23:51:24', '2023-06-09 23:51:24'),
(4, 'Deepika', 'deepika@gmail.com', '8.518707', '76.9421468', NULL, NULL, NULL, '695004', 'Pattom, Thiruvananthapuram, Kerala, India', NULL, 'other_hospital', '669855', NULL, '72966.jpg', 2087, 87, 'SUT Hospital', 'Cardiology', '9514782365', 'Deepika', 'e9ebb0d2ce65b2041563e7a331cf113c', 'Deepika@123', NULL, 1, NULL, '2023-06-09 23:53:26', '2023-06-09 23:53:26'),
(5, 'Rohan', 'rohan@gmail.com', '8.5231314', '76.9374899', NULL, NULL, NULL, '695011', 'Chalakkuzhi, Thiruvananthapuram, Kerala, India', NULL, 'other_hospital', '777111', NULL, '92280.jpg', 2088, 87, 'SAT Hospital', 'Medical Genetics', '9784578455', 'Rohan', 'e4d9b646b046fbe1dbcde2eb9949b60e', 'Rohan@123', NULL, 1, NULL, '2023-06-09 23:56:46', '2023-06-09 23:56:46'),
(6, 'Ratheesh', 'ratheesh@gmail.com', '8.5231314', '76.9374899', NULL, NULL, NULL, '695011', 'Chalakkuzhi, Thiruvananthapuram, Kerala, India', NULL, 'other_hospital', '556235', NULL, '89955.jpg', 2088, 87, 'SAT Hospital', 'Obstetrics/Gynecology', '9755855222', 'Ratheesh', '1b0e9789f0a2e5ae6d3919c6a76102f4', 'Ratheesh@123', NULL, 1, NULL, '2023-06-10 00:11:08', '2023-06-10 00:11:08'),
(7, 'John', 'john@gmail.com', '8.4841724', '76.9434109', NULL, NULL, NULL, '695023', 'Thiruvananthapuram Fort Post Office, Vadakkenada, Fort, East Fort, Pazhavangadi, Thiruvananthapuram, Kerala, India', NULL, 'other_hospital', '554123', NULL, '99414.jpg', 2091, 87, 'SP Fort Hospital', 'Respirology', '9787455896', 'John', '6d40e095b7f43848dc76ec017592da29', 'John@123', NULL, 1, NULL, '2023-06-10 00:14:21', '2023-06-10 00:14:21'),
(8, 'Sdsd', 'Hghg@hhh.com', '22.3193039', '114.1693611', '4028', '133502', NULL, '738284', NULL, '3128', '8', 'Jhsbhb', '17894.jpg', '82983.jpg', 2089, 0, 'AMRITA', 'Orthopedics', '2323224244', 'Asff', 'f925916e2754e5e03f75dd58a5733251', 'Test@123', NULL, 1, '', '2023-06-10 00:16:02', '2024-08-20 17:58:50'),
(9, 'Krithika', 'krithika@gmail.com', '8.4841724', '76.9434109', NULL, NULL, NULL, '695023', 'Thiruvananthapuram Fort Post Office, Vadakkenada, Fort, East Fort, Pazhavangadi, Thiruvananthapuram, Kerala, India', NULL, 'other_hospital', '585698', NULL, '68297.jpg', 2091, 87, 'SP Fort Hospital', 'Medical Genetics', '9447856985', 'Krithika', '83e5a4d623971f33108f2e7c901e38fd', 'Krithika@123', NULL, 1, NULL, '2023-06-10 00:17:07', '2023-06-10 00:17:07'),
(10, 'Shankar Narayanan', 'shankar@gmail.com', '8.5096484', '76.9167689', NULL, NULL, NULL, '695029', 'Anayara, Thiruvananthapuram, Kerala, India', NULL, 'other_hospital', '669856', NULL, '16611.jpg', 2092, 87, 'Lords Hospital', 'Urology', '9788855965', 'Shankar Narayanan', '15f1298c2edcab4797ee3a9364281473', 'Shankar@123', NULL, 1, NULL, '2023-06-10 00:21:58', '2023-06-10 00:21:58'),
(11, 'Swasika', 'swasika@gmail.com', '8.5096484', '76.9167689', NULL, NULL, NULL, '695029', 'Anayara, Thiruvananthapuram, Kerala, India', NULL, 'other_hospital', '558221', NULL, '52066.jpg', 2092, 87, 'Lords Hospital', 'Family Medicine', '7301245455', 'Swasika', '183dc21f6966561d45b4cc9f93ef0913', 'Swasika@123', NULL, 1, NULL, '2023-06-10 00:24:01', '2023-06-12 09:59:12'),
(12, 'Aravind Krishnan', 'aravind11@yopmail.com', '8.5241391', '76.9366376', NULL, NULL, NULL, '691222', 'Thiruvananthapuram, Kerala, India', NULL, 'other_hospital', '233232', NULL, '86322.jpeg', NULL, NULL, 'SSR Medical Care', 'Dermatology', '2313123133', 'aravind', 'f925916e2754e5e03f75dd58a5733251', 'Test@123', NULL, 1, NULL, '2023-06-13 04:21:10', '2023-06-13 04:21:10'),
(13, 'Kabeer S', 'kabeer@yopmail.com', '8.5096484', '76.9167689', NULL, NULL, NULL, '691222', 'Anayara, Thiruvananthapuram, Kerala, India', NULL, 'other_hospital', '56636373', NULL, '75253.jpeg', 2195, 87, 'SK Medical Care', 'Orthopedics', '1656762378', 'kabeer', 'f925916e2754e5e03f75dd58a5733251', 'Test@123', NULL, 1, NULL, '2023-06-13 19:05:32', '2023-06-13 19:05:32'),
(14, 'Sweta Menon', 'swetamenon@gmail.com', '8.5096484', '76.9167689', NULL, NULL, NULL, '695029', 'Anayara, Thiruvananthapuram, Kerala, India', NULL, 'other_hospital', '234234', NULL, '27293.jpg', 2092, 87, 'Lords Hospital', 'Critical Care Medicine', '9444564566', 'Sweta Menon', '24f37835efe68b3621ea0b2580f6cb03', 'Sweta@123', NULL, 1, NULL, '2023-06-15 19:56:56', '2023-06-15 19:56:56'),
(15, 'Shikha', 'Shikha@gmail.com', '8.5096484', '76.9167689', '4022', '132783', NULL, '695013', NULL, '6523', '8', '9005501112', '21901.jpg', '26370.jpg', 2195, 87, 'SK Medical Care', 'Orthopedics', '9005501112', 'Cheeku', '7314346939c90733830ac1b702074454', 'Shikha@24', NULL, 2, 'no reason just reject', '2023-06-19 22:24:53', '2023-06-19 22:33:42'),
(16, 'Shikhaa', 'Shikhasingh.sics@gmail.com', '8.5096484', '76.9167689', '4037', '133767', NULL, '916058', NULL, '3530', '8', '9005501110', '83717.jpg', '37619.jpg', 2195, 87, 'SK Medical Care', 'Orthopedics', '9005501119', 'Cheekuu', '7314346939c90733830ac1b702074454', 'Shikha@24', NULL, 1, '', '2023-06-19 22:32:09', '2023-06-19 22:33:15'),
(18, 'Chikhu', 'chikhu@yopmail.com', '8.5096484', '76.9167689', NULL, NULL, NULL, '695029', 'Anayara, Thiruvananthapuram, Kerala, India', NULL, 'other_hospital', '123456', NULL, '68871.jpg', 2092, 87, 'Lords Hospital', 'Internal Medicine', '9992345678', 'Chikhu', 'a464db4f77bb21f32fb3ab77376815f6', 'Chikhu@123', NULL, 1, NULL, '2023-06-21 01:29:36', '2023-06-21 01:29:36'),
(19, 'Amina SH', 'amina@yopamil.com', '8.5096484', '76.9167689', NULL, NULL, NULL, '691222', 'Anayara, Thiruvananthapuram, Kerala, India', NULL, 'other_hospital', '512616212', NULL, '58159.png', 2092, 87, 'Lords Hospital', 'Orthopedics', '5625215642', 'amina', 'f925916e2754e5e03f75dd58a5733251', 'Test@123', NULL, 1, NULL, '2023-06-21 03:28:44', '2023-06-21 03:28:44'),
(20, 'Sagar Surya', 'sag@yopmail.com', '8.8932118', '76.6141396', NULL, NULL, NULL, '691222', 'Kollam, Kerala, India', NULL, 'other_hospital', '342434234', NULL, '25789.jpeg', 2269, 87, 'City Hospital', 'Internal Medicine', '8342342342', 'sagar123', 'f925916e2754e5e03f75dd58a5733251', 'Test@123', NULL, 1, NULL, '2023-06-21 16:52:05', '2023-06-21 16:52:05'),
(21, 'Lallu Chandran', 'lallu@gmail.com', '8.8932118', '76.6141396', NULL, NULL, NULL, '691222', 'Kollam, Kerala, India', NULL, 'other_hospital', '767658733', NULL, '44024.jpeg', 2269, 87, 'City Hospital', 'Internal Medicine', '3432444324', 'lallu', 'f925916e2754e5e03f75dd58a5733251', 'Test@123', NULL, 1, NULL, '2023-06-21 17:15:18', '2023-06-21 17:15:18'),
(22, 'Harsh', 'harsh@yopmail.com', '8.8932118', '76.6141396', NULL, NULL, NULL, '691222', 'Kollam, Kerala, India', NULL, 'other_hospital', '3423423424', NULL, '14891.jpeg', 2269, 87, 'City Hospital', 'Dermatology', '3434324242', 'harsh', 'f925916e2754e5e03f75dd58a5733251', 'Test@123', NULL, 1, NULL, '2023-06-21 18:03:00', '2023-06-21 18:03:00'),
(25, 'Mithun 1', 'Mithun@mailinator.com', '26.8466937', '80.946165999999', NULL, NULL, NULL, '600021', 'Lucknow, Uttar Pradesh, India', NULL, 'other_hospital', '01234012', NULL, '79731.png', 2309, 87, 'Mithu', 'Orthopedics', '9005500000', 'Mithun1', '7314346939c90733830ac1b702074454', 'Shikha@24', NULL, 1, NULL, '2023-06-23 19:50:25', '2023-06-23 19:50:25'),
(26, 'Chinju S', 'chinju@gmail.com', '8.5241391', '76.9366376', NULL, NULL, NULL, '691222', 'Thiruvananthapuram, Kerala, India', NULL, 'other_hospital', '454546656', NULL, '54013.png', 2894, 87, 'Ayush Medi Center', 'Internal Medicine', '5456464454', 'chinju', 'f925916e2754e5e03f75dd58a5733251', 'Test@123', NULL, 1, NULL, '2023-08-08 23:06:14', '2023-08-08 23:06:14'),
(32, 'Raji', 'raji111@yopmail.com', '8.8932118', '76.6141396', NULL, NULL, NULL, '698547', 'Kollam, Kerala, India', NULL, 'other_hospital', '8965547', NULL, '71019.jpg', 3051, 87, 'XX Hospital', 'Anesthesiology', '9856647855', 'RajiS', 'f925916e2754e5e03f75dd58a5733251', 'Test@123', NULL, 1, NULL, '2023-08-24 19:48:05', '2023-08-24 19:48:05'),
(33, 'Neethu', 'neethu123@yopmail.com', '8.8932118', '76.6141396', NULL, NULL, NULL, '698547', 'Kollam, Kerala, India', NULL, 'other_hospital', '896547', NULL, '98862.jpg', 3054, 87, 'NM Hospital', 'Internal Medicine', '9632587413', 'Neethu', 'f925916e2754e5e03f75dd58a5733251', 'Test@123', NULL, 1, NULL, '2023-08-24 21:46:00', '2023-08-24 21:46:00'),
(34, 'Dineesh K', 'dineesh@gmail.com', '9.9816358', '76.2998842', NULL, NULL, NULL, '321113', 'Ernakulam, Kerala, India', NULL, 'other_hospital', '3434343', NULL, '99918.avif', 3673, 87, 'Lissy Hospital', 'Internal Medicine', '2342342444', 'dineesh', 'f925916e2754e5e03f75dd58a5733251', 'Test@123', NULL, 1, NULL, '2024-07-12 01:27:01', '2024-07-12 01:27:01'),
(35, 'Alex S', 'alex@medicity.com', '8.5699646', '76.8718117', NULL, NULL, NULL, '691333', 'Kazhakkoottam Police Station, Kazhakuttam, Kazhakkoottam, Kerala, India', NULL, 'other_hospital', '423424242', NULL, '91504.jpg', 3683, 87, 'Medicity Hospital', 'Orthopedics', '2323443234', 'alex_s', 'f925916e2754e5e03f75dd58a5733251', 'Test@123', NULL, 1, NULL, '2024-07-15 20:29:28', '2024-07-15 20:29:28'),
(36, 'Ameesha  patel', 'ameesha@gmail.com', '8.5699646', '76.8718117', '4028', '134154', NULL, '679494', NULL, '5329', '8', '62727363', '29608.jpg', '41280.jpg', 3683, 87, 'Medicity Hospital', 'Orthopedics', '4646346787', 'ameesha', 'f925916e2754e5e03f75dd58a5733251', 'Test@123', NULL, 1, '', '2024-07-15 21:40:31', '2024-08-20 17:58:47'),
(37, 'Aneeta S', 'aneeta123@yopmail.com', '8.5699646', '76.8718117', '4028', '134154', NULL, '691333', NULL, '4962', '8', '627272822', '60585.jpg', '33003.jpg', 3683, 87, 'Medicity Hospital', 'Internal Medicine', '9494949499', 'aneeta', 'f925916e2754e5e03f75dd58a5733251', 'Test@123', NULL, 1, '', '2024-07-15 21:42:30', '2024-07-15 21:43:49'),
(38, 'Simil Sagar S', 'simil123@yopmail.com', '8.5576075999999', '76.8731328', NULL, NULL, NULL, '691333', 'Kazhakuttom Railway Station Road, Pallinada, Thiruvananthapuram, Kazhakkoottam, Kerala, India', NULL, 'other_hospital', '23423442', NULL, '67622.jpg', 3684, 87, 'SRM Hospital', 'Internal Medicine', '2228978987', 'simil123', 'f925916e2754e5e03f75dd58a5733251', 'Test@123', NULL, 1, NULL, '2024-07-15 22:03:33', '2024-07-15 22:03:33'),
(39, 'Amera S', 'amera22@yopmail.com', '8.5699646', '76.8718117', '4028', '134154', NULL, '691333', NULL, '7989', '8', '5267273', '84918.jpg', '14075.jpg', 3683, 87, 'Medicity Hospital', 'Pediatrics', '6666434818', 'ameera', 'f925916e2754e5e03f75dd58a5733251', 'Test@123', NULL, 1, '', '2024-07-15 22:09:14', '2024-07-15 22:10:37'),
(40, 'Ajay S Kumar', 'ajay@gmail.com', '8.4846737', '76.9520634', NULL, NULL, NULL, '691333', 'Thiruvananthapuram railway station, Chalai Bazaar, Chalai, Thiruvananthapuram, Kerala, India', NULL, 'other_hospital', '23223', NULL, '45902.avif', 3686, 87, 'Ayur Care Med', 'Internal Medicine', '3333223232', 'ajay', 'f925916e2754e5e03f75dd58a5733251', 'Test@123', NULL, 1, NULL, '2024-07-18 19:54:50', '2024-07-18 19:54:50'),
(41, 'Nimisha S', 'nimisha@yopmail.com', '8.4846737', '76.9520634', '4028', '134154', NULL, '691333', NULL, '1268', '8', '2677282', '36834.jpg', '97232.jpg', 3686, 87, 'Ayur Care Med', 'Cardiology', '4564646464', 'nimisha', 'f925916e2754e5e03f75dd58a5733251', 'Test@123', NULL, 1, '', '2024-07-18 20:06:23', '2024-07-18 20:06:53'),
(42, 'df', 'ajeeshmnddddmd@gmail.com', '8.4846737', '76.9520634', NULL, NULL, NULL, '652145', 'Thane, Maharashtra, India', NULL, 'other_hospital', '147852', NULL, '63438.jpg', 3686, 87, 'Ayur Care Med', 'Orthopedics', '7736695330', 'ajeeshq', 'c74f4a1a76887b682dce7bf52f4588bb', 'asd@123DDd', NULL, 1, NULL, '2024-07-24 17:49:32', '2024-07-24 17:49:32'),
(43, 'Sanal PS', 'sanal@gmail.com', '8.4846737', '76.9520634', NULL, NULL, NULL, '691333', 'Thiruvananthapuram railway station, Chalai Bazaar, Chalai, Thiruvananthapuram, Kerala, India', NULL, 'other_hospital', 'W3443', NULL, '77369.jpeg', 3686, 87, 'Ayur Care Med', 'Internal Medicine', '1322212123', 'sanal', 'f925916e2754e5e03f75dd58a5733251', 'Test@123', NULL, 1, NULL, '2024-07-24 21:59:27', '2024-07-24 21:59:27'),
(44, 'Anusree S', 'anusree@gmail.com', '8.4846737', '76.9520634', NULL, NULL, NULL, '691333', 'Thiruvananthapuram railway station, Chalai Bazaar, Chalai, Thiruvananthapuram, Kerala, India', NULL, 'other_hospital', 'ae23443', NULL, '74812.jpeg', 3686, 87, 'Ayur Care Med', 'Dermatology', '2221230098', 'anusree', 'f925916e2754e5e03f75dd58a5733251', 'Test@123', NULL, 1, NULL, '2024-07-24 22:01:00', '2024-07-24 22:01:00'),
(45, 'sastha doc', 'ajeesh2.gopi@srishtis.com', '15.2993265', '74.123995999999', NULL, NULL, NULL, '652145', 'Goa, India', NULL, 'other_hospital', '147852', NULL, '99711.png', 3700, 87, 'sastha', 'Orthopedics', '7736695331', 'ajeesh2', 'de57a85d4bcd5ae96b507901065edb5b', 'Ajeesh2', NULL, 1, NULL, '2024-07-25 17:38:45', '2024-07-25 17:38:45'),
(47, 'Test1', 'test1@gmail.com', '15.2993265', '74.123995999999', '4028', '57647', NULL, '582456', NULL, '1010', '8', '567890', '95460.jpg', '84675.jpg', 3700, 87, 'sastha', 'Dermatology', '8525632589', 'test1', 'f925916e2754e5e03f75dd58a5733251', 'Test@123', NULL, 1, '', '2024-08-19 21:39:33', '2024-08-19 21:40:03'),
(48, 'Testdoc', 'Rn965606@gmail.com ', '15.2993265', '74.123995999999', '4028', '134154', NULL, '695588', NULL, '3025', '8', '1236547890', '59254.jpg', '68119.jpg', 3700, 87, 'sastha', 'ENT', '9656069627', 'Testdoc', '2fbceeff4fbaf71230b260af5dfb0851', '@Poppy456', NULL, 1, '', '2024-08-19 22:29:27', '2024-08-20 17:58:43'),
(49, 'Test23', 'testdoc1@gmail.com', '15.2993265', '74.123995999999', '4028', '134154', NULL, '695588', NULL, '3411', '8', '1234567890', '92175.jpg', '38407.jpg', 3700, 87, 'sastha', 'Internal Medicine', '9656069624', 'Test00', '2fbceeff4fbaf71230b260af5dfb0851', '@Poppy456', NULL, 1, '', '2024-08-19 22:36:59', '2024-08-20 17:58:40'),
(50, 'Testdoc', 'testdoc1@yopmail.com ', '15.2993265', '74.123995999999', '4028', '134154', NULL, '695588', NULL, '5663', '8', '1234567890', '83579.jpg', '48066.jpg', 3700, 87, 'sastha', 'ENT', '965609627', 'Yopp', '2fbceeff4fbaf71230b260af5dfb0851', '@Poppy456', NULL, 1, '', '2024-08-19 22:39:05', '2024-08-20 17:58:34'),
(51, 'Testdoc', 'tintu965606@gmail.com', '15.2993265', '74.123995999999', '4028', '134154', NULL, '695588', NULL, '1751', '8', '1234567890', '20266.jpg', '69154.jpg', 3700, 87, 'sastha', 'ENT', '9656069628', 'Test123', '2fbceeff4fbaf71230b260af5dfb0851', '@Poppy456', NULL, 0, '', '2024-08-20 18:34:34', '2024-08-20 18:34:34'),
(54, 'Meera', 'vimalakumari.sics@gmail.com ', '15.2993265', '74.123995999999', '4009', '57638', NULL, '656532', NULL, '2098', '8', '33444', '34333.jpg', '71985.jpg', 3700, 87, 'sastha', 'Dermatology', '9746968107', 'meera', 'f925916e2754e5e03f75dd58a5733251', 'Test@123', NULL, 1, '', '2024-08-27 23:20:37', '2024-08-27 23:22:48'),
(55, 'Ameli', 'ameli@gmail.com', '8.5576075999999', '76.8731328', '4028', '57637', NULL, '855566', NULL, '3239', '8', '526727267', '68081.jpg', '34268.jpg', 3684, 87, 'SRM Hospital', 'Orthopedics', '5675586666', 'ameli', 'f925916e2754e5e03f75dd58a5733251', 'Test@123', NULL, 1, '', '2024-08-30 05:11:20', '2024-08-30 05:11:31'),
(56, 'Surya', 'surya@gmail.com ', '15.2993265', '74.123995999999', '4023', '133482', NULL, '123369', NULL, '6166', '8', '4556574334465', '97108.jpg', '29418.jpg', 3700, 87, 'sastha', 'Nephrology', '9965432178', 'Surya', 'f925916e2754e5e03f75dd58a5733251', 'Test@123', NULL, 1, '', '2024-08-30 23:32:39', '2024-08-30 23:35:58'),
(57, 'Renald S', 'renald123@gmail.com', '15.2993265', '74.123995999999', NULL, NULL, NULL, '691333', 'Goa, India', NULL, 'other_hospital', '665HH68', NULL, '22691.jpg', 4362, 87, 'Ren Hospital', 'Internal Medicine', '5543334543', 'renald123', 'f925916e2754e5e03f75dd58a5733251', 'Test@123', NULL, 1, NULL, '2024-09-05 21:24:27', '2024-09-05 21:24:27'),
(58, 'Raji S', 'raji123@gmail.com', '15.2993265', '74.123995999999', NULL, NULL, NULL, '691333', 'Goa, India', NULL, 'other_hospital', '778HJK', NULL, '85071.jpg', 4362, 87, 'Ren Hospital', 'Dermatology', '5545454567', 'raji123', 'f925916e2754e5e03f75dd58a5733251', 'Test@123', NULL, 1, NULL, '2024-09-05 21:27:01', '2024-09-05 21:27:01'),
(59, 'Abin', 'abin@gmail.com', '8.5241391', '76.9366376', NULL, NULL, NULL, '652321', 'Thiruvananthapuram, Kerala, India', NULL, 'other_hospital', '456', NULL, '33657.pdf', 4984, 4913, 'HSP A', 'Geriatric Medicine', '2541598547', 'abin@gmail.com', 'f925916e2754e5e03f75dd58a5733251', 'Test@123', NULL, 1, NULL, '2024-09-20 22:28:50', '2024-09-20 22:28:50'),
(60, 'Charlie', 'Charlie@gmail.com', '8.5241391', '76.9366376', NULL, NULL, NULL, '695588', 'Thiruvananthapuram, Kerala, India', NULL, 'other_hospital', '9652014785', NULL, '26506.jpg', 4984, 5192, 'HSP A', 'ENT', '9652014785', 'Drcharlie', '2fbceeff4fbaf71230b260af5dfb0851', '@Poppy456', NULL, 1, NULL, '2024-09-23 18:57:39', '2024-09-23 18:57:39'),
(62, 'John', 'john123@gmail.com', '8.5241391', '76.9366376', NULL, NULL, NULL, '695582', 'Thiruvananthapuram, Kerala, India', NULL, 'other_hospital', '1234554321', NULL, '87402.jpeg', 4984, 5203, 'HSP A', 'Dermatology', '9898989898', 'DrJohn', '0d85be4be0c99735f71f1b6aec670083', 'John@!123', NULL, 1, NULL, '2024-09-24 17:01:39', '2024-09-24 17:01:39'),
(64, 'George', 'george@gmail.com', '8.5241391', '76.9366376', NULL, NULL, NULL, '123456', 'Thiruvananthapuram, Kerala, India', NULL, 'other_hospital', 'MED/123', NULL, '82507.png', 4984, 5630, 'HSP A', 'Neurology', '9999988888', 'Dr George', 'f28057ce40e92e1b053e080b95d07b2e', 'George@123', NULL, 1, NULL, '2024-09-25 18:29:15', '2024-09-25 18:29:15'),
(65, 'Abin', 'abindoc@gmail.com', '8.5241391', '76.9366376', NULL, NULL, NULL, '258456', 'Kerala, India', NULL, 'other_hospital', '45875', NULL, '39860.pdf', 11355, 11392, 'AB Hospital', 'Internal Medicine', '2589654785', 'abindoc@gmail.com', 'f925916e2754e5e03f75dd58a5733251', 'Test@123', NULL, 1, NULL, '2024-11-06 17:06:18', '2024-11-06 17:06:18'),
(66, 'Abinesh', 'abinesh@gmail.com', '8.5241391', '76.9366376', NULL, NULL, NULL, '547856', 'Thiruvananthapuram, Kerala, India', NULL, 'other_hospital', '541258', NULL, '65143.pdf', 11355, 11392, 'AB Hospital', 'ENT', '2541478569', 'abinesh', 'f925916e2754e5e03f75dd58a5733251', 'Test@123', NULL, 1, NULL, '2024-11-14 00:03:57', '2024-11-14 00:03:57');

-- --------------------------------------------------------

--
-- Table structure for table `tb_doctor_schedule`
--

CREATE TABLE `tb_doctor_schedule` (
  `id` int(10) NOT NULL,
  `doctor_id` int(10) DEFAULT NULL,
  `patient_aadhar` text,
  `schedule_date` text,
  `schedule_time` text,
  `scheduled_status` int(10) DEFAULT '0',
  `updated_at` timestamp NULL DEFAULT CURRENT_TIMESTAMP,
  `created_at` timestamp NULL DEFAULT CURRENT_TIMESTAMP
) ENGINE=InnoDB DEFAULT CHARSET=latin1;

--
-- Dumping data for table `tb_doctor_schedule`
--

INSERT INTO `tb_doctor_schedule` (`id`, `doctor_id`, `patient_aadhar`, `schedule_date`, `schedule_time`, `scheduled_status`, `updated_at`, `created_at`) VALUES
(1, 11, '731605545953', '12-06-2023', '12:50 PM', 1, '2023-06-19 14:04:25', '2023-06-13 19:33:24'),
(2, 13, '646494984466', '21-06-2023', '4:20 PM', 2, '2023-08-09 17:21:54', '2023-06-13 19:43:40'),
(3, 11, '985625362536', '19-06-2023', '10:15 AM', 1, '2023-06-16 18:33:51', '2023-06-16 18:33:51'),
(4, 12, '463494978499', '12-06-2023', '10:50 PM', 1, '2023-06-19 13:58:45', '2023-06-19 13:56:04'),
(5, 11, '731605545953', '12-06-2023', '12:50 PM', 1, '2023-06-19 14:04:25', '2023-06-19 14:01:00'),
(6, 21, '456461848499', '23-06-2023', '9:00 AM', 1, '2023-06-21 17:38:28', '2023-06-21 17:38:28'),
(7, 21, '496464848166', '23-06-2023', '3:00 PM', 1, '2023-06-21 18:11:47', '2023-06-21 18:11:47'),
(8, 27, '731605545953', '12-08-2023', '12:50 PM', 2, '2023-08-09 18:44:28', '2023-08-09 17:18:08'),
(9, 27, '731605545953', '17-08-2023', '4:00 PM', 1, '2023-08-09 19:23:26', '2023-08-09 19:23:26'),
(10, 40, '464664949161', '24-07-2024', '1:30 PM', 2, '2024-07-23 21:38:42', '2024-07-19 23:12:08'),
(11, 41, '464664949161', '31-07-2024', '12:00 PM', 2, '2024-07-23 21:45:55', '2024-07-23 21:42:01'),
(12, 37, '854556866880', '24-07-2024', '12:00 PM', 2, '2024-07-24 21:47:48', '2024-07-23 21:50:53'),
(13, 41, '984464477777', '26-07-2024', '1:00 PM', 2, '2024-07-23 22:59:26', '2024-07-23 22:58:16'),
(15, NULL, NULL, NULL, NULL, 1, '2024-07-24 03:39:36', '2024-07-24 03:38:29'),
(16, 40, '916190000706', '26-07-2024', '4:48 PM', 2, '2024-07-24 04:11:38', '2024-07-24 03:40:37'),
(17, 37, '916190000706', '26-07-2024', '12:00 PM', 2, '2024-07-24 20:42:00', '2024-07-24 20:41:13'),
(18, 40, '854556866880', '24-07-2024', '8:00 PM', 2, '2024-07-24 21:51:12', '2024-07-24 21:49:24'),
(19, 43, '546461618846', '24-07-2024', '12:50 PM', 2, '2024-07-24 22:18:56', '2024-07-24 22:16:33'),
(20, 66, '0', '13-11-2024', '5:45 PM', 2, '2024-11-14 00:47:10', '2024-11-14 00:32:45'),
(21, 65, '0', '13-11-2024', '5:52 PM', 2, '2024-11-14 00:55:28', '2024-11-14 00:51:01'),
(22, 66, '0', '13-11-2024', '5:58 PM', 1, '2024-11-14 00:57:27', '2024-11-14 00:57:27'),
(23, 66, '247170204807', '13-11-2024', '5:59 PM', 2, '2024-11-14 01:00:15', '2024-11-14 00:58:02');

-- --------------------------------------------------------

--
-- Table structure for table `tb_facilities`
--

CREATE TABLE `tb_facilities` (
  `id` int(11) NOT NULL,
  `facility_name` text,
  `created_at` timestamp NULL DEFAULT CURRENT_TIMESTAMP,
  `updated_at` timestamp NULL DEFAULT CURRENT_TIMESTAMP,
  `status` int(11) DEFAULT '0'
) ENGINE=InnoDB DEFAULT CHARSET=latin1;

--
-- Dumping data for table `tb_facilities`
--

INSERT INTO `tb_facilities` (`id`, `facility_name`, `created_at`, `updated_at`, `status`) VALUES
(2, 'CHC', '2024-10-09 19:34:44', '2024-10-09 19:34:44', 1);

-- --------------------------------------------------------

--
-- Table structure for table `tb_hospitals`
--

CREATE TABLE `tb_hospitals` (
  `id` int(10) NOT NULL,
  `name` text,
  `address` text,
  `state` text,
  `city` text,
  `type` text,
  `pincode` text,
  `longitude` text,
  `latitude` text,
  `location` text,
  `contact_person` text,
  `contact_number` text,
  `email` text,
  `password` text,
  `original_password` text,
  `updated_at` timestamp NULL DEFAULT NULL,
  `created_at` timestamp NULL DEFAULT NULL
) ENGINE=InnoDB DEFAULT CHARSET=latin1;

--
-- Dumping data for table `tb_hospitals`
--

INSERT INTO `tb_hospitals` (`id`, `name`, `address`, `state`, `city`, `type`, `pincode`, `longitude`, `latitude`, `location`, `contact_person`, `contact_number`, `email`, `password`, `original_password`, `updated_at`, `created_at`) VALUES
(1, 'SN Medicals', 'sn medicals', '4028', '628', 'PHC', '691222', '76.6141396', '8.8932118', 'Kollam, Kerala, India', 'Sanjana', '1211123454', 'sanjana@gmail.com', 'f925916e2754e5e03f75dd58a5733251', 'Test@123', '2023-05-19 03:45:25', '2023-05-19 03:45:25'),
(2, 'ESI Hospital', 'Kollam', '4028', '628', 'CHC', '691002', '76.590722', '8.8962934', 'Asramam, Kollam, Kerala, India', 'Vivek', '9999999999', 'vivek@gmail.com', 'f925916e2754e5e03f75dd58a5733251', 'Test@123', '2023-05-19 03:47:41', '2023-05-19 03:47:41'),
(3, 'NN Memorial Hospital', 'nn memorial', '4028', '628', 'CHC', '691222', '76.6141396', '8.8932118', 'Kollam, Kerala, India', 'Deena', '2379873897', 'nnmem@gmail.com', 'f925916e2754e5e03f75dd58a5733251', 'Test@123', '2023-05-19 17:34:05', '2023-05-19 17:34:05');

-- --------------------------------------------------------

--
-- Table structure for table `tb_labs`
--

CREATE TABLE `tb_labs` (
  `id` int(11) NOT NULL,
  `lab_admin_id` int(10) DEFAULT NULL,
  `d_hospital_id` int(10) DEFAULT NULL,
  `name` text,
  `contact_no` text,
  `otp` text,
  `email` text,
  `certification` text,
  `workinghours` text,
  `latitude` text,
  `longitude` text,
  `Username` text,
  `Password` text,
  `location` text,
  `clinic_id` int(10) DEFAULT NULL,
  `lab_image` text,
  `status` int(11) DEFAULT '0',
  `created_at` timestamp NULL DEFAULT CURRENT_TIMESTAMP,
  `updated_at` timestamp NULL DEFAULT CURRENT_TIMESTAMP
) ENGINE=InnoDB DEFAULT CHARSET=latin1;

--
-- Dumping data for table `tb_labs`
--

INSERT INTO `tb_labs` (`id`, `lab_admin_id`, `d_hospital_id`, `name`, `contact_no`, `otp`, `email`, `certification`, `workinghours`, `latitude`, `longitude`, `Username`, `Password`, `location`, `clinic_id`, `lab_image`, `status`, `created_at`, `updated_at`) VALUES
(7, 22555, 875, 'SK Lab', '1236547995', NULL, 'ajeesh2mnmd@gmail.com', 'ISO', '4-5', '8.5241391', '76.9366376', NULL, 'Ajeesh@123', 'Thiruvananthapuram, Kerala, India', 2195, 'test', 1, '2023-06-20 17:28:53', '2023-06-20 17:28:53'),
(8, 2275, 87, 'city labs', '6253476234', NULL, 'citylabs@gmail.com', 'ISO', '24*7', '8.8932118', '76.6141396', NULL, 'Test@123', 'Kollam, Kerala, India', 2269, 'test', 1, '2023-06-21 16:44:44', '2023-06-21 16:44:44'),
(12, 3037, 3036, 'Ajjesh', '1236547995', NULL, 'lab_a11jeeshmnmd@gmail.com', 'ISO', '4-5', '', '', NULL, 'Ajeesh@123', 'test', 3036, 'test', 1, '2023-08-23 18:59:19', '2023-08-23 18:59:19'),
(14, 3040, 2894, 'Ayush Lab', '9874565323', NULL, 'ayushlab@gmail.com', 'ISO', '12', '8.5241391', '76.9366376', NULL, 'Test@123', 'TVM', 2894, 'test', 1, '2023-08-24 00:10:15', '2023-08-24 00:10:15'),
(15, 3044, 3043, 'MM Labs', '9874565323', NULL, 'mmlabs@yopmail.com', 'ISO', '12', '8.5241391', '76.9366376', NULL, 'Test@123', 'TVM', 3043, 'test', 1, '2023-08-24 01:30:13', '2023-08-24 01:30:13'),
(16, 3047, 3046, 'NN Labs', '9877575775', NULL, 'nnlabs@mailinator.com', 'ISO', '24', '8.5241391', '76.9366376', NULL, 'Test@123', 'tvm', 3046, 'test', 1, '2023-08-24 14:17:37', '2023-08-24 14:17:37'),
(19, 3050, 2089, 'amirta_lab', '1236547995', NULL, 'amrita_lab@gmail.com', 'ISO', '4-5', '8.8932118', '76.6141396', NULL, 'Test@123', 'Kollam, Kerala, India', 2089, 'test', 1, '2023-08-24 17:58:29', '2023-08-24 17:58:29'),
(20, 3052, 3051, 'XX Lab', '9877575775', NULL, 'xxlabs@yopmail.com', 'ISO', '24', '8.8932118', '76.6141396', NULL, 'Test@123', 'kollam', 3051, 'test', 1, '2023-08-24 19:52:32', '2023-08-24 19:52:32'),
(21, 3056, 3054, 'NM Labs', '9877575775', NULL, 'nmlabs@yopmail.com', 'ISO', '24', '8.8932118', '76.6141396', NULL, 'Test@123', 'kollam', 3054, 'test', 1, '2023-08-24 21:44:06', '2023-08-24 21:44:06'),
(22, 3653, 3464, 'Test', '455236', NULL, 'lab@gmail.com', 'q', '8', 'ul', 'ul', NULL, 'Pass@123', 'xyz', 3464, 'test', 1, '2024-03-21 23:01:38', '2024-03-21 23:01:38'),
(23, 3674, 3673, 'Lissy Labs', '23232323', NULL, 'lissy_labs', 'Iso', '23', '9.9816358', '76.2998842', NULL, 'Test@123', 'Ernakulam, Kerala, India', 3673, 'test', 1, '2024-07-12 01:33:50', '2024-07-12 01:33:50'),
(24, 3701, 3700, 'sasthalab', '1236547995', NULL, 'ajeesh3.gopi@srishtis.com', 'ISO', '4-5', '', '', NULL, 'Ajeesh3', 'test', 3700, 'test', 1, '2024-07-25 17:39:35', '2024-07-25 17:39:35'),
(25, 3702, 3663, 'lab_new_sastha', '1236547995', NULL, 'sastha@gmail.com', 'ISO', '4-5', '15.2993265', '74.12399599999999', NULL, 'Sastha@1', 'test', 3663, 'test', 1, '2024-07-25 17:47:40', '2024-07-25 17:47:40'),
(26, 5037, 4984, 'HSP A Lab', '2145214521', NULL, 'hspalab@gmail.com', 'ISO', '08', '8.5241391', '76.9366376', NULL, 'Test@123', 'XXXX', 4984, 'test', 1, '2024-09-20 22:24:14', '2024-09-20 22:24:14'),
(27, 5240, 5238, 'Poppy Lab', '9656752014', NULL, 'poppylab@gmail.com', 'test', '9-9', 'ul', 'ul', NULL, 'Poppy@456', 'Kazhakoottam po trivandrum', 5238, 'test', 1, '2024-09-23 21:55:35', '2024-09-23 21:55:35'),
(31, 5685, NULL, 'Health Care Group Lab', '9988776655', NULL, 'hcgl@gmail.com', 'IMA Accredited', '12', '8.5241391', '76.9366376', NULL, 'Hcglab@123', 'Thiruvananthapuram, Kerala, India', NULL, 'test', 1, '2024-09-25 21:33:37', '2024-09-25 21:33:37'),
(32, 11364, 11363, 'SRK_lab', '8075394065', NULL, 'ajeeshmnmd_lab@gmail.com', 'ISO', '7 - 7', '8.5241391', '76.9366376', NULL, 'Ajeesh@123', 'Thiruvananthapuram, Kerala, India', 11363, 'test', 1, '2024-10-23 18:43:21', '2024-10-23 18:43:21'),
(33, 11393, 11355, 'AB LAB', '2547854412', '6684', 'ablab@gmail.com', 'XXX', '10 AM - 10 PM', '8.5241391', '76.9366376', NULL, 'Test@123', 'kerala', 11355, 'test', 1, '2024-11-06 17:08:15', '2024-11-08 23:55:21');

-- --------------------------------------------------------

--
-- Table structure for table `tb_lab_direct_patient`
--

CREATE TABLE `tb_lab_direct_patient` (
  `id` int(11) NOT NULL,
  `lab_id` int(10) DEFAULT NULL,
  `first_name` text,
  `last_name` text,
  `date_of_birth` text,
  `gender` text,
  `blood_group` text,
  `contact_number` text,
  `Aadhar_number` text,
  `Address` text,
  `District` text,
  `doctor_name` text,
  `clinic_name` text,
  `created_at` timestamp NULL DEFAULT CURRENT_TIMESTAMP,
  `updated_at` timestamp NULL DEFAULT CURRENT_TIMESTAMP,
  `status` int(11) DEFAULT '1'
) ENGINE=InnoDB DEFAULT CHARSET=latin1;

--
-- Dumping data for table `tb_lab_direct_patient`
--

INSERT INTO `tb_lab_direct_patient` (`id`, `lab_id`, `first_name`, `last_name`, `date_of_birth`, `gender`, `blood_group`, `contact_number`, `Aadhar_number`, `Address`, `District`, `doctor_name`, `clinic_name`, `created_at`, `updated_at`, `status`) VALUES
(1, 32, 'ajeesh', 'g s', '2024-11-02', 'Male', '0', '12345', NULL, NULL, NULL, 'tt', 'hh', '2024-11-12 18:05:26', '2024-11-12 18:05:26', 1),
(2, 32, 'ff', 'sdfsdf', '2024-11-09', 'Female', 'f', '2e', 'w34234', 'dfgdsg', 'yyy', 'fgdfg', 'mhjhj', '2024-11-12 18:09:24', '2024-11-12 18:09:24', 1),
(3, 32, 'biju', 'vsdf', '2024-11-12', 'Female', 'sdf', '4545', '34234234234', 'sdfsdfsdf', 'ggg', 'sdf', 'mhjhj', '2024-11-12 18:13:19', '2024-11-12 18:13:19', 1),
(4, 32, 'jim', 'g', '2024-10-31', 'Female', 'g', '33', '55', 'gty', 'tn', 'rft', 'tg', '2024-11-12 18:44:06', '2024-11-12 18:44:06', 1),
(5, 32, 'jim', 'g', '2024-10-31', 'Female', 'g', '33', '55', 'gty', 'tn', 'rft', 'tg', '2024-11-12 18:45:11', '2024-11-12 18:45:11', 1),
(6, 32, 'rtrr', 'sdfsdf', '2024-11-13', 'Male', 'zdc', 'eqweqwe', 'qweqweqweqwe', 'weqwe', NULL, 'zsd', 'asdasd', '2024-11-13 02:40:29', '2024-11-13 02:40:29', 1);

-- --------------------------------------------------------

--
-- Table structure for table `tb_lab_patient_schedule`
--

CREATE TABLE `tb_lab_patient_schedule` (
  `id` int(10) NOT NULL,
  `patient_id` int(10) DEFAULT NULL,
  `patient_aadhar` text,
  `test_request_id` int(10) DEFAULT NULL,
  `schedule_time` text,
  `schedule_date` text,
  `scheduled_status` int(10) DEFAULT '0',
  `updated_at` timestamp NULL DEFAULT CURRENT_TIMESTAMP,
  `created_at` timestamp NULL DEFAULT CURRENT_TIMESTAMP
) ENGINE=InnoDB DEFAULT CHARSET=latin1;

--
-- Dumping data for table `tb_lab_patient_schedule`
--

INSERT INTO `tb_lab_patient_schedule` (`id`, `patient_id`, `patient_aadhar`, `test_request_id`, `schedule_time`, `schedule_date`, `scheduled_status`, `updated_at`, `created_at`) VALUES
(1, 3, '731605545953', NULL, '13:26', '2023-06-15', 1, '2023-06-13 19:27:20', '2023-06-13 19:27:20'),
(2, 3, '731605545953', 1, '12:29', '2023-06-15', 1, '2023-06-13 19:29:27', '2023-06-13 19:29:27'),
(3, 4, '731605545953', 2, '12:36', '2023-06-22', 1, '2023-06-13 19:35:18', '2023-06-13 19:35:18'),
(4, 4, '731605545953', 2, '12:36', '2023-06-22', 1, '2023-06-13 19:35:19', '2023-06-13 19:35:19'),
(5, 5, '646494984466', 3, '09:54', '2023-06-15', 1, '2023-06-15 16:54:35', '2023-06-15 16:54:35'),
(6, 7, '985625362536', 4, '10:00', '2023-06-17', 1, '2023-06-16 18:24:09', '2023-06-16 18:24:09'),
(7, 5, '646494984466', 7, '10:00', '2023-06-20', 1, '2023-06-19 14:08:41', '2023-06-19 14:08:41'),
(8, 13, '496464848166', 8, '10:04', '2023-06-28', 1, '2023-06-21 17:05:01', '2023-06-21 17:05:01'),
(9, 13, '496464848166', 9, '10:05', '2023-06-29', 1, '2023-06-21 17:05:25', '2023-06-21 17:05:25'),
(10, 14, '456461848499', 11, '10:38', '2023-06-22', 1, '2023-06-21 17:38:16', '2023-06-21 17:38:16'),
(11, 14, '456461848499', 10, '10:39', '2023-06-22', 1, '2023-06-21 17:39:30', '2023-06-21 17:39:30'),
(12, 17, '434364848434', 13, '11:41', '2023-06-22', 1, '2023-06-21 18:41:08', '2023-06-21 18:41:08'),
(13, 17, '434364848434', 12, '00:41', '2023-06-22', 1, '2023-06-21 18:41:26', '2023-06-21 18:41:26'),
(14, 6, '646494984466', 14, '09:52', '2023-08-10', 1, '2023-08-09 16:52:49', '2023-08-09 16:52:49'),
(15, 18, '731605545953', 16, '11:24', '2023-08-09', 1, '2023-08-09 17:24:49', '2023-08-09 17:24:49'),
(16, 46, '582542536525', 19, '16:02', '2024-08-20', 1, '2024-08-19 22:00:35', '2024-08-19 22:00:35'),
(17, 46, '582542536525', 18, '17:01', '2024-08-22', 1, '2024-08-19 22:00:49', '2024-08-19 22:00:49'),
(18, 49, '852369852333', 26, NULL, '2024-08-29', 1, '2024-08-29 19:10:13', '2024-08-29 19:10:13'),
(19, 49, '852369852333', 26, NULL, '2024-08-29', 1, '2024-08-29 19:10:14', '2024-08-29 19:10:14'),
(20, 49, '852369852333', 25, '14:03', '2024-08-30', 1, '2024-08-29 19:14:35', '2024-08-29 19:14:35'),
(21, 49, '852369852333', 25, '14:03', '2024-08-30', 1, '2024-08-29 19:14:41', '2024-08-29 19:14:41'),
(22, 49, '852369852333', 24, '16:30', '2024-08-30', 1, '2024-08-29 19:15:08', '2024-08-29 19:15:08'),
(23, 56, '546618151351', 35, '11:19', '2024-09-05', 1, '2024-09-05 21:46:03', '2024-09-05 21:46:03'),
(24, 56, '546618151351', 35, '11:19', '2024-09-05', 1, '2024-09-05 21:46:04', '2024-09-05 21:46:04'),
(25, 56, '546618151351', 34, '00:16', '2024-09-05', 1, '2024-09-05 21:46:27', '2024-09-05 21:46:27'),
(26, 57, '846646484643', 37, '11:42', '2024-09-05', 1, '2024-09-05 22:11:11', '2024-09-05 22:11:11'),
(27, 57, '846646484643', 36, '11:42', '2024-09-05', 1, '2024-09-05 22:14:26', '2024-09-05 22:14:26'),
(28, 59, '848917910318', 39, '12:00', '2024-09-21', 1, '2024-09-21 16:57:00', '2024-09-21 16:57:00'),
(29, 59, '848917910318', 41, '12:13', '2024-09-21', 1, '2024-09-21 18:13:16', '2024-09-21 18:13:16'),
(30, 59, '848917910318', 43, '15:33', '2024-09-23', 1, '2024-09-23 17:28:24', '2024-09-23 17:28:24'),
(31, 61, '209470519541', 45, '15:00', '2024-09-23', 1, '2024-09-23 19:28:44', '2024-09-23 19:28:44'),
(32, 61, '209470519541', 45, '15:00', '2024-09-23', 1, '2024-09-23 19:28:45', '2024-09-23 19:28:45'),
(33, 61, '209470519541', 44, '16:00', '2024-09-23', 1, '2024-09-23 19:29:02', '2024-09-23 19:29:02'),
(34, 61, '209470519541', 44, '16:00', '2024-09-23', 1, '2024-09-23 19:29:02', '2024-09-23 19:29:02'),
(35, 62, '334056742001', 46, '11:22', '2024-09-25', 1, '2024-09-24 17:22:45', '2024-09-24 17:22:45'),
(36, 62, '334056742001', 47, '11:22', '2024-09-25', 1, '2024-09-24 17:22:57', '2024-09-24 17:22:57'),
(37, 53, '896532147111', 33, '20:33', '2024-09-26', 1, '2024-09-26 01:31:59', '2024-09-26 01:31:59'),
(38, 53, '896532147111', 32, '23:32', '2024-09-30', 1, '2024-09-26 01:32:43', '2024-09-26 01:32:43'),
(39, 65, '333344445555', 48, '11:30', '2024-09-30', 1, '2024-09-27 18:34:10', '2024-09-27 18:34:10'),
(40, 65, '333344445555', 49, '11:30', '2024-09-30', 1, '2024-09-27 18:34:24', '2024-09-27 18:34:24'),
(41, 65, '333344445555', 50, '11:30', '2024-09-30', 1, '2024-09-27 18:38:19', '2024-09-27 18:38:19'),
(42, 65, '333344445555', 51, '11:30', '2024-09-30', 1, '2024-09-27 18:38:38', '2024-09-27 18:38:38'),
(43, 48, '537364360524', 23, NULL, '2024-10-04', 1, '2024-10-04 17:48:01', '2024-10-04 17:48:01'),
(44, 48, '537364360524', 22, '05:07', '2024-10-04', 1, '2024-10-04 19:07:42', '2024-10-04 19:07:42'),
(45, 48, '537364360524', 21, NULL, NULL, 1, '2024-10-05 22:30:28', '2024-10-05 22:30:28'),
(46, 5, '55', 63, '11:51', '2024-11-12', 1, '2024-11-12 18:51:29', '2024-11-12 18:51:29'),
(47, 6, 'qweqweqweqwe', 65, '19:41', '2024-11-12', 1, '2024-11-13 02:41:35', '2024-11-13 02:41:35'),
(48, 6, NULL, 8, '10:00 AM', '12/12/2024', 1, '2024-11-15 17:20:17', '2024-11-15 17:20:17'),
(49, 6, NULL, 8, '10:00 AM', '12/12/2024', 1, '2024-11-15 17:23:20', '2024-11-15 17:23:20'),
(50, 6, NULL, 8, '10:00 AM', '12/12/2024', 1, '2024-11-15 17:24:06', '2024-11-15 17:24:06');

-- --------------------------------------------------------

--
-- Table structure for table `tb_lab_reports`
--

CREATE TABLE `tb_lab_reports` (
  `id` int(11) NOT NULL,
  `refer_id` int(10) DEFAULT NULL,
  `consult_id` int(10) DEFAULT NULL,
  `upload_name` text,
  `patient_aadhar` text,
  `patient_contact_number` text,
  `doctor_id` int(10) DEFAULT NULL,
  `lab_id` int(10) DEFAULT NULL,
  `lab_test_id` int(10) DEFAULT NULL,
  `test_result_name` text,
  `created_at` timestamp NULL DEFAULT CURRENT_TIMESTAMP,
  `updated_at` timestamp NULL DEFAULT CURRENT_TIMESTAMP
) ENGINE=InnoDB DEFAULT CHARSET=latin1;

--
-- Dumping data for table `tb_lab_reports`
--

INSERT INTO `tb_lab_reports` (`id`, `refer_id`, `consult_id`, `upload_name`, `patient_aadhar`, `patient_contact_number`, `doctor_id`, `lab_id`, `lab_test_id`, `test_result_name`, `created_at`, `updated_at`) VALUES
(1, 1, 19, '46142.pdf', '731605545953', NULL, 13, 5, 2, 'Thyroid Profile', '2023-06-13 19:30:00', '2023-06-13 19:30:00'),
(2, 2, 21, '29448.pdf', '731605545953', '7736695330', 11, 5, 2, 'Thyroid Profile', '2023-06-13 19:35:36', '2023-06-13 19:35:36'),
(3, 3, 23, '15579.pdf', '646494984466', '7736695330', 11, 5, 2, 'Thyroid Profile', '2023-06-15 16:55:47', '2023-06-15 16:55:47'),
(4, 4, 28, '72082.pdf', '985625362536', '9447414191', 14, 5, 2, 'Thyroid Profile', '2023-06-16 18:30:05', '2023-06-16 18:30:05'),
(5, 7, 23, '28234.pdf', '646494984466', '7736695330', 11, 5, 2, 'Thyroid Profile', '2023-06-19 14:09:31', '2023-06-19 14:09:31'),
(6, 9, 45, '97244.pdf', '496464848166', '4646348184', 20, 8, 4, 'Vitamin D Test', '2023-06-21 17:05:53', '2023-06-21 17:05:53'),
(7, 8, 45, '46534.pdf', '496464848166', '4646348184', 20, 8, 2, 'Thyroid Profile', '2023-06-21 17:06:12', '2023-06-21 17:06:12'),
(8, 11, 50, '40010.pdf', '456461848499', '7736695330', 20, 8, 5, 'Fever Profile', '2023-06-21 17:39:56', '2023-06-21 17:39:56'),
(9, 10, 50, '22042.pdf', '456461848499', '7736695330', 20, 8, 2, 'Thyroid Profile', '2023-06-21 17:40:24', '2023-06-21 17:40:24'),
(10, 13, 56, '35002.pdf', '434364848434', '8178018478', 21, 8, 4, 'Vitamin D Test', '2023-06-21 18:42:02', '2023-06-21 18:42:02'),
(11, 12, 56, '93817.pdf', '434364848434', '8178018478', 21, 8, 2, 'Thyroid Profile', '2023-06-21 18:42:28', '2023-06-21 18:42:28'),
(12, 14, 67, '61479.pdf', '646494984466', '7736695330', 13, 11, 2, 'Thyroid Profile', '2023-08-09 16:53:12', '2023-08-09 16:53:12'),
(13, 16, 71, '66818.pdf', '731605545953', '4949676787', 26, 11, 4, 'Vitamin D Test', '2023-08-09 17:25:54', '2023-08-09 17:25:54'),
(14, 19, 144, '62651.pdf', '582542536525', '5522446632', 47, 25, 4, 'Vitamin D Test', '2024-08-19 22:01:31', '2024-08-19 22:01:31'),
(15, 18, 144, '73748.pdf', '582542536525', '5522446632', 47, 25, 1, 'Covid Antibody IGG', '2024-08-19 22:02:00', '2024-08-19 22:02:00'),
(17, 34, 169, '17663.pdf', '546618151351', '5461381046', 57, 25, 1, 'Covid Antibody IGG', '2024-09-05 21:47:48', '2024-09-05 21:47:48'),
(18, 35, 169, '76531.pdf', '546618151351', '5461381046', 57, 25, 5, 'Fever Profile', '2024-09-05 21:49:41', '2024-09-05 21:49:41'),
(19, 37, 171, '16263.pdf', '846646484643', '2134648646', 57, 25, 5, 'Fever Profile', '2024-09-05 22:16:45', '2024-09-05 22:16:45'),
(20, 36, 171, '95018.pdf', '846646484643', '2134648646', 57, 25, 1, 'Covid Antibody IGG', '2024-09-05 22:17:31', '2024-09-05 22:17:31'),
(21, 39, 184, NULL, '848917910318', NULL, 59, 26, 4, 'Vitamin D Test', '2024-09-21 17:02:39', '2024-09-21 17:02:39'),
(22, 43, 189, NULL, '848917910318', NULL, 59, 26, 5, 'Fever Profile', '2024-09-23 17:29:22', '2024-09-23 17:29:22'),
(23, 45, 192, NULL, '209470519541', '9658085236', 60, 26, 5, 'Fever Profile', '2024-09-23 19:29:38', '2024-09-23 19:29:38'),
(25, 47, 196, NULL, '334056742001', NULL, 62, 26, 8, 'Blood Test', '2024-09-24 17:23:26', '2024-09-24 17:23:26'),
(26, 46, 196, '88085.jpeg', '334056742001', NULL, 62, 26, 1, 'Covid Antibody IGG', '2024-09-24 17:23:42', '2024-09-24 17:23:42'),
(29, 48, 204, '85636.jpeg', '333344445555', '9999900000', 64, 26, 5, 'Fever Profile', '2024-09-27 18:39:18', '2024-09-27 18:39:18'),
(30, 49, 204, '51657.pdf', '333344445555', '9999900000', 64, 26, 4, 'Vitamin D Test', '2024-09-27 18:39:40', '2024-09-27 18:39:40'),
(31, 32, 159, NULL, '896532147111', '8523697413', 56, 25, 1, 'Covid Antibody IGG', '2024-10-03 18:34:22', '2024-10-03 18:34:22'),
(32, 33, 159, '63901.pdf', '896532147111', '8523697413', 56, 25, 4, 'Vitamin D Test', '2024-10-05 22:47:32', '2024-10-05 22:47:32'),
(33, 22, 149, NULL, '537364360524', '9656069627', 48, 25, 3, 'Fasting Insulin', '2024-10-06 00:34:26', '2024-10-06 00:34:26'),
(34, 21, 148, '93221.docx', '537364360524', '9656069627', 48, 25, 8, 'Blood Test', '2024-10-07 17:39:09', '2024-10-07 17:39:09');

-- --------------------------------------------------------

--
-- Table structure for table `tb_lab_tests`
--

CREATE TABLE `tb_lab_tests` (
  `id` int(11) NOT NULL,
  `name` text,
  `lab_id` int(11) DEFAULT NULL,
  `status` int(11) DEFAULT NULL,
  `instruments_image` text,
  `created_at` timestamp NULL DEFAULT CURRENT_TIMESTAMP,
  `updated_at` timestamp NULL DEFAULT CURRENT_TIMESTAMP
) ENGINE=InnoDB DEFAULT CHARSET=latin1;

--
-- Dumping data for table `tb_lab_tests`
--

INSERT INTO `tb_lab_tests` (`id`, `name`, `lab_id`, `status`, `instruments_image`, `created_at`, `updated_at`) VALUES
(1, 'Covid Antibody IGG', NULL, 1, NULL, '2023-05-19 03:37:22', '2023-05-19 03:37:22'),
(2, 'Thyroid Profile', NULL, 1, NULL, '2023-05-19 03:37:44', '2023-05-19 03:37:44'),
(3, 'Fasting Insulin', NULL, 1, NULL, '2023-05-19 03:38:01', '2023-05-19 03:38:01'),
(4, 'Vitamin D Test', NULL, 1, NULL, '2023-05-19 03:38:21', '2023-05-19 03:38:21'),
(5, 'Fever Profile', NULL, 1, NULL, '2023-05-19 03:38:33', '2023-05-19 03:38:33'),
(6, 'PCOD Profile', NULL, 1, NULL, '2023-05-19 03:38:43', '2023-05-19 03:38:43'),
(7, 'Urine Test', NULL, 1, NULL, '2023-05-19 03:38:52', '2023-05-19 03:38:52'),
(8, 'Blood Test', NULL, 1, NULL, '2023-05-19 03:39:02', '2023-05-19 03:39:02'),
(9, 'Magnetic Resonance Imaging (MRI)', NULL, 1, NULL, '2023-05-19 03:39:29', '2023-05-19 03:39:29'),
(10, 'Ultrasound', NULL, 1, NULL, '2023-05-19 03:39:42', '2023-05-19 03:39:42'),
(11, 'Mammography', NULL, 1, NULL, '2023-05-19 03:39:58', '2023-05-19 03:39:58'),
(12, 'Bone Density test', NULL, 1, NULL, '2023-05-19 03:40:10', '2023-05-19 03:40:10'),
(13, 'Biopsy', NULL, 1, NULL, '2023-05-19 03:40:23', '2023-05-19 03:40:23'),
(14, 'ECG', NULL, 1, NULL, '2023-05-19 03:40:33', '2023-05-19 03:40:33'),
(15, 'Echo', NULL, 1, NULL, '2023-05-19 03:40:44', '2023-05-19 03:40:44'),
(16, 'Computed Tomography (CT Scan)', NULL, 1, NULL, '2023-05-19 03:41:55', '2023-05-19 03:41:55'),
(17, 'Diabetes HbA1c Test', NULL, 1, NULL, '2023-05-19 03:42:17', '2023-05-19 03:42:17'),
(18, 'Hemogram (CBC)', NULL, 1, NULL, '2023-05-19 03:42:40', '2023-05-19 03:42:40'),
(19, 'RA Factor Test', NULL, 1, NULL, '2023-05-19 03:43:08', '2023-05-19 03:43:08'),
(20, 'X-ray', NULL, 1, NULL, '2023-05-19 03:43:28', '2023-05-19 03:43:28'),
(21, 'Hematology', NULL, 1, NULL, '2024-10-16 17:57:55', '2024-10-16 17:57:55');

-- --------------------------------------------------------

--
-- Table structure for table `tb_lab_tests_results`
--

CREATE TABLE `tb_lab_tests_results` (
  `result_id` int(11) NOT NULL,
  `sample_id` int(11) DEFAULT NULL,
  `lab_id` int(11) DEFAULT NULL,
  `test_id` int(11) DEFAULT NULL,
  `subdivision_parameter_id` int(11) DEFAULT NULL,
  `subdivision_id` int(11) DEFAULT NULL,
  `result_value` text,
  `result_date` date DEFAULT NULL,
  `verified_by` text
) ENGINE=InnoDB DEFAULT CHARSET=latin1;

-- --------------------------------------------------------

--
-- Table structure for table `tb_lab_tests_samples`
--

CREATE TABLE `tb_lab_tests_samples` (
  `test_sample_id` int(11) NOT NULL,
  `test_id` int(11) DEFAULT NULL,
  `patient_id` int(11) DEFAULT NULL,
  `lab_patient_id` int(10) DEFAULT NULL,
  `sample_type` text,
  `sample_source` text,
  `collection_date` text,
  `collection_time` text,
  `frozen_date` text,
  `collected_by` text,
  `lab_id` int(11) DEFAULT NULL,
  `barcode` text,
  `status` int(11) DEFAULT '1',
  `external` int(11) DEFAULT '0',
  `updated_at` date NOT NULL,
  `created_at` date NOT NULL
) ENGINE=InnoDB DEFAULT CHARSET=latin1;

--
-- Dumping data for table `tb_lab_tests_samples`
--

INSERT INTO `tb_lab_tests_samples` (`test_sample_id`, `test_id`, `patient_id`, `lab_patient_id`, `sample_type`, `sample_source`, `collection_date`, `collection_time`, `frozen_date`, `collected_by`, `lab_id`, `barcode`, `status`, `external`, `updated_at`, `created_at`) VALUES
(1, NULL, NULL, NULL, NULL, NULL, '2024-11-12', '16:47', '2024-11-14', NULL, 32, '4095145', 1, 0, '2024-11-12', '2024-11-12'),
(2, NULL, NULL, NULL, 'Aspirate wash', 'Nasopharynx', '2024-11-12', '17:05', '2024-11-13', NULL, 32, '4343774', 1, 0, '2024-11-12', '2024-11-12'),
(3, NULL, NULL, NULL, NULL, NULL, NULL, NULL, NULL, NULL, 32, '6567856', 1, 0, '2024-11-12', '2024-11-12'),
(4, 18, NULL, NULL, 'Aspirate wash', 'Nasopharynx', '2024-11-13', '17:08', '2024-11-13', NULL, 32, '6567856', 1, 0, '2024-11-12', '2024-11-12'),
(5, 6, NULL, NULL, 'Aspirate wash', 'Nasopharynx', '2024-11-12', '19:43', '2024-11-12', NULL, 32, '5519968', 1, 0, '2024-11-12', '2024-11-12'),
(6, 5, NULL, NULL, 'Original Material', 'CSF', '2024-11-13', '19:45', '2024-11-12', NULL, 32, '6355556', 1, 0, '2024-11-12', '2024-11-12'),
(7, 5, NULL, NULL, 'Original Material', 'CSF', '2024-11-13', '19:45', '2024-11-12', NULL, 32, '6355556', 1, 0, '2024-11-12', '2024-11-12');

-- --------------------------------------------------------

--
-- Table structure for table `tb_lab_tests_subdivision`
--

CREATE TABLE `tb_lab_tests_subdivision` (
  `subdivision_id` int(11) NOT NULL,
  `test_id` int(11) DEFAULT NULL,
  `subdivision` text,
  `status` int(11) DEFAULT '1',
  `updated_at` timestamp NOT NULL DEFAULT CURRENT_TIMESTAMP,
  `created_at` timestamp NOT NULL DEFAULT CURRENT_TIMESTAMP
) ENGINE=InnoDB DEFAULT CHARSET=latin1;

--
-- Dumping data for table `tb_lab_tests_subdivision`
--

INSERT INTO `tb_lab_tests_subdivision` (`subdivision_id`, `test_id`, `subdivision`, `status`, `updated_at`, `created_at`) VALUES
(5, 8, 'Complete Blood Count (CBC)', 1, '2024-10-23 17:30:26', '2024-10-23 17:30:26'),
(6, 8, 'HEMOGLOBIN', 1, '2024-10-23 17:30:26', '2024-10-23 17:30:26'),
(7, 8, 'RBC COUNT', 1, '2024-10-23 17:30:26', '2024-10-23 17:30:26'),
(8, 8, 'BLOOD INDICES', 1, '2024-10-23 17:30:26', '2024-10-23 17:30:26'),
(9, 8, 'WBC COUNT', 1, '2024-10-23 17:30:26', '2024-10-23 17:30:26'),
(10, 8, 'DIFFERENT WBC COUNT', 1, '2024-10-23 17:30:26', '2024-10-23 17:30:26'),
(11, 8, 'PLATELET COUNT', 1, '2024-10-23 17:30:26', '2024-10-23 17:30:26');

-- --------------------------------------------------------

--
-- Table structure for table `tb_lab_tests_subdivision_params`
--

CREATE TABLE `tb_lab_tests_subdivision_params` (
  `subdivision_parameter_id` int(11) NOT NULL,
  `test_id` int(11) DEFAULT NULL,
  `subdivision_id` int(11) DEFAULT NULL,
  `subdivision_parameters` text,
  `reference_value` text,
  `unit` text,
  `status` int(11) NOT NULL DEFAULT '1',
  `updated_at` timestamp NULL DEFAULT CURRENT_TIMESTAMP,
  `created_at` timestamp NULL DEFAULT CURRENT_TIMESTAMP
) ENGINE=InnoDB DEFAULT CHARSET=latin1;

--
-- Dumping data for table `tb_lab_tests_subdivision_params`
--

INSERT INTO `tb_lab_tests_subdivision_params` (`subdivision_parameter_id`, `test_id`, `subdivision_id`, `subdivision_parameters`, `reference_value`, `unit`, `status`, `updated_at`, `created_at`) VALUES
(7, 8, 6, 'Hemoglobin(Hb)', '13.0 - 17.0', 'g/dL', 1, '2024-10-23 17:32:23', '2024-10-23 17:32:23'),
(9, 8, 7, 'Total RBC Count', '4.5 - 5.5', 'mill/cumm', 1, '2024-10-23 17:41:22', '2024-10-23 17:41:22'),
(10, 8, 8, 'Packed Cell Volume(PCV)', '40 - 50', '%', 1, '2024-10-23 17:45:49', '2024-10-23 17:45:49'),
(11, 8, 8, 'Mean Corpuscular Volume(MCV)', '83 - 101', 'fl', 1, '2024-10-23 17:45:49', '2024-10-23 17:45:49'),
(12, 8, 8, 'MCH', '27 - 32', 'pg', 1, '2024-10-23 17:45:49', '2024-10-23 17:45:49'),
(13, 8, 8, 'MCMC', '32.5 - 34.5', 'g/dL', 1, '2024-10-23 17:45:49', '2024-10-23 17:45:49'),
(14, 8, 8, 'RDW', '11.6 - 14.0', '%', 1, '2024-10-23 17:45:49', '2024-10-23 17:45:49'),
(15, 8, 9, 'Total WBC COUNT', '4000 - 11000', 'cumm', 1, '2024-10-23 17:49:39', '2024-10-23 17:49:39'),
(16, 8, 10, 'Neutrophils', '50 - 62', '%', 1, '2024-10-23 17:52:03', '2024-10-23 17:52:03'),
(17, 8, 10, 'Lymphocytes', '20 - 40', '%', 1, '2024-10-23 17:52:03', '2024-10-23 17:52:03'),
(18, 8, 10, 'Eosinophils', '00 - 06', '%', 1, '2024-10-23 17:52:03', '2024-10-23 17:52:03'),
(19, 8, 10, 'Monocytes', '00 - 10', '%', 1, '2024-10-23 17:52:03', '2024-10-23 17:52:03'),
(20, 8, 10, 'Basophils', '00 - 02', '%', 1, '2024-10-23 17:52:03', '2024-10-23 17:52:03'),
(21, 8, 11, 'Platelet Count', '150000 - 410000', 'cumm', 1, '2024-10-23 17:53:03', '2024-10-23 17:53:03');

-- --------------------------------------------------------

--
-- Table structure for table `tb_medcount_settings`
--

CREATE TABLE `tb_medcount_settings` (
  `id` int(11) NOT NULL,
  `med_count` int(10) DEFAULT NULL,
  `pharmacy_id` int(10) DEFAULT NULL,
  `created_at` timestamp NULL DEFAULT CURRENT_TIMESTAMP,
  `updated_at` timestamp NULL DEFAULT CURRENT_TIMESTAMP
) ENGINE=InnoDB DEFAULT CHARSET=latin1;

--
-- Dumping data for table `tb_medcount_settings`
--

INSERT INTO `tb_medcount_settings` (`id`, `med_count`, `pharmacy_id`, `created_at`, `updated_at`) VALUES
(1, 1000, 26, '2024-09-24 17:49:43', '2024-09-24 17:49:43');

-- --------------------------------------------------------

--
-- Table structure for table `tb_medicine`
--

CREATE TABLE `tb_medicine` (
  `id` int(10) NOT NULL,
  `d_hospital_id` int(10) DEFAULT NULL,
  `clinic` text,
  `med_name` text,
  `med_type_id` int(10) DEFAULT '0',
  `med_type` text,
  `avail_qty` text,
  `batch_no` text,
  `dispatch_qty` text,
  `expiry_date` text,
  `hospital_type` text,
  `current_avai_qty` text,
  `created_at` timestamp NULL DEFAULT CURRENT_TIMESTAMP,
  `updated_at` timestamp NULL DEFAULT NULL
) ENGINE=InnoDB DEFAULT CHARSET=latin1;

--
-- Dumping data for table `tb_medicine`
--

INSERT INTO `tb_medicine` (`id`, `d_hospital_id`, `clinic`, `med_name`, `med_type_id`, `med_type`, `avail_qty`, `batch_no`, `dispatch_qty`, `expiry_date`, `hospital_type`, `current_avai_qty`, `created_at`, `updated_at`) VALUES
(1, 87, 'District Hospital', 'Amlodipine', 2, 'Capsule', '-200', '45', '200', '11/04/2025', 'District Hospital', '800', '2023-06-10 01:19:49', '2024-09-05 21:55:11'),
(2, 87, 'District Hospital', 'Benzonatate', 2, 'Capsule', '500', '40', '100', '18/04/2025', 'District Hospital', '900', '2023-06-10 01:20:43', '2024-11-06 18:29:38'),
(3, 87, 'District Hospital', 'Lexapro', 2, 'Capsule', '1000', '44', '100', '18/07/2025', 'District Hospital', '900', '2023-06-10 01:21:48', '2023-06-10 01:21:48'),
(4, 87, 'District Hospital', 'Pandel Cream', 4, 'Cream', '1000', '41', '100', '11/04/2025', 'District Hospital', '900', '2023-06-10 01:26:38', '2023-06-10 01:26:38'),
(5, 87, 'District Hospital', 'Vanos Cream', 4, 'Cream', '1000', '40', '200', '10/10/2024', 'District Hospital', '800', '2023-06-10 01:27:55', '2023-06-10 01:27:55'),
(6, 87, 'District Hospital', 'Cordran-SP Cream', 4, 'Cream', '1000', '39', '300', '08/06/2025', 'District Hospital', '700', '2023-06-10 01:28:56', '2023-06-10 01:28:56'),
(7, 87, 'District Hospital', 'Melatonin', 8, 'Tablet', '0', '38', '200', '07/12/2024', 'District Hospital', '800', '2023-06-10 01:29:46', '2024-09-05 21:55:02'),
(8, 87, 'District Hospital', 'Pantoprazole', 8, 'Tablet', '1000', '37', '300', '09/05/2025', 'District Hospital', '700', '2023-06-10 01:30:46', '2023-06-10 01:30:46'),
(9, 87, 'District Hospital', 'Rybelsus', 8, 'Tablet', '1000', '36', '100', '05/09/2024', 'District Hospital', '900', '2023-06-10 01:31:34', '2023-06-10 01:31:34'),
(10, 87, 'District Hospital', 'Zedex', 21, 'Syrup', '50', '35', '300', '19/09/2024', 'District Hospital', '800', '2023-06-10 01:32:32', '2023-08-09 17:03:20'),
(11, 87, 'District Hospital', 'Ascorile', 21, 'Syrup', '1000', '34', '200', '25/12/2024', 'District Hospital', '800', '2023-06-10 01:33:15', '2023-06-10 01:33:15'),
(12, 87, 'District Hospital', 'Zecuf Syrup', 21, 'Syrup', '900', '33', '400', '10/07/2025', 'District Hospital', '600', '2023-06-10 01:36:12', '2023-06-16 18:10:51'),
(13, 87, 'District Hospital', 'Omni Gel', 9, 'Gel', '1000', '33', '100', '11/04/2025', 'District Hospital', '900', '2023-06-10 01:39:48', '2023-06-10 01:39:48'),
(14, 87, 'District Hospital', 'Voltaren Gel', 9, 'Gel', '800', '32', '300', '07/05/2025', 'District Hospital', '700', '2023-06-10 01:41:17', '2024-09-05 21:38:11'),
(15, 87, 'District Hospital', 'Lidocaine Gel', 9, 'Gel', '1000', '29', '200', '06/06/2025', 'District Hospital', '800', '2023-06-10 01:42:16', '2023-06-10 01:42:16'),
(16, 87, 'District Hospital', 'Eucerin Lotion', 10, 'Lotion', '200', '28', '100', '07/03/2025', 'District Hospital', '900', '2023-06-10 01:45:12', '2023-06-21 18:19:46'),
(17, 87, 'District Hospital', 'Aquaphor Lotion', 10, 'Lotion', '1000', '30', '300', '15/11/2024', 'District Hospital', '700', '2023-06-10 01:46:35', '2023-06-10 01:46:35'),
(18, 87, 'District Hospital', 'Bentavel Ointment', 12, 'Ointment', '1000', '20', '100', '21/12/2024', 'District Hospital', '900', '2023-06-10 01:56:06', '2023-06-10 01:56:06'),
(19, 87, 'District Hospital', 'Diprobate RD Ointment', 12, 'Ointment', '1000', '13', '200', '10/05/2024', 'District Hospital', '800', '2023-06-10 02:05:29', '2023-06-10 02:05:29'),
(20, 87, 'District Hospital', 'Covishield', 15, 'Vaccination', '100', '10', '300', '12/10/2024', 'District Hospital', '700', '2023-06-10 02:15:56', '2023-06-21 02:09:07'),
(21, 87, 'District Hospital', 'Dengvaxia', 15, 'Vaccination', '1000', '12', '100', '11/01/2025', 'District Hospital', '900', '2023-06-10 02:16:45', '2023-06-10 02:16:45'),
(22, 87, 'District Hospital', 'Insulin', 18, 'Injection', '1000', '11', '200', '09/11/2024', 'District Hospital', '800', '2023-06-10 02:23:29', '2023-06-10 02:23:29'),
(23, 87, 'District Hospital', 'Heparin', 18, 'Injection', '1000', '15', '500', '12/04/2025', 'District Hospital', '500', '2023-06-10 02:29:06', '2023-06-10 02:29:06'),
(24, 87, 'District Hospital', 'Xopenex Inhaler', 20, 'Inhaler', '1000', '10', '200', '09/08/2024', 'District Hospital', '800', '2023-06-10 02:30:50', '2023-06-10 02:30:50'),
(25, 87, 'District Hospital', 'Ventolin Inhaler', 20, 'Inhaler', '400', '50', '100', '18/04/2025', 'District Hospital', '900', '2023-06-10 02:31:51', '2023-06-16 18:10:41'),
(27, 87, 'District Hospital', 'Luer slip syringe', 19, 'Syringe', '300', '19', '300', '12/04/2025', 'District Hospital', '700', '2023-06-10 02:36:27', '2024-07-18 20:02:59'),
(28, 87, 'District Hospital', 'meftallspause', 2, 'Capsule', '13100', 'Q1234', '50', '12/12/2023', 'District Hospital', '80', '2023-06-19 23:14:40', '2024-07-15 22:43:52'),
(29, 87, 'District Hospital', 'paracetamol', 2, 'Capsule', '2350', '12312', '0', '18/01/2040', 'District Hospital', '100', '2023-06-23 19:25:01', '2024-11-06 18:29:55'),
(31, 87, 'District Hospital', 'Vit D3', 5, 'Drops', '1500', '3324', '2000', '21/12/2024', 'District Hospital', '2000', '2024-07-15 22:15:50', '2024-09-05 21:37:38'),
(32, 87, 'District Hospital', 'Ciprofloxacin', 2, 'Capsule', '2000', '1112', '2000', '09/01/2026', 'District Hospital', '2000', '2024-07-18 19:57:25', '2024-07-18 19:57:25'),
(33, 87, 'District Hospital', 'Lisinopril', 5, 'Drops', '1000', '2213', '3000', '07/03/2025', 'District Hospital', '3000', '2024-07-18 19:58:01', '2024-07-18 20:00:32'),
(34, 87, 'District Hospital', 'Lisinopril', 5, 'Drops', '3000', '2213', '3000', '07/03/2025', 'District Hospital', '3000', '2024-07-18 19:58:01', '2024-07-18 19:58:01'),
(35, 87, 'District Hospital', 'Meftal Spas', 8, 'Tablet', '100', '3322', '1000', '18/04/2025', 'District Hospital', '1000', '2024-07-18 19:58:36', '2024-09-05 21:37:18'),
(36, 4321, 'District Hospital', 'Paracetamol', 2, 'Capsule', '11914', '23hfrfb', '1000', '28/08/2024', 'District Hospital', '300', '2024-08-26 22:56:08', '2024-11-06 18:30:14'),
(37, 4321, 'District Hospital', 'Paracetamol', 2, 'Capsule', '34634126', '4574747', '3536', '28/08/2024', 'District Hospital', '45', '2024-08-26 23:05:05', '2024-11-06 18:29:22'),
(38, 5192, 'District Hospital', 'Cosvate-GM', 2, 'Capsule', '50', '15', '50', '25/09/2025', 'District Hospital', '50', '2024-09-23 21:27:30', '2024-09-23 21:27:30'),
(39, 4913, 'District Hospital', 'ABCC', 2, 'Capsule', '10', '2211', '500', '24/09/2024', 'District Hospital', '10', '2024-09-23 22:07:50', '2024-09-23 22:07:50'),
(40, 4913, 'District Hospital', 'BB', 4, 'Cream', '500', '225', '100', '24/09/2024', 'District Hospital', '400', '2024-09-23 22:21:20', '2024-09-23 22:21:20'),
(41, 4913, 'District Hospital', 'ABCC', NULL, '0', '1500', '58', '500', NULL, 'District Hospital', '500', '2024-09-24 17:57:02', '2024-09-24 18:03:47'),
(42, 5203, 'District Hospital', 'Evion', 2, 'Capsule', '500', 'AB1122', '50', '16/03/2025', 'District Hospital', '25', '2024-09-24 21:35:52', '2024-09-24 21:35:52'),
(46, 5630, 'District Hospital', 'Evion 400 mg', 2, 'Capsule', '1000', 'SUN2024', '500', '12/12/2024', 'District Hospital', '250', '2024-09-25 21:06:55', '2024-09-25 22:01:40'),
(47, 5630, 'District Hospital', 'Lacto Calamine', 10, 'Lotion', '500', 'SUN2023', '100', '31/12/2024', 'District Hospital', '100', '2024-09-25 21:07:55', '2024-09-25 21:07:55'),
(48, 5630, 'District Hospital', 'Dermadew Bact', 11, 'Soap', '1000', 'SUN2024', '300', '15/06/2025', 'District Hospital', '700', '2024-09-25 22:21:25', '2024-09-25 22:21:25');

-- --------------------------------------------------------

--
-- Table structure for table `tb_medicine_dispatch_patient`
--

CREATE TABLE `tb_medicine_dispatch_patient` (
  `id` int(11) NOT NULL,
  `pharmacy_id` int(10) DEFAULT NULL,
  `medicine_id` int(10) DEFAULT NULL,
  `medicine_name` text NOT NULL,
  `status` int(10) DEFAULT NULL,
  `consultation_id` int(10) DEFAULT NULL,
  `request_count` int(10) DEFAULT NULL,
  `patient_id` int(10) DEFAULT NULL,
  `patient_name` text,
  `doctor_id` int(10) DEFAULT NULL,
  `doctor_name` text,
  `created_at` timestamp NULL DEFAULT CURRENT_TIMESTAMP,
  `updated_at` timestamp NULL DEFAULT CURRENT_TIMESTAMP
) ENGINE=InnoDB DEFAULT CHARSET=latin1;

--
-- Dumping data for table `tb_medicine_dispatch_patient`
--

INSERT INTO `tb_medicine_dispatch_patient` (`id`, `pharmacy_id`, `medicine_id`, `medicine_name`, `status`, `consultation_id`, `request_count`, `patient_id`, `patient_name`, `doctor_id`, `doctor_name`, `created_at`, `updated_at`) VALUES
(1, 1, 20, 'Covishield', 1, 12, 1, 1, 'Daya', 1, 'Reji Joseph', '2023-06-10 03:22:44', '2023-06-10 03:22:44'),
(2, 1, 27, 'Luer slip syringe', 1, 12, 1, 1, 'Daya', 1, 'Reji Joseph', '2023-06-10 03:22:44', '2023-06-10 03:22:44'),
(3, 1, 10, 'Zedex', 1, 12, 1, 1, 'Daya', 1, 'Reji Joseph', '2023-06-10 03:22:44', '2023-06-10 03:22:44'),
(4, 5, 20, 'Covishield', 1, 28, 1, 7, 'Deepa', 14, 'Sweta Menon', '2023-06-16 18:21:23', '2023-06-16 18:21:23'),
(5, 14, 28, 'meftallspause', 1, 69, 16, 19, 'Alena S', 26, 'Chinju S', '2023-08-09 17:10:45', '2023-08-09 17:10:45'),
(6, 14, 28, 'meftallspause', 1, 74, 24, 20, 'Sohan Lal', 27, 'Ziya S', '2023-08-09 18:46:36', '2023-08-09 18:46:36'),
(7, 20, 29, 'paracetamol', 1, 102, 10, 29, 'KARTHIK SEKAR', 41, 'Nimisha S', '2024-07-18 20:13:40', '2024-07-18 20:13:40'),
(8, 20, 35, 'Meftal Spas', 1, 102, 5, 29, 'KARTHIK SEKAR', 41, 'Nimisha S', '2024-07-18 20:13:40', '2024-07-18 20:13:40'),
(9, 20, 35, 'Meftal Spas', 1, 104, 10, 30, 'KARTHIK SEKAR', 40, 'Ajay S Kumar', '2024-07-18 21:16:32', '2024-07-18 21:16:32'),
(10, 20, 29, 'paracetamol', 1, 104, 30, 30, 'KARTHIK SEKAR', 40, 'Ajay S Kumar', '2024-07-18 21:16:32', '2024-07-18 21:16:32'),
(11, 25, 35, 'Meftal Spas', 1, 169, 9, 56, 'Teena', 57, 'Renald S', '2024-09-05 21:50:59', '2024-09-05 21:50:59'),
(12, 26, 29, 'paracetamol', 1, 184, 20, 59, 'Renald Anthony Dhasan', 59, 'Abin', '2024-09-21 17:00:48', '2024-09-21 17:00:48');

-- --------------------------------------------------------

--
-- Table structure for table `tb_medicine_dosages`
--

CREATE TABLE `tb_medicine_dosages` (
  `id` int(11) NOT NULL,
  `type_id` int(10) DEFAULT NULL,
  `med_type` text,
  `dosages` text,
  `status` int(10) DEFAULT NULL,
  `created_at` timestamp NULL DEFAULT CURRENT_TIMESTAMP,
  `updated_at` timestamp NULL DEFAULT CURRENT_TIMESTAMP
) ENGINE=InnoDB DEFAULT CHARSET=latin1;

--
-- Dumping data for table `tb_medicine_dosages`
--

INSERT INTO `tb_medicine_dosages` (`id`, `type_id`, `med_type`, `dosages`, `status`, `created_at`, `updated_at`) VALUES
(2, 2, 'Capsule', '1-1-1-1', 1, '2023-04-19 20:01:59', '2023-04-19 20:01:59'),
(3, 2, 'Capsule', '1-1-1', 1, '2023-04-19 20:02:25', '2023-04-19 20:02:25'),
(4, 2, 'Capsule', '0-1-1', 1, '2023-04-19 20:13:13', '2023-04-19 20:13:13'),
(6, 2, 'Capsule', '0-0-1', 1, '2023-04-19 20:14:30', '2023-04-19 20:14:30'),
(7, 2, 'Capsule', '1-0-0', 1, '2023-04-19 20:14:55', '2023-04-19 20:14:55'),
(8, 2, 'Capsule', '1-1-0', 1, '2023-04-19 20:16:00', '2023-04-19 20:16:00'),
(9, 2, 'Capsule', '1-1-1-1-1', 1, '2023-04-19 20:16:58', '2023-04-19 20:16:58'),
(11, 2, 'Capsule', '1-1-1-1-1-1', 1, '2023-04-19 20:17:42', '2023-04-19 20:17:42'),
(13, 2, 'Capsule', '1-0-1', 1, '2023-04-19 20:18:38', '2023-04-19 20:18:38'),
(14, 2, 'Capsule', '1/2-1/2-1/2', 1, '2023-04-19 20:21:20', '2023-04-19 20:21:20'),
(15, 2, 'Capsule', '1/2-0-1/2', 1, '2023-04-19 20:22:23', '2023-04-19 20:22:23'),
(18, 2, 'Capsule', '3/4-3/4-3/4', 1, '2023-04-19 20:24:09', '2023-04-19 20:24:09'),
(37, 8, 'Tablet', '1-0-0', 1, '2023-04-19 20:43:54', '2023-04-19 20:43:54'),
(38, 8, 'Tablet', '1-1-0', 1, '2023-04-19 20:44:13', '2023-04-19 20:44:13'),
(39, 8, 'Tablet', '0-1-0', 1, '2023-04-19 20:44:59', '2023-04-19 20:44:59'),
(40, 8, 'Tablet', '0-0-1', 1, '2023-04-19 20:45:30', '2023-04-19 20:45:30'),
(41, 8, 'Tablet', '1-0-1', 1, '2023-04-19 20:46:00', '2023-04-19 20:46:00'),
(42, 8, 'Tablet', '0-1-1', 1, '2023-04-19 20:46:42', '2023-04-19 20:46:42'),
(43, 8, 'Tablet', '1-1-1', 1, '2023-04-19 20:47:14', '2023-04-19 20:47:14'),
(44, 8, 'Tablet', '1-1-1-1', 1, '2023-04-19 20:48:29', '2023-04-19 20:48:29'),
(45, 8, 'Tablet', '1-1-1-1-1', 1, '2023-04-19 20:48:48', '2023-04-19 20:48:48'),
(46, 8, 'Tablet', '1-1-1-1-1-1', 1, '2023-04-19 20:49:11', '2023-04-19 20:49:11'),
(56, 4, 'Cream', '1-0-0', 1, '2023-04-19 21:38:50', '2023-04-19 21:38:50'),
(57, 4, 'Cream', '1-1-0', 1, '2023-04-19 21:41:05', '2023-04-19 21:41:05'),
(58, 4, 'Cream', '1-1-1', 1, '2023-04-19 21:41:35', '2023-04-19 21:41:35'),
(64, 4, 'Cream', '0-1-1', 1, '2023-04-20 20:22:34', '2023-04-20 20:22:34'),
(65, 4, 'Cream', '0-0-1', 1, '2023-04-20 20:25:36', '2023-04-20 20:25:36'),
(67, 4, 'Cream', '1-0-1', 1, '2023-04-20 20:27:29', '2023-04-20 20:27:29'),
(68, 4, 'Cream', '0-1-0', 1, '2023-04-20 20:27:42', '2023-04-20 20:27:42'),
(81, 9, 'Gel', '1-1-1', 1, '2023-04-20 22:38:02', '2023-04-20 22:38:02'),
(82, 9, 'Gel', '0-0-1', 1, '2023-04-20 22:38:39', '2023-04-20 22:38:39'),
(83, 9, 'Gel', '0-1-1', 1, '2023-04-20 22:38:56', '2023-04-20 22:38:56'),
(84, 9, 'Gel', '1-1-0', 1, '2023-04-20 22:39:16', '2023-04-20 22:39:16'),
(85, 9, 'Gel', '1-0-0', 1, '2023-04-20 22:39:32', '2023-04-20 22:39:32'),
(86, 9, 'Gel', '1-0-1', 1, '2023-04-20 22:40:09', '2023-04-20 22:40:09'),
(87, 9, 'Gel', '0-1-0', 1, '2023-04-20 22:40:20', '2023-04-20 22:40:20'),
(88, 10, 'Lotion', '0-0-1', 1, '2023-04-20 22:41:10', '2023-04-20 22:41:10'),
(89, 10, 'Lotion', '0-1-1', 1, '2023-04-20 22:41:29', '2023-04-20 22:41:29'),
(90, 10, 'Lotion', '1-1-1', 1, '2023-04-20 22:42:39', '2023-04-20 22:42:39'),
(91, 10, 'Lotion', '1-1-0', 1, '2023-04-20 22:42:52', '2023-04-20 22:42:52'),
(92, 10, 'Lotion', '1-0-0', 1, '2023-04-20 22:43:09', '2023-04-20 22:43:09'),
(93, 10, 'Lotion', '1-0-1', 1, '2023-04-20 22:43:26', '2023-04-20 22:43:26'),
(94, 10, 'Lotion', '0-1-0', 1, '2023-04-20 22:43:41', '2023-04-20 22:43:41'),
(95, 11, 'Soap', '0-0-1', 1, '2023-04-20 22:44:26', '2023-04-20 22:44:26'),
(96, 11, 'Soap', '0-1-1', 1, '2023-04-20 22:44:41', '2023-04-20 22:44:41'),
(97, 11, 'Soap', '1-1-1', 1, '2023-04-20 22:45:05', '2023-04-20 22:45:05'),
(98, 11, 'Soap', '1-1-0', 1, '2023-04-20 22:45:19', '2023-04-20 22:45:19'),
(99, 11, 'Soap', '1-0-0', 1, '2023-04-20 22:45:33', '2023-04-20 22:45:33'),
(100, 11, 'Soap', '1-0-1', 1, '2023-04-20 22:45:46', '2023-04-20 22:45:46'),
(101, 11, 'Soap', '0-1-0', 1, '2023-04-20 22:46:02', '2023-04-20 22:46:02'),
(102, 12, 'Ointment', '0-0-1', 1, '2023-04-20 22:46:41', '2023-04-20 22:46:41'),
(104, 12, 'Ointment', '0-1-1', 1, '2023-04-20 22:47:24', '2023-04-20 22:47:24'),
(105, 12, 'Ointment', '1-1-1', 1, '2023-04-20 22:47:38', '2023-04-20 22:47:38'),
(106, 12, 'Ointment', '1-1-0', 1, '2023-04-20 22:47:52', '2023-04-20 22:47:52'),
(107, 12, 'Ointment', '1-1-0', 1, '2023-04-20 22:48:11', '2023-04-20 22:48:11'),
(108, 12, 'Ointment', '1-0-0', 1, '2023-04-20 22:48:25', '2023-04-20 22:48:25'),
(109, 12, 'Ointment', '1-0-0', 1, '2023-04-20 22:48:38', '2023-04-20 22:48:38'),
(110, 12, 'Ointment', '1-0-1', 1, '2023-04-20 22:49:17', '2023-04-20 22:49:17'),
(111, 12, 'Ointment', '0-1-0', 1, '2023-04-20 22:49:28', '2023-04-20 22:49:28'),
(123, 20, 'Inhaler', '0-0-1', 1, '2023-04-20 23:03:59', '2023-04-20 23:03:59'),
(124, 20, 'Inhaler', '0-1-1', 1, '2023-04-20 23:04:14', '2023-04-20 23:04:14'),
(125, 20, 'Inhaler', '1-1-1', 1, '2023-04-20 23:04:35', '2023-04-20 23:04:35'),
(126, 20, 'Inhaler', '1-1-1', 1, '2023-04-20 23:04:52', '2023-04-20 23:04:52'),
(127, 20, 'Inhaler', '1-1-0', 1, '2023-04-20 23:05:10', '2023-04-20 23:05:10'),
(129, 21, 'Syrup', '2.5ml-2.5ml-0', 1, '2023-04-24 19:31:37', '2023-04-24 19:31:37'),
(130, 21, 'Syrup', '2.5ml-0-0', 1, '2023-04-24 19:32:20', '2023-04-24 19:32:20'),
(132, 21, 'Syrup', '0-2.5ml-0', 1, '2023-04-24 19:33:37', '2023-04-24 19:33:37'),
(133, 21, 'Syrup', '2.5ml-2.5ml-2.5ml', 1, '2023-04-24 19:34:08', '2023-04-24 19:34:08'),
(146, 21, 'Syrup', '0-2.5ml-2.5ml', 1, '2023-04-24 19:41:30', '2023-04-24 19:41:30'),
(148, 21, 'Syrup', '5ml-0-5ml', 1, '2023-04-24 19:53:44', '2023-04-24 19:53:44'),
(149, 21, 'Syrup', '5ml-5ml-0', 1, '2023-04-24 19:55:36', '2023-04-24 19:55:36'),
(150, 21, 'Syrup', '5ml-0-0', 1, '2023-04-24 19:55:52', '2023-04-24 19:55:52'),
(151, 21, 'Syrup', '0-5ml-5ml', 1, '2023-04-24 19:56:07', '2023-04-24 19:56:07'),
(152, 21, 'Syrup', '0-0-5ml', 1, '2023-04-24 19:56:27', '2023-04-24 19:56:27'),
(153, 21, 'Syrup', '0-5ml-0', 1, '2023-04-24 20:05:17', '2023-04-24 20:05:17'),
(154, 21, 'Syrup', '5ml-5ml-5ml', 1, '2023-04-24 20:05:42', '2023-04-24 20:05:42'),
(155, 21, 'Syrup', '7.5ml-0-7.5ml', 1, '2023-04-24 20:06:33', '2023-04-24 20:06:33'),
(156, 21, 'Syrup', '7.5ml-7.5ml-0', 1, '2023-04-24 20:07:12', '2023-04-24 20:07:12'),
(157, 21, 'Syrup', '7.5ml-0-0', 1, '2023-04-24 20:07:33', '2023-04-24 20:07:33'),
(158, 21, 'Syrup', '0-7.5ml-7.5ml', 1, '2023-04-24 20:08:40', '2023-04-24 20:08:40'),
(159, 21, 'Syrup', '0-0-7.5ml', 1, '2023-04-24 20:09:01', '2023-04-24 20:09:01'),
(160, 21, 'Syrup', '0-7.5ml-0', 1, '2023-04-24 20:09:29', '2023-04-24 20:09:29'),
(162, 21, 'Syrup', '7.5ml-7.5ml-7.5ml', 1, '2023-04-24 20:10:38', '2023-04-24 20:10:38'),
(163, 21, 'Syrup', '0	-	0	-	10ml', 1, '2023-04-24 20:15:14', '2023-04-24 20:15:14'),
(164, 21, 'Syrup', '0	-	0	-	17.5ml', 1, '2023-04-24 20:16:09', '2023-04-24 20:16:09'),
(165, 21, 'Syrup', '0	-	0	-	12.5ml', 1, '2023-04-24 20:19:48', '2023-04-24 20:19:48'),
(167, 21, 'Syrup', '0	-	0	-	20ml', 1, '2023-04-24 20:25:09', '2023-04-24 20:25:09'),
(168, 21, 'Syrup', '0	-	0	-	22.5ml', 1, '2023-04-24 20:25:29', '2023-04-24 20:25:29'),
(169, 21, 'Syrup', '0	-	0	-	27.5ml', 1, '2023-04-24 20:25:49', '2023-04-24 20:25:49'),
(170, 21, 'Syrup', '0	-	0	-	25ml', 1, '2023-04-24 20:26:06', '2023-04-24 20:26:06'),
(171, 21, 'Syrup', '0	-	0	-	30ml', 1, '2023-04-24 20:26:18', '2023-04-24 20:26:18'),
(172, 21, 'Syrup', '0	-	10ml	-	0', 1, '2023-04-24 20:26:38', '2023-04-24 20:26:38'),
(173, 21, 'Syrup', '0	-	17.5ml	-	0', 1, '2023-04-24 20:26:50', '2023-04-24 20:26:50'),
(174, 21, 'Syrup', '0	-	12.5ml	-	0', 1, '2023-04-24 20:27:02', '2023-04-24 20:27:02'),
(175, 21, 'Syrup', '0	-	15ml	-	0', 1, '2023-04-24 20:28:39', '2023-04-24 20:28:39'),
(176, 21, 'Syrup', '0	-	20ml	-	0', 1, '2023-04-24 20:28:57', '2023-04-24 20:28:57'),
(177, 21, 'Syrup', '0	-	22.5ml	-	0', 1, '2023-04-24 20:29:19', '2023-04-24 20:29:19'),
(178, 21, 'Syrup', '0	-	27.5ml	-	0', 1, '2023-04-24 20:29:36', '2023-04-24 20:29:36'),
(179, 21, 'Syrup', '0	-	25ml	-	0', 1, '2023-04-24 20:30:04', '2023-04-24 20:30:04'),
(180, 21, 'Syrup', '0	-	27.5ml	-	0', 1, '2023-04-24 20:30:23', '2023-04-24 20:30:23'),
(181, 21, 'Syrup', '0	-	30ml	-	0', 1, '2023-04-24 20:30:41', '2023-04-24 20:30:41'),
(183, 21, 'Syrup', '17.5ml	-	0	-	0', 1, '2023-04-24 20:31:26', '2023-04-24 20:31:26'),
(184, 21, 'Syrup', '12.5ml	-	0	-	0', 1, '2023-04-24 20:31:44', '2023-04-24 20:31:44'),
(185, 21, 'Syrup', '15ml	-	0	-	0', 1, '2023-04-24 20:32:02', '2023-04-24 20:32:02'),
(186, 21, 'Syrup', '20ml	-	0	-	0', 1, '2023-04-24 20:32:28', '2023-04-24 20:32:28'),
(187, 21, 'Syrup', '22.5ml	-	0	-	0', 1, '2023-04-24 20:32:46', '2023-04-24 20:32:46'),
(188, 21, 'Syrup', '27.5ml	-	0	-	0', 1, '2023-04-24 20:33:05', '2023-04-24 20:33:05'),
(189, 21, 'Syrup', '25ml	-	0	-	0', 1, '2023-04-24 20:33:24', '2023-04-24 20:33:24'),
(190, 21, 'Syrup', '27.5ml	-	0	-	0', 1, '2023-04-24 20:33:56', '2023-04-24 20:33:56'),
(191, 21, 'Syrup', '30ml	-	0	-	0', 1, '2023-04-24 20:34:13', '2023-04-24 20:34:13'),
(192, 21, 'Syrup', '0	-	10ml	-	10ml', 1, '2023-04-24 20:34:34', '2023-04-24 20:34:34'),
(193, 21, 'Syrup', '0	-	17.5ml	-	17.5ml', 1, '2023-04-24 20:34:51', '2023-04-24 20:34:51'),
(194, 21, 'Syrup', '0	-	17.5ml	-	17.5ml', 1, '2023-04-24 20:36:33', '2023-04-24 20:36:33'),
(195, 21, 'Syrup', '0	-	12.5ml	-	12.5ml', 1, '2023-04-24 20:41:30', '2023-04-24 20:41:30'),
(196, 21, 'Syrup', '0	-	15ml	-	15ml', 1, '2023-04-24 20:41:41', '2023-04-24 20:41:41'),
(197, 21, 'Syrup', '0	-	20ml	-	20ml', 1, '2023-04-24 20:42:02', '2023-04-24 20:42:02'),
(198, 21, 'Syrup', '0	-	22.5ml	-	22.5ml', 1, '2023-04-24 20:42:34', '2023-04-24 20:42:34'),
(199, 21, 'Syrup', '0	-	27.5ml	-	27.5ml', 1, '2023-04-24 20:42:55', '2023-04-24 20:42:55'),
(200, 21, 'Syrup', '0	-	25ml	-	25ml', 1, '2023-04-24 20:44:05', '2023-04-24 20:44:05'),
(201, 21, 'Syrup', '0	-	27.5ml	-	27.5ml', 1, '2023-04-24 20:46:26', '2023-04-24 20:46:26'),
(202, 21, 'Syrup', '0	-	30ml	-	30ml', 1, '2023-04-24 20:46:55', '2023-04-24 20:46:55'),
(205, 21, 'Syrup', '10ml	-	0	-	10ml', 1, '2023-04-24 20:52:54', '2023-04-24 20:52:54'),
(206, 21, 'Syrup', '17.5ml	-	0	-	17.5ml', 1, '2023-04-24 21:00:36', '2023-04-24 21:00:36'),
(207, 21, 'Syrup', '12.5ml	-	0	-	12.5ml', 1, '2023-04-24 21:00:58', '2023-04-24 21:00:58'),
(208, 21, 'Syrup', '15ml	-	0	-	15ml', 1, '2023-04-24 21:01:25', '2023-04-24 21:01:25'),
(209, 21, 'Syrup', '20ml	-	0	-	20ml', 1, '2023-04-24 21:01:47', '2023-04-24 21:01:47'),
(210, 21, 'Syrup', '22.5ml	-	0	-	22.5ml', 1, '2023-04-24 21:02:09', '2023-04-24 21:02:09'),
(211, 21, 'Syrup', '22.5ml	-	0	-	22.5ml', 1, '2023-04-24 21:02:27', '2023-04-24 21:02:27'),
(213, 21, 'Syrup', '27.5ml	-	0	-	27.5ml', 1, '2023-04-24 21:03:16', '2023-04-24 21:03:16'),
(214, 21, 'Syrup', '30ml	-	0	-	30ml', 1, '2023-04-24 21:03:34', '2023-04-24 21:03:34'),
(215, 21, 'Syrup', '25ml	-	0	-	25ml', 1, '2023-04-24 21:04:17', '2023-04-24 21:04:17'),
(216, 21, 'Syrup', '10ml	-	10ml	-	0', 1, '2023-04-24 21:07:08', '2023-04-24 21:07:08'),
(217, 21, 'Syrup', '17.5ml	-	17.5ml	-	0', 1, '2023-04-24 21:07:45', '2023-04-24 21:07:45'),
(218, 21, 'Syrup', '12.5ml	-	12.5ml	-	0', 1, '2023-04-24 21:08:03', '2023-04-24 21:08:03'),
(219, 21, 'Syrup', '15ml	-	15ml	-	0', 1, '2023-04-24 21:08:24', '2023-04-24 21:08:24'),
(220, 21, 'Syrup', '20ml	-	20ml	-	0', 1, '2023-04-24 21:08:41', '2023-04-24 21:08:41'),
(221, 21, 'Syrup', '22.5ml	-	22.5ml	-	0', 1, '2023-04-24 21:09:01', '2023-04-24 21:09:01'),
(222, 21, 'Syrup', '27.5ml	-	27.5ml	-	0', 1, '2023-04-24 21:09:26', '2023-04-24 21:09:26'),
(223, 21, 'Syrup', '25ml	-	25ml	-	0', 1, '2023-04-24 21:09:47', '2023-04-24 21:09:47'),
(224, 21, 'Syrup', '27.5ml	-	27.5ml	-	0', 1, '2023-04-24 21:10:55', '2023-04-24 21:10:55'),
(225, 21, 'Syrup', '30ml	-	30ml	-	0', 1, '2023-04-24 21:11:10', '2023-04-24 21:11:10'),
(226, 21, 'Syrup', '10ml	-	10ml	-	10ml', 1, '2023-04-24 21:14:09', '2023-04-24 21:14:09'),
(227, 21, 'Syrup', '17.5ml	-	17.5ml	-	17.5ml', 1, '2023-04-24 21:14:33', '2023-04-24 21:14:33'),
(228, 21, 'Syrup', '12.5ml	-	12.5ml	-	12.5ml', 1, '2023-04-24 21:14:57', '2023-04-24 21:14:57'),
(229, 21, 'Syrup', '15ml	-	15ml	-	15ml', 1, '2023-04-24 21:15:49', '2023-04-24 21:15:49'),
(230, 21, 'Syrup', '20ml	-	20ml	-	20ml', 1, '2023-04-24 21:16:10', '2023-04-24 21:16:10'),
(231, 21, 'Syrup', '22.5ml	-	22.5ml	-	22.5ml', 1, '2023-04-24 21:40:09', '2023-04-24 21:40:09'),
(232, 21, 'Syrup', '27.5ml	-	27.5ml	-	27.5ml', 1, '2023-04-24 21:40:25', '2023-04-24 21:40:25'),
(233, 21, 'Syrup', '25ml	-	25ml	-	25ml', 1, '2023-04-24 21:40:39', '2023-04-24 21:40:39'),
(234, 21, 'Syrup', '27.5ml	-	27.5ml	-	27.5ml', 1, '2023-04-24 21:41:00', '2023-04-24 21:41:00'),
(235, 21, 'Syrup', '30ml	-	30ml	-	30ml', 1, '2023-04-24 21:41:27', '2023-04-24 21:41:27'),
(236, 5, 'Drops', '0.1ml	-	0.1ml	-	0.1ml', 1, '2023-04-24 21:49:38', '2023-04-24 21:49:38'),
(237, 5, 'Drops', '0.2ml	-	0.2ml	-	0.2ml', 1, '2023-04-24 21:50:03', '2023-04-24 21:50:03'),
(238, 5, 'Drops', '0.3ml	-	0.3ml	-	0.3ml', 1, '2023-04-24 21:50:19', '2023-04-24 21:50:19'),
(239, 5, 'Drops', '0.4ml	-	0.4ml	-	0.4ml', 1, '2023-04-24 21:50:37', '2023-04-24 21:50:37'),
(240, 5, 'Drops', '0.5ml	-	0.5ml	-	0.5ml', 1, '2023-04-24 21:50:55', '2023-04-24 21:50:55'),
(242, 5, 'Drops', '0.7ml	-	0.7ml	-	0.7ml', 1, '2023-04-24 21:52:38', '2023-04-24 21:52:38'),
(243, 5, 'Drops', '0.8ml	-	0.8ml	-	0.8ml', 1, '2023-04-24 21:53:03', '2023-04-24 21:53:03'),
(244, 5, 'Drops', '0.9ml	-	0.9ml	-	0.9ml', 1, '2023-04-24 21:53:26', '2023-04-24 21:53:26'),
(245, 5, 'Drops', '1ml	-	1ml	-	1ml', 1, '2023-04-24 21:53:54', '2023-04-24 21:53:54'),
(246, 5, 'Drops', '1.5ml	-	1.5ml	-	1.5ml', 1, '2023-04-24 21:54:16', '2023-04-24 21:54:16'),
(247, 5, 'Drops', '0.1ml	-	0	-	0', 1, '2023-04-24 21:56:02', '2023-04-24 21:56:02'),
(248, 5, 'Drops', '0.2ml	-	0	-	0', 1, '2023-04-24 21:56:23', '2023-04-24 21:56:23'),
(249, 5, 'Drops', '0.3ml	-	0	-	0', 1, '2023-04-24 21:56:37', '2023-04-24 21:56:37'),
(250, 5, 'Drops', '0.4ml	-	0	-	0', 1, '2023-04-24 21:56:55', '2023-04-24 21:56:55'),
(251, 5, 'Drops', '0.5ml	-	0	-	0', 1, '2023-04-24 21:57:11', '2023-04-24 21:57:11'),
(252, 5, 'Drops', '0.6ml	-	0	-	0', 1, '2023-04-24 21:57:36', '2023-04-24 21:57:36'),
(253, 5, 'Drops', '0.7ml	-	0	-	0', 1, '2023-04-24 21:57:55', '2023-04-24 21:57:55'),
(254, 5, 'Drops', '0.8ml	-	0	-	0', 1, '2023-04-24 21:58:08', '2023-04-24 21:58:08'),
(255, 5, 'Drops', '0.9ml	-	0	-	0', 1, '2023-04-24 21:58:23', '2023-04-24 21:58:23'),
(256, 5, 'Drops', '1ml	-	0	-	0', 1, '2023-04-24 21:58:43', '2023-04-24 21:58:43'),
(257, 5, 'Drops', '1.5ml	-	0	-	0', 1, '2023-04-24 21:58:56', '2023-04-24 21:58:56'),
(258, 5, 'Drops', '0.1ml	-	0	-	0.1ml', 1, '2023-04-24 22:06:06', '2023-04-24 22:06:06'),
(259, 5, 'Drops', '0.2ml	-	0	-	0.2ml', 1, '2023-04-24 22:06:27', '2023-04-24 22:06:27'),
(260, 5, 'Drops', '0.3ml	-	0	-	0.3ml', 1, '2023-04-24 22:07:51', '2023-04-24 22:07:51'),
(261, 5, 'Drops', '0.4ml	-	0	-	0.4ml', 1, '2023-04-24 22:08:10', '2023-04-24 22:08:10'),
(262, 5, 'Drops', '0.5ml	-	0	-	0.5ml', 1, '2023-04-24 22:08:33', '2023-04-24 22:08:33'),
(263, 5, 'Drops', '0.6ml	-	0	-	0.6ml', 1, '2023-04-24 22:08:51', '2023-04-24 22:08:51'),
(264, 5, 'Drops', '0.7ml	-	0	-	0.7ml', 1, '2023-04-24 22:09:10', '2023-04-24 22:09:10'),
(265, 5, 'Drops', '0.8ml	-	0	-	0.8ml', 1, '2023-04-24 22:09:26', '2023-04-24 22:09:26'),
(266, 5, 'Drops', '0.9ml	-	0	-	0.9ml', 1, '2023-04-24 22:09:45', '2023-04-24 22:09:45'),
(267, 5, 'Drops', '1ml	-	0	-	1ml', 1, '2023-04-24 22:10:03', '2023-04-24 22:10:03'),
(268, 5, 'Drops', '1.5ml	-	0	-	1.5ml', 1, '2023-04-24 22:10:23', '2023-04-24 22:10:23'),
(269, 5, 'Drops', '0	-	0.1ml	-	0', 1, '2023-04-24 22:16:07', '2023-04-24 22:16:07'),
(270, 5, 'Drops', '0	-	0.2ml	-	0', 1, '2023-04-24 22:16:44', '2023-04-24 22:16:44'),
(271, 5, 'Drops', '0	-	0.3ml	-	0', 1, '2023-04-24 22:16:56', '2023-04-24 22:16:56'),
(272, 5, 'Drops', '0	-	0.4ml	-	0', 1, '2023-04-24 22:17:19', '2023-04-24 22:17:19'),
(273, 5, 'Drops', '0	-	0.5ml	-	0', 1, '2023-04-24 22:17:35', '2023-04-24 22:17:35'),
(274, 5, 'Drops', '0	-	0.6ml	-	0', 1, '2023-04-24 22:17:54', '2023-04-24 22:17:54'),
(275, 5, 'Drops', '0	-	0.7ml	-	0', 1, '2023-04-24 22:18:10', '2023-04-24 22:18:10'),
(276, 5, 'Drops', '0	-	0.8ml	-	0', 1, '2023-04-24 22:18:26', '2023-04-24 22:18:26'),
(277, 5, 'Drops', '0	-	0.9ml	-	0', 1, '2023-04-24 22:18:45', '2023-04-24 22:18:45'),
(278, 5, 'Drops', '0	-	1ml	-	0', 1, '2023-04-24 22:19:03', '2023-04-24 22:19:03'),
(279, 5, 'Drops', '0	-	1.5ml	-	0', 1, '2023-04-24 22:19:23', '2023-04-24 22:19:23'),
(281, 4, 'Cream', '0-0-1', 1, '2023-04-24 23:31:51', '2023-04-24 23:31:51'),
(282, 19, 'Syringe', '2CC IM-0-0', 1, '2023-04-24 23:42:36', '2023-04-24 23:42:36'),
(283, 19, 'Syringe', '2CC IM-2CC IM-0', 1, '2023-04-24 23:43:22', '2023-04-24 23:43:22'),
(284, 19, 'Syringe', '2CC IM-2CC IM-2CC IM', 1, '2023-04-24 23:43:49', '2023-04-24 23:43:49'),
(285, 19, 'Syringe', '2CC IM-0-2CC IM', 1, '2023-04-24 23:44:16', '2023-04-24 23:44:16'),
(286, 19, 'Syringe', '0-0-2CC IM', 1, '2023-04-24 23:44:36', '2023-04-24 23:44:36'),
(287, 19, 'Syringe', '0-2CC IM-2CC IM', 1, '2023-04-24 23:45:11', '2023-04-24 23:45:11'),
(288, 19, 'Syringe', '0-0-2CC IM', 1, '2023-04-24 23:45:35', '2023-04-24 23:45:35'),
(289, 19, 'Syringe', '0-2CC IM-0', 1, '2023-04-24 23:46:21', '2023-04-24 23:46:21'),
(290, 19, 'Syringe', '1CC IM-0-0', 1, '2023-04-24 23:47:03', '2023-04-24 23:47:03'),
(291, 19, 'Syringe', '1CC IM-1CC IM-0', 1, '2023-04-24 23:47:32', '2023-04-24 23:47:32'),
(292, 19, 'Syringe', '1CC IM-1CC IM-1CC IM', 1, '2023-04-24 23:48:05', '2023-04-24 23:48:05'),
(293, 19, 'Syringe', '1CC IM -0-1CC IM', 1, '2023-04-24 23:48:24', '2023-04-24 23:48:24'),
(294, 19, 'Syringe', '0-0-1CC IM', 1, '2023-04-24 23:48:41', '2023-04-24 23:48:41'),
(295, 19, 'Syringe', '0-1CC IM-1CC IM', 1, '2023-04-24 23:49:11', '2023-04-24 23:49:11'),
(296, 19, 'Syringe', '0-0-1CC IM', 1, '2023-04-24 23:49:29', '2023-04-24 23:49:29'),
(297, 19, 'Syringe', '0-1CC IM-0', 1, '2023-04-24 23:49:51', '2023-04-24 23:49:51'),
(298, 19, 'Syringe', '1/2CC IM-0-0', 1, '2023-04-24 23:50:12', '2023-04-24 23:50:12'),
(299, 19, 'Syringe', '1/2CC IM-1/2CC IM-0', 1, '2023-04-24 23:51:09', '2023-04-24 23:51:09'),
(300, 19, 'Syringe', '1/2CC IM-1/2CC IM-1/2CC IM', 1, '2023-04-24 23:51:42', '2023-04-24 23:51:42'),
(301, 19, 'Syringe', '1/2CC IM-0-1/2CC IM', 1, '2023-04-24 23:52:19', '2023-04-24 23:52:19'),
(302, 19, 'Syringe', '0-0-1/2CC IM', 1, '2023-04-24 23:52:40', '2023-04-24 23:52:40'),
(303, 19, 'Syringe', '0-1/2CC IM-1/2CC IM', 1, '2023-04-24 23:53:40', '2023-04-24 23:53:40'),
(304, 19, 'Syringe', '0-0-1/2CC IM', 1, '2023-04-24 23:53:58', '2023-04-24 23:53:58'),
(305, 19, 'Syringe', '0-1/2CC IM-0', 1, '2023-04-24 23:54:16', '2023-04-24 23:54:16'),
(306, 18, 'Injection', '1cc IM-0-0', 1, '2023-04-24 23:56:45', '2023-04-24 23:56:45'),
(307, 18, 'Injection', '1CC IM-1CC IM-0', 1, '2023-04-24 23:58:14', '2023-04-24 23:58:14'),
(308, 18, 'Injection', '1CC IM-1CC IM-1CC IM', 1, '2023-04-24 23:58:47', '2023-04-24 23:58:47'),
(309, 18, 'Injection', '1CC IM-0-1CC IM', 1, '2023-04-24 23:59:09', '2023-04-24 23:59:09'),
(310, 18, 'Injection', '0-0-1CC IM', 1, '2023-04-24 23:59:30', '2023-04-24 23:59:30'),
(311, 18, 'Injection', '0-1CC IM-1CC IM', 1, '2023-04-25 00:03:59', '2023-04-25 00:03:59'),
(312, 18, 'Injection', '0-0-1CC IM', 1, '2023-04-25 00:04:29', '2023-04-25 00:04:29'),
(313, 18, 'Injection', '0-1CC IM-0', 1, '2023-04-25 00:04:45', '2023-04-25 00:04:45'),
(314, 18, 'Injection', '2CC IM-0-0', 1, '2023-04-25 00:05:10', '2023-04-25 00:05:10'),
(315, 18, 'Injection', '2CC IM-2CC IM-0', 1, '2023-04-25 00:05:28', '2023-04-25 00:05:28'),
(317, 18, 'Injection', '2CC IM-2CC IM-2CC IM', 1, '2023-04-25 00:38:41', '2023-04-25 00:38:41'),
(318, 18, 'Injection', '2CC IM-0-2CC IM', 1, '2023-04-25 00:39:04', '2023-04-25 00:39:04'),
(319, 18, 'Injection', '0-0-2CC IM', 1, '2023-04-25 00:39:19', '2023-04-25 00:39:19'),
(320, 18, 'Injection', '0-2CC IM-2CC IM', 1, '2023-04-25 00:39:41', '2023-04-25 00:39:41'),
(321, 18, 'Injection', '0-0-2CC IM', 1, '2023-04-25 00:39:58', '2023-04-25 00:39:58'),
(322, 18, 'Injection', '0-2CC IM-0', 1, '2023-04-25 00:40:12', '2023-04-25 00:40:12'),
(323, 18, 'Injection', '1/2CC IM-0-0', 1, '2023-04-25 00:41:46', '2023-04-25 00:41:46'),
(324, 18, 'Injection', '1/2CC IM-1/2CC IM-0', 1, '2023-04-25 00:42:06', '2023-04-25 00:42:06'),
(325, 18, 'Injection', '1/2CC IM-1/2CC IM-1/2CC IM', 1, '2023-04-25 00:42:29', '2023-04-25 00:42:29'),
(326, 18, 'Injection', '1/2CC IM-0-1/2CC IM', 1, '2023-04-25 00:42:54', '2023-04-25 00:42:54'),
(327, 5, 'Drops', '0	-	0.1ml	-	0.1ml', 1, '2023-04-25 00:43:04', '2023-04-25 00:43:04'),
(328, 18, 'Injection', '0-0-1/2CC IM', 1, '2023-04-25 00:43:09', '2023-04-25 00:43:09'),
(329, 5, 'Drops', '0	-	0.2ml	-	0.2ml', 1, '2023-04-25 00:43:24', '2023-04-25 00:43:24'),
(330, 5, 'Drops', '0	-	0.3ml	-	0.3ml', 1, '2023-04-25 00:43:44', '2023-04-25 00:43:44'),
(331, 5, 'Drops', '0	-	0.4ml	-	0.4ml', 1, '2023-04-25 00:44:04', '2023-04-25 00:44:04'),
(332, 5, 'Drops', '0	-	0.5ml	-	0.5ml', 1, '2023-04-25 00:44:22', '2023-04-25 00:44:22'),
(333, 5, 'Drops', '0	-	0.6ml	-	0.6ml', 1, '2023-04-25 00:44:42', '2023-04-25 00:44:42'),
(334, 5, 'Drops', '0	-	0.7ml	-	0.7ml', 1, '2023-04-25 00:44:59', '2023-04-25 00:44:59'),
(335, 5, 'Drops', '0	-	0.8ml	-	0.8ml', 1, '2023-04-25 00:46:32', '2023-04-25 00:46:32'),
(336, 5, 'Drops', '0	-	0.9ml	-	0.9ml', 1, '2023-04-25 00:46:50', '2023-04-25 00:46:50'),
(337, 5, 'Drops', '0	-	1ml	-	1ml', 1, '2023-04-25 00:47:12', '2023-04-25 00:47:12'),
(338, 5, 'Drops', '0	-	1.5ml	-	1.5ml', 1, '2023-04-25 00:47:26', '2023-04-25 00:47:26'),
(339, 5, 'Drops', '0.1ml	-	0.1ml	-	0', 1, '2023-04-25 00:48:39', '2023-04-25 00:48:39'),
(340, 5, 'Drops', '0.2ml	-	0.2ml	-	0', 1, '2023-04-25 00:49:02', '2023-04-25 00:49:02'),
(341, 5, 'Drops', '0.3ml	-	0.3ml	-	0', 1, '2023-04-25 00:49:17', '2023-04-25 00:49:17'),
(342, 5, 'Drops', '0.4ml	-	0.4ml	-	0', 1, '2023-04-25 00:57:10', '2023-04-25 00:57:10'),
(343, 5, 'Drops', '0.5ml	-	0.5ml	-	0', 1, '2023-04-25 00:57:27', '2023-04-25 00:57:27'),
(344, 5, 'Drops', '0.6ml	-	0.6ml	-	0', 1, '2023-04-25 00:57:47', '2023-04-25 00:57:47'),
(345, 5, 'Drops', '0.7ml	-	0.7ml	-	0', 1, '2023-04-25 00:58:09', '2023-04-25 00:58:09'),
(346, 5, 'Drops', '0.8ml	-	0.8ml	-	0', 1, '2023-04-25 00:58:25', '2023-04-25 00:58:25'),
(347, 5, 'Drops', '0.9ml	-	0.9ml	-	0', 1, '2023-04-25 00:58:46', '2023-04-25 00:58:46'),
(348, 5, 'Drops', '1ml	-	1ml	-	0', 1, '2023-04-25 00:59:05', '2023-04-25 00:59:05'),
(350, 5, 'Drops', '0.1ml	-	0	-	0.1ml', 1, '2023-04-25 01:05:15', '2023-04-25 01:05:15'),
(351, 5, 'Drops', '0.2ml	-	0	-	0.2ml', 1, '2023-04-25 01:06:01', '2023-04-25 01:06:01'),
(352, 5, 'Drops', '0.3ml	-	0	-	0.3ml', 1, '2023-04-25 01:06:22', '2023-04-25 01:06:22'),
(353, 5, 'Drops', '0.4ml	-	0	-	0.4ml', 1, '2023-04-25 01:06:43', '2023-04-25 01:06:43'),
(354, 5, 'Drops', '0.5ml	-	0	-	0.5ml', 1, '2023-04-25 01:06:58', '2023-04-25 01:06:58'),
(355, 5, 'Drops', '0.6ml	-	0	-	0.6ml', 1, '2023-04-25 01:07:12', '2023-04-25 01:07:12'),
(356, 5, 'Drops', '0.7ml	-	0	-	0.7ml', 1, '2023-04-25 01:07:33', '2023-04-25 01:07:33'),
(357, 5, 'Drops', '0.8ml	-	0	-	0.8ml', 1, '2023-04-25 01:07:54', '2023-04-25 01:07:54'),
(358, 5, 'Drops', '0.9ml	-	0	-	0.9ml', 1, '2023-04-25 01:09:12', '2023-04-25 01:09:12'),
(359, 5, 'Drops', '1ml	-	0	-	1ml', 1, '2023-04-25 01:09:31', '2023-04-25 01:09:31'),
(360, 5, 'Drops', '1.5ml	-	0	-	1.5ml', 1, '2023-04-25 01:09:46', '2023-04-25 01:09:46'),
(361, 18, 'Injection', '0-1/2CC IM-1/2CC IM', 1, '2023-04-25 01:33:31', '2023-04-25 01:33:31'),
(362, 18, 'Injection', '0-0-1/2CC IM', 1, '2023-04-25 01:33:52', '2023-04-25 01:33:52'),
(363, 18, 'Injection', '0-1/2CC IM-0', 1, '2023-04-25 01:34:22', '2023-04-25 01:34:22'),
(364, 18, 'Injection', '1AMP IV-0-0', 1, '2023-04-25 01:36:03', '2023-04-25 01:36:03'),
(365, 18, 'Injection', '0-0-1AMP IV', 1, '2023-04-25 01:36:28', '2023-04-25 01:36:28'),
(366, 18, 'Injection', '0-1AMP IV-0', 1, '2023-04-25 01:37:06', '2023-04-25 01:37:06'),
(368, 18, 'Injection', '1VIAL IV-0-0', 1, '2023-04-25 01:45:33', '2023-04-25 01:45:33'),
(369, 18, 'Injection', '1VIAL IV-0-1VIAL IV', 1, '2023-04-25 01:46:17', '2023-04-25 01:46:17'),
(371, 18, 'Injection', '0-0-1VIAL IV', 1, '2023-04-25 02:31:58', '2023-04-25 02:31:58'),
(372, 18, 'Injection', '1VIAL IV-1VIAL IV-1VIAL IV', 1, '2023-04-25 02:41:15', '2023-04-25 02:41:15'),
(373, 18, 'Injection', '0-1VIAL IV-0', 1, '2023-04-25 02:43:10', '2023-04-25 02:43:10'),
(375, 18, 'Injection', '1AMP IV-1AMP IV-1AMP IV', 1, '2023-04-25 02:44:45', '2023-04-25 02:44:45'),
(376, 15, 'Vaccination', '1CC IM-0-0', 1, '2023-04-25 02:47:58', '2023-04-25 02:47:58'),
(377, 15, 'Vaccination', '1CC IM-0-1CC IM', 1, '2023-04-25 02:48:21', '2023-04-25 02:48:21'),
(378, 15, 'Vaccination', '1CC IM-1CC IM-1CC IM', 1, '2023-04-25 02:48:45', '2023-04-25 02:48:45'),
(379, 15, 'Vaccination', '0-0-1CC IM', 1, '2023-04-25 02:49:02', '2023-04-25 02:49:02'),
(380, 15, 'Vaccination', '0-1CC IM-0', 1, '2023-04-25 02:49:46', '2023-04-25 02:49:46'),
(381, 15, 'Vaccination', '2CC IM-0-0', 1, '2023-04-25 02:50:10', '2023-04-25 02:50:10'),
(382, 15, 'Vaccination', '2CC IM-0-2CC IM', 1, '2023-04-25 02:50:36', '2023-04-25 02:50:36'),
(383, 15, 'Vaccination', '0-2CC IM-0', 1, '2023-04-25 02:50:53', '2023-04-25 02:50:53'),
(384, 15, 'Vaccination', '0-0-2CC IM', 1, '2023-04-25 02:51:08', '2023-04-25 02:51:08'),
(385, 15, 'Vaccination', '2CC IM-2CC IM-2CC IM', 1, '2023-04-25 02:51:33', '2023-04-25 02:51:33'),
(386, 15, 'Vaccination', '1/2CC IM-0-0', 1, '2023-04-25 02:52:42', '2023-04-25 02:52:42'),
(387, 15, 'Vaccination', '0-0-1/2CC IM', 1, '2023-04-25 02:53:04', '2023-04-25 02:53:04'),
(388, 15, 'Vaccination', '1/2CC IM-1/2CC IM-1/2CC IM', 1, '2023-04-25 02:53:45', '2023-04-25 02:53:45'),
(389, 15, 'Vaccination', '1/2CC IM-0-1/2CC IM', 1, '2023-04-25 02:55:11', '2023-04-25 02:55:11'),
(390, 15, 'Vaccination', '0-1/2CC IM-0', 1, '2023-04-25 02:55:41', '2023-04-25 02:55:41'),
(392, 15, 'Vaccination', '1AMP IV-0-0', 1, '2023-04-25 02:56:39', '2023-04-25 02:56:39'),
(393, 15, 'Vaccination', '1AMP IV-0-1AMP IV', 1, '2023-04-25 02:58:42', '2023-04-25 02:58:42'),
(394, 15, 'Vaccination', '1AMP IV-1AMP IV-1AMP IV', 1, '2023-04-25 02:59:15', '2023-04-25 02:59:15'),
(395, 15, 'Vaccination', '0-0-1AMP IV', 1, '2023-04-25 02:59:33', '2023-04-25 02:59:33'),
(396, 15, 'Vaccination', '0-1AMP IV-0', 1, '2023-04-25 02:59:48', '2023-04-25 02:59:48'),
(397, 15, 'Vaccination', '1VIAL IV-0-0', 1, '2023-04-25 03:00:27', '2023-04-25 03:00:27'),
(398, 15, 'Vaccination', '1VIAL IV-0-1VIAL IV', 1, '2023-04-25 03:00:51', '2023-04-25 03:00:51'),
(399, 15, 'Vaccination', '1VIAL IV-1VIAL IV-1VIAL IV', 1, '2023-04-25 03:01:29', '2023-04-25 03:01:29'),
(400, 15, 'Vaccination', '0-0-1VIAL IV', 1, '2023-04-25 03:01:43', '2023-04-25 03:01:43'),
(401, 15, 'Vaccination', '0-1VIAL IV-0', 1, '2023-04-25 03:02:01', '2023-04-25 03:02:01');

-- --------------------------------------------------------

--
-- Table structure for table `tb_medicine_request`
--

CREATE TABLE `tb_medicine_request` (
  `id` int(11) NOT NULL,
  `pharmacy_id` int(10) DEFAULT NULL,
  `pharmacy_name` text,
  `notify` text,
  `medicine_id` int(10) DEFAULT NULL,
  `medicine_name` text,
  `med_type_id` int(10) DEFAULT '0',
  `med_type` text,
  `request_count` int(10) DEFAULT NULL,
  `dispatched_quantity` int(10) DEFAULT '0',
  `received_quantity` int(10) DEFAULT '0',
  `status` int(10) DEFAULT NULL,
  `created_at` timestamp NULL DEFAULT CURRENT_TIMESTAMP,
  `updated_at` timestamp NULL DEFAULT CURRENT_TIMESTAMP
) ENGINE=InnoDB DEFAULT CHARSET=latin1;

--
-- Dumping data for table `tb_medicine_request`
--

INSERT INTO `tb_medicine_request` (`id`, `pharmacy_id`, `pharmacy_name`, `notify`, `medicine_id`, `medicine_name`, `med_type_id`, `med_type`, `request_count`, `dispatched_quantity`, `received_quantity`, `status`, `created_at`, `updated_at`) VALUES
(1, 1, 'KIMS Pharmacy', '1', 20, 'Covishield', 15, 'Vaccination', 500, 500, 0, 2, '2023-06-10 03:16:56', '2023-06-10 03:19:54'),
(2, 1, 'KIMS Pharmacy', '2', 20, 'Covishield', 15, 'ccination', 500, 500, 0, 2, '2023-06-10 03:18:14', '2023-06-10 03:19:54'),
(3, 1, 'KIMS Pharmacy', '2', 10, 'Zedex', 21, 'rup', 500, 500, 0, 2, '2023-06-10 03:18:35', '2023-06-10 03:20:12'),
(4, 1, 'KIMS Pharmacy', '2', 27, 'Luer slip syringe', 19, 'ringe', 500, 500, 0, 2, '2023-06-10 03:18:53', '2023-06-10 03:20:12'),
(5, 6, 'SSR Medicals', '3', 14, 'Voltaren Gel', 9, 'Gel', 800, 800, 0, 1, '2023-06-13 04:23:42', '2023-06-13 04:23:42'),
(6, 6, 'SSR Medicals', '4', 10, 'Zedex', 21, 'Syrup', 300, 300, 0, 1, '2023-06-13 04:24:05', '2023-06-13 04:24:05'),
(7, 7, 'SK Medicals', '5', 10, 'Zedex', 21, 'Syrup', 200, 200, 0, 2, '2023-06-13 19:10:55', '2023-06-13 19:14:37'),
(8, 7, 'SK Medicals', '6', 25, 'Ventolin Inhaler', 20, 'Inhaler', 500, 500, 0, 2, '2023-06-13 19:12:59', '2023-06-13 19:14:25'),
(9, 5, 'Lords Pharmacy', '7', 25, 'Ventolin Inhaler', 20, 'Inhaler', 100, 100, 0, 2, '2023-06-16 16:00:55', '2023-06-16 18:10:41'),
(10, 5, 'Lords Pharmacy', '8', 12, 'Zecuf Syrup', 21, 'Syrup', 100, 100, 0, 2, '2023-06-16 16:01:32', '2023-06-16 18:10:51'),
(11, 5, 'Lords Pharmacy', '9', 26, 'Insulin Syringe', 19, 'Syringe', 100, 100, 0, 2, '2023-06-16 16:02:37', '2023-06-16 18:11:01'),
(12, 5, 'Lords Pharmacy', '10', 20, 'Covishield', 15, 'Vaccination', 100, 100, 0, 2, '2023-06-16 16:02:53', '2023-06-16 18:11:11'),
(13, 8, 'Ramakrishna pharmacy', '11', 28, 'meftallspause', 2, 'Capsule', 800, 800, 0, 1, '2023-06-19 23:26:26', '2023-06-19 23:26:26'),
(14, 9, 'Ramakrishna', '12', 28, 'meftallspause', 2, 'Capsule', 800, 800, 0, 2, '2023-06-20 01:53:55', '2023-06-20 18:28:02'),
(15, 9, 'Ramakrishna', '14', 28, 'meftallspause', 2, 'psule', 100, 80, 0, 2, '2023-06-20 01:55:03', '2023-06-20 18:28:02'),
(16, 9, 'Ramakrishna', '13', 28, 'meftallspause', 2, 'Capsule', 100, 100, 0, 2, '2023-06-20 01:56:05', '2023-06-20 18:28:02'),
(17, 9, 'Ramakrishna', '15', 28, 'meftallspause', 2, 'Capsule', 499, 499, 0, 2, '2023-06-20 18:25:47', '2023-06-20 18:28:02'),
(18, 9, 'Ramakrishna', '16', 28, 'meftallspause', 2, 'Capsule', 3500, 3500, 0, 1, '2023-06-20 18:29:20', '2023-06-20 18:29:20'),
(19, 9, 'Ramakrishna', '17', 28, 'meftallspause', 2, 'Capsule', 3500, 3500, 0, 1, '2023-06-20 18:29:51', '2023-06-20 18:29:51'),
(20, 9, 'Ramakrishna', '18', 22, 'Insulin', 18, 'Injection', 999, 999, 0, 1, '2023-06-20 23:58:37', '2023-06-20 23:58:37'),
(21, 5, 'Lords Pharmacy', '19', 10, 'Zedex', 21, 'Syrup', 100, 100, 0, 2, '2023-06-21 01:37:28', '2023-06-21 02:08:53'),
(22, 5, 'Lords Pharmacy', '20', 20, 'Covishield', 15, 'Vaccination', 300, 300, 0, 2, '2023-06-21 01:38:13', '2023-06-21 02:09:07'),
(23, 5, 'Lords Pharmacy', '21', 26, 'Insulin Syringe', 19, 'ringe', 1000, 1000, 0, 2, '2023-06-21 02:01:35', '2023-06-21 02:11:26'),
(24, 5, 'Lords Pharmacy', '23', 28, 'meftallspause', 2, 'Capsule', 500, 500, 0, 2, '2023-06-21 02:12:05', '2023-06-21 02:12:52'),
(25, 9, 'Ramakrishna', '24', 25, 'Ventolin Inhaler', 20, 'Inhaler', 200, 200, 0, 1, '2023-06-21 02:17:42', '2023-06-21 02:17:42'),
(26, 5, 'Lords Pharmacy', '25', 27, 'Luer slip syringe', 19, 'Syringe', 100, 100, 0, 1, '2023-06-21 02:22:31', '2023-06-21 02:22:31'),
(27, 9, 'Ramakrishna', '26', 27, 'Luer slip syringe', 19, 'Syringe', 100, 100, 0, 2, '2023-06-21 02:23:30', '2023-06-21 02:24:10'),
(28, 5, 'Lords Pharmacy', '27', 10, 'Zedex', 21, 'Syrup', 100, 100, 0, 1, '2023-06-21 02:27:03', '2023-06-21 02:27:03'),
(29, 12, 'City Medicals', '28', 16, 'Eucerin Lotion', 10, 'Lotion', 800, 800, 0, 2, '2023-06-21 18:18:48', '2023-06-21 18:19:46'),
(30, 12, 'City Medicals', '29', 10, 'Zedex', 21, 'Syrup', 100, 100, 0, 2, '2023-06-21 18:19:06', '2023-06-21 18:19:56'),
(31, 9, 'Ramakrishna', '30', 29, 'paracetamol', 2, 'Capsule', 100, 100, 0, 2, '2023-06-23 20:19:58', '2023-08-09 17:03:33'),
(32, 9, 'Ramakrishna', '35', 28, 'meftallspause', 2, 'psule', 1200, 1200, 0, 1, '2023-08-09 16:52:31', '2023-08-09 17:10:20'),
(33, 9, 'Ramakrishna', '34', 8, 'Pantoprazole', 8, 'blet', 1000, 1000, 0, 1, '2023-08-09 16:52:53', '2023-08-09 17:10:13'),
(34, 9, 'Ramakrishna', '31', 10, 'Zedex', 21, 'Syrup', 50, 50, 0, 2, '2023-08-09 17:02:41', '2023-08-09 17:03:20'),
(35, 14, 'AyushMedicals', '32', 29, 'paracetamol', 2, 'Capsule', 500, 500, 0, 2, '2023-08-09 17:06:55', '2023-08-09 17:07:31'),
(36, 14, 'AyushMedicals', '33', 28, 'meftallspause', 2, 'Capsule', 800, 800, 0, 2, '2023-08-09 17:07:14', '2023-08-09 17:07:25'),
(37, 14, 'AyushMedicals', '36', 20, 'Covishield', 15, 'Vaccination', 50, 50, 0, 1, '2023-08-09 18:47:48', '2023-08-09 18:47:48'),
(38, 17, 'Pharmacy Lissy', '37', 30, 'Vitamin C', 5, 'Drops', 500, 500, 0, 2, '2024-07-12 01:35:29', '2024-07-12 05:49:32'),
(39, 17, 'Pharmacy Lissy', NULL, 1, 'Amlodipine', 2, 'psule', 120, 0, 0, 0, '2024-07-12 05:50:25', '2024-07-12 05:50:25'),
(40, 17, 'Pharmacy Lissy', NULL, 8, 'Pantoprazole', 8, 'blet', 800, 0, 0, 0, '2024-07-12 05:51:02', '2024-07-12 05:51:02'),
(41, 19, 'SRM Medicals', '38', 30, 'Vitamin C', 5, 'Drops', 100, 100, 0, 1, '2024-07-15 22:41:41', '2024-07-15 22:41:41'),
(42, 19, 'SRM Medicals', '39', 28, 'meftallspause', 2, 'Capsule', 1000, 1000, 0, 2, '2024-07-15 22:42:26', '2024-07-15 22:43:52'),
(43, 19, 'SRM Medicals', '40', 22, 'Insulin', 18, 'Injection', 500, 500, 0, 1, '2024-07-15 22:43:13', '2024-07-15 22:43:13'),
(44, 19, 'SRM Medicals', '41', 30, 'Vitamin C', 5, 'ops', 50, 50, 0, 1, '2024-07-15 22:44:48', '2024-07-15 22:45:20'),
(45, 20, 'Ayur Care Medicals', '42', 35, 'Meftal Spas', 8, 'Tablet', 800, 800, 0, 2, '2024-07-18 19:58:58', '2024-07-18 20:00:42'),
(46, 20, 'Ayur Care Medicals', '43', 34, 'Lisinopril', 5, 'Drops', 2000, 2000, 0, 1, '2024-07-18 19:59:13', '2024-07-18 19:59:13'),
(47, 20, 'Ayur Care Medicals', '44', 33, 'Lisinopril', 5, 'Drops', 2000, 2000, 0, 2, '2024-07-18 19:59:32', '2024-07-18 20:00:32'),
(48, 20, 'Ayur Care Medicals', '45', 29, 'paracetamol', 2, 'psule', 1000, 1000, 0, 2, '2024-07-18 20:01:16', '2024-07-18 20:01:50'),
(49, 20, 'Ayur Care Medicals', '46', 27, 'Luer slip syringe', 19, 'ringe', 100, 100, 0, 2, '2024-07-18 20:02:37', '2024-07-18 20:02:59'),
(50, 25, 'Ren Medicals', '47', 35, 'Meftal Spas', 8, 'Tablet', 100, 100, 0, 2, '2024-09-05 21:28:42', '2024-09-05 21:37:18'),
(51, 25, 'Ren Medicals', '48', 31, 'Vit D3', 5, 'Drops', 500, 500, 0, 2, '2024-09-05 21:28:58', '2024-09-05 21:37:38'),
(52, 25, 'Ren Medicals', '49', 29, 'paracetamol', 2, 'Capsule', 500, 500, 0, 2, '2024-09-05 21:29:14', '2024-09-05 21:37:49'),
(53, 25, 'Ren Medicals', '50', 14, 'Voltaren Gel', 9, 'Gel', 200, 200, 0, 2, '2024-09-05 21:29:51', '2024-09-05 21:38:11'),
(54, 25, 'Ren Medicals', '52', 1, 'Amlodipine', 2, 'psule', 1200, 800, 0, 2, '2024-09-05 21:52:00', '2024-09-05 21:55:11'),
(55, 25, 'Ren Medicals', '51', 7, 'Melatonin', 8, 'blet', 1000, 800, 0, 2, '2024-09-05 21:52:22', '2024-09-05 21:55:02'),
(56, 26, 'AB Pharmacy', '54', 37, 'Paracetamol', 2, 'Capsule', 10, 10, 0, 2, '2024-09-20 22:42:55', '2024-09-21 16:52:11'),
(57, 26, 'AB Pharmacy', '55', 36, 'Paracetamol', 2, 'Capsule', 10, 10, 0, 1, '2024-09-20 22:44:11', '2024-09-20 22:44:11'),
(58, 26, 'AB Pharmacy', '56', 36, 'Paracetamol', 2, 'Capsule', 10, 10, 0, 1, '2024-09-20 23:15:47', '2024-09-20 23:15:47'),
(59, 26, 'AB Pharmacy', '57', 29, 'paracetamol', 2, 'psule', 10, 10, 0, 2, '2024-09-21 16:51:02', '2024-09-21 17:00:17'),
(60, 26, 'AB Pharmacy', '58', 29, 'paracetamol', 2, 'psule', 50, 50, 0, 2, '2024-09-21 16:59:32', '2024-09-21 17:00:17'),
(61, 26, 'AB Pharmacy', '59', 6, 'Cordran-SP Cream', 4, 'eam', 50, 50, 0, 1, '2024-09-23 21:10:12', '2024-09-23 21:25:19'),
(62, 26, 'AB Pharmacy', '61', 4, 'Pandel Cream', 4, 'eam', 100, 100, 0, 1, '2024-09-24 17:54:25', '2024-09-24 17:56:49'),
(63, 1, 'KIMS Pharmacy', '62', 47, 'Lacto Calamine', 10, 'Lotion', 50, 50, 0, 1, '2024-09-25 21:59:56', '2024-09-25 21:59:56'),
(64, 26, 'AB Pharmacy', '63', 46, 'Evion 400 mg', 2, 'Capsule', 500, 500, 0, 2, '2024-09-25 22:00:34', '2024-09-25 22:01:40'),
(65, 26, 'AB Pharmacy', '64', 2, 'Benzonatate', 2, 'psule', 500, 500, 0, 1, '2024-09-25 22:02:45', '2024-09-25 22:03:57'),
(66, 26, 'AB Pharmacy', '65', 2, 'Benzonatate', 2, 'Capsule', 500, 500, 0, 1, '2024-09-25 22:09:34', '2024-09-25 22:09:34'),
(67, 26, 'AB Pharmacy', '66', 1, 'Amlodipine', 2, 'psule', 500, 500, 0, 1, '2024-09-25 22:10:22', '2024-09-25 22:13:59'),
(68, 26, 'AB Pharmacy', '67', 1, 'Amlodipine', 2, 'Capsule', 100, 100, 0, 1, '2024-09-25 22:16:54', '2024-09-25 22:16:54'),
(69, 26, 'AB Pharmacy', '69', 48, 'Dermadew Bact', 11, 'Soap', 250, 250, 0, 1, '2024-09-27 20:48:56', '2024-09-27 20:48:56'),
(70, 26, 'AB Pharmacy', '70', 1, 'Amlodipine', 2, 'Capsule', 100, 100, 0, 1, '2024-09-27 22:52:36', '2024-09-27 22:52:36'),
(71, 30, 'AR PHARMACY', '72', 29, 'paracetamol', 2, 'psule', 500, 500, 0, 2, '2024-11-06 17:12:51', '2024-11-06 18:29:55'),
(72, 30, 'AR PHARMACY', '71', 2, 'Benzonatate', 2, 'psule', 500, 500, 0, 2, '2024-11-06 17:13:17', '2024-11-06 18:29:38'),
(73, 30, 'AR PHARMACY', '73', 29, 'paracetamol', 2, 'psule', 500, 500, 0, 2, '2024-11-06 17:15:17', '2024-11-06 18:29:55'),
(74, 30, 'AR PHARMACY', '74', 37, 'Paracetamol', 2, 'Capsule', 500, 500, 0, 2, '2024-11-06 17:33:48', '2024-11-06 18:29:22'),
(75, 30, 'AR PHARMACY', '75', 36, 'Paracetamol', 2, 'Capsule', 500, 500, 0, 2, '2024-11-06 17:34:02', '2024-11-06 18:30:14'),
(76, 30, 'AR PHARMACY', '76', 29, 'paracetamol', 2, 'Capsule', 500, 500, 0, 2, '2024-11-06 17:34:15', '2024-11-06 18:29:55'),
(77, 30, 'AR PHARMACY', '77', 2, 'Benzonatate', 2, 'Capsule', 500, 500, 0, 2, '2024-11-06 17:34:49', '2024-11-06 18:29:38'),
(78, 30, 'AR PHARMACY', '79', 37, 'Paracetamol', 2, 'Capsule', 500, 500, 0, 2, '2024-11-06 17:48:29', '2024-11-06 18:29:22');

-- --------------------------------------------------------

--
-- Table structure for table `tb_medicine_types`
--

CREATE TABLE `tb_medicine_types` (
  `id` int(11) NOT NULL,
  `type` text,
  `status` int(10) DEFAULT NULL,
  `created_at` timestamp NULL DEFAULT CURRENT_TIMESTAMP,
  `updated_at` timestamp NULL DEFAULT CURRENT_TIMESTAMP
) ENGINE=InnoDB DEFAULT CHARSET=latin1;

--
-- Dumping data for table `tb_medicine_types`
--

INSERT INTO `tb_medicine_types` (`id`, `type`, `status`, `created_at`, `updated_at`) VALUES
(2, 'Capsule', 1, '2023-04-19 19:15:43', '2023-04-19 19:15:43'),
(4, 'Cream', 1, '2023-04-19 20:08:01', '2023-04-19 20:08:01'),
(5, 'Drops', 1, '2023-04-19 20:08:19', '2023-04-19 20:08:19'),
(8, 'Tablet', 1, '2023-04-19 20:09:28', '2023-04-19 20:09:28'),
(9, 'Gel', 1, '2023-04-19 20:09:43', '2023-04-19 20:09:43'),
(10, 'Lotion', 1, '2023-04-19 20:09:52', '2023-04-19 20:09:52'),
(11, 'Soap', 1, '2023-04-19 20:10:09', '2023-04-19 20:10:09'),
(12, 'Ointment', 1, '2023-04-19 20:10:47', '2023-04-19 20:10:47'),
(13, 'Sachet', 1, '2023-04-19 20:11:02', '2023-04-19 20:11:02'),
(15, 'Vaccination', 1, '2023-04-19 20:11:31', '2023-04-19 20:11:31'),
(18, 'Injection', 1, '2023-04-20 20:13:57', '2023-04-20 20:13:57'),
(19, 'Syringe', 1, '2023-04-20 20:41:16', '2023-04-20 20:41:16'),
(20, 'Inhaler', 1, '2023-04-20 20:42:09', '2023-04-20 20:42:09'),
(21, 'Syrup', 1, '2023-04-24 19:23:07', '2023-04-24 19:23:07');

-- --------------------------------------------------------

--
-- Table structure for table `tb_notification`
--

CREATE TABLE `tb_notification` (
  `id` int(11) NOT NULL,
  `sender_id` int(10) DEFAULT NULL,
  `receiver_id` int(10) DEFAULT NULL,
  `patient_id` int(10) DEFAULT NULL,
  `message` text,
  `created_at` timestamp NULL DEFAULT CURRENT_TIMESTAMP,
  `updated_at` timestamp NULL DEFAULT CURRENT_TIMESTAMP
) ENGINE=InnoDB DEFAULT CHARSET=latin1;

--
-- Dumping data for table `tb_notification`
--

INSERT INTO `tb_notification` (`id`, `sender_id`, `receiver_id`, `patient_id`, `message`, `created_at`, `updated_at`) VALUES
(1, 1, 2, 1, 'Daya has been referred to you by Reji Joseph', '2023-06-10 03:21:36', '2023-06-10 03:21:36'),
(2, 13, 11, 3, 'Sohan Lal has been referred to you by Kabeer S', '2023-06-13 19:24:39', '2023-06-13 19:24:39'),
(3, 11, 13, 4, 'Sohan Lal has been referred to you by Swasika', '2023-06-13 19:34:48', '2023-06-13 19:34:48'),
(4, 11, 13, 5, 'ajeena has been referred to you by Swasika', '2023-06-13 19:42:38', '2023-06-13 19:42:38'),
(5, 14, 11, 7, 'Deepa has been referred to you by Sweta Menon', '2023-06-16 18:18:54', '2023-06-16 18:18:54'),
(6, 16, 13, 9, 'Malti Singh has been referred to you by Shikhaa', '2023-06-21 00:15:33', '2023-06-21 00:15:33'),
(7, 20, 21, 14, 'Ameer A has been referred to you by Sagar Surya', '2023-06-21 17:37:35', '2023-06-21 17:37:35'),
(8, 20, 21, 13, 'Emily A has been referred to you by Sagar Surya', '2023-06-21 18:10:46', '2023-06-21 18:10:46'),
(9, 20, 21, 13, 'Emily A has been referred to you by Sagar Surya', '2023-06-21 18:10:49', '2023-06-21 18:10:49'),
(10, 20, 21, 13, 'Emily A has been referred to you by Sagar Surya', '2023-06-21 18:10:51', '2023-06-21 18:10:51'),
(11, 21, 22, 17, 'Rishu A has been referred to you by Lallu Chandran', '2023-06-21 18:39:22', '2023-06-21 18:39:22'),
(12, 26, 13, 18, 'Sohan Lal has been referred to you by Chinju S', '2023-08-08 23:09:41', '2023-08-08 23:09:41'),
(13, 13, 26, 6, 'ajeena has been referred to you by Kabeer S', '2023-08-09 16:50:42', '2023-08-09 16:50:42'),
(14, 26, 27, 18, 'Sohan Lal has been referred to you by Chinju S', '2023-08-09 17:16:52', '2023-08-09 17:16:52'),
(15, 13, 27, 6, 'ajeena has been referred to you by Kabeer S', '2023-08-09 17:21:37', '2023-08-09 17:21:37'),
(16, 27, 26, 20, 'Sohan Lal has been referred to you by Ziya S', '2023-08-09 18:44:08', '2023-08-09 18:44:08'),
(17, 41, 40, 31, 'Anjali S Nair has been referred to you by Nimisha S', '2024-07-19 23:10:48', '2024-07-19 23:10:48'),
(18, 40, 41, 32, 'Anjali S Nair has been referred to you by Ajay S Kumar', '2024-07-23 21:38:30', '2024-07-23 21:38:30'),
(19, 41, 37, 33, 'Anu S has been referred to you by Nimisha S', '2024-07-23 21:50:04', '2024-07-23 21:50:04'),
(20, 37, 41, 35, 'Pinky S has been referred to you by Aneeta S', '2024-07-23 22:56:48', '2024-07-23 22:56:48'),
(21, 41, 40, 37, 'Amrutha S has been referred to you by Nimisha S', '2024-07-24 03:19:24', '2024-07-24 03:19:24'),
(22, 41, 37, 37, 'Amrutha S has been referred to you by Nimisha S', '2024-07-24 20:39:59', '2024-07-24 20:39:59'),
(23, 37, 40, 34, 'Anu S has been referred to you by Aneeta S', '2024-07-24 21:47:45', '2024-07-24 21:47:45'),
(24, 44, 37, 43, 'Ayana has been referred to you by Anusree S', '2024-07-24 22:03:33', '2024-07-24 22:03:33'),
(25, 44, 43, 44, 'Dayna Samuel has been referred to you by Anusree S', '2024-07-24 22:11:36', '2024-07-24 22:11:36'),
(26, 48, 45, 47, 'Poppy has been referred to you by Testdoc', '2024-08-20 19:06:09', '2024-08-20 19:06:09'),
(27, 48, 50, 47, 'Poppy has been referred to you by Testdoc', '2024-08-20 19:06:25', '2024-08-20 19:06:25'),
(28, 48, 50, 48, 'Asif B R  has been referred to you by Testdoc', '2024-08-20 19:21:41', '2024-08-20 19:21:41'),
(29, 57, 58, 57, 'Juli S has been referred to you by Renald S', '2024-09-05 22:08:07', '2024-09-05 22:08:07'),
(30, 62, 37, 62, 'Amina Y has been referred to you by John', '2024-09-24 17:21:44', '2024-09-24 17:21:44'),
(31, 64, 62, 65, 'Trial has been referred to you by George', '2024-09-27 18:31:12', '2024-09-27 18:31:12'),
(32, 64, 62, 65, 'Trial has been referred to you by George', '2024-09-27 18:37:47', '2024-09-27 18:37:47'),
(33, 65, 66, 100, 'Krishnadas Pisharam has been referred to you by Abin', '2024-11-14 00:04:19', '2024-11-14 00:04:19'),
(34, 65, 66, 100, 'Krishnadas Pisharam has been referred to you by Abin', '2024-11-14 00:04:49', '2024-11-14 00:04:49'),
(35, 65, 66, 100, 'Krishnadas Pisharam has been referred to you by Abin', '2024-11-14 00:06:55', '2024-11-14 00:06:55'),
(36, 65, 66, 101, 'Harish has been referred to you by Abin', '2024-11-14 00:17:30', '2024-11-14 00:17:30'),
(37, 66, 65, 103, 'fty has been referred to you by Abinesh', '2024-11-14 00:47:07', '2024-11-14 00:47:07'),
(38, 65, 66, 100, 'Krishnadas Pisharam has been referred to you by Abin', '2024-11-14 00:50:03', '2024-11-14 00:50:03'),
(39, 65, 66, 101, 'Harish has been referred to you by Abin', '2024-11-14 00:55:24', '2024-11-14 00:55:24');

-- --------------------------------------------------------

--
-- Table structure for table `tb_notification_request`
--

CREATE TABLE `tb_notification_request` (
  `id` int(11) NOT NULL,
  `pharmacy_id` int(10) DEFAULT NULL,
  `Title` text,
  `Type` text,
  `status` int(10) DEFAULT '0',
  `created_at` timestamp NULL DEFAULT CURRENT_TIMESTAMP,
  `updated_at` timestamp NULL DEFAULT CURRENT_TIMESTAMP
) ENGINE=InnoDB DEFAULT CHARSET=latin1;

--
-- Dumping data for table `tb_notification_request`
--

INSERT INTO `tb_notification_request` (`id`, `pharmacy_id`, `Title`, `Type`, `status`, `created_at`, `updated_at`) VALUES
(1, 1, 'District Hospital has dispatched 500  Medicines for You!!', 'medicine_request', 1, '2023-06-10 03:16:56', '2023-06-10 03:19:54'),
(2, 1, 'District Hospital has dispatched 1500  Medicines for You!!', 'medicine_request', 1, '2023-06-10 03:19:17', '2023-06-10 03:20:12'),
(3, 6, 'District Hospital has dispatched 800  Medicines for You!!', 'medicine_request', 0, '2023-06-13 04:23:42', '2023-06-13 04:23:42'),
(4, 6, 'District Hospital has dispatched 300  Medicines for You!!', 'medicine_request', 0, '2023-06-13 04:24:05', '2023-06-13 04:24:05'),
(5, 7, 'District Hospital has dispatched 200  Medicines for You!!', 'medicine_request', 1, '2023-06-13 19:10:55', '2023-06-13 19:14:37'),
(6, 7, 'District Hospital has dispatched 500  Medicines for You!!', 'medicine_request', 1, '2023-06-13 19:12:59', '2023-06-13 19:14:25'),
(7, 5, 'District Hospital has dispatched 100  Medicines for You!!', 'medicine_request', 1, '2023-06-16 16:00:55', '2023-06-16 18:10:41'),
(8, 5, 'District Hospital has dispatched 100  Medicines for You!!', 'medicine_request', 1, '2023-06-16 16:01:32', '2023-06-16 18:10:51'),
(9, 5, 'District Hospital has dispatched 100  Medicines for You!!', 'medicine_request', 1, '2023-06-16 16:02:37', '2023-06-16 18:11:01'),
(10, 5, 'District Hospital has dispatched 100  Medicines for You!!', 'medicine_request', 1, '2023-06-16 16:02:53', '2023-06-16 18:11:11'),
(11, 8, 'District Hospital has dispatched 800  Medicines for You!!', 'medicine_request', 0, '2023-06-19 23:26:26', '2023-06-19 23:26:26'),
(12, 9, 'District Hospital has dispatched 800  Medicines for You!!', 'medicine_request', 1, '2023-06-20 01:53:55', '2023-06-20 18:28:02'),
(13, 9, 'District Hospital has dispatched 100  Medicines for You!!', 'medicine_request', 0, '2023-06-20 01:56:05', '2023-06-20 01:56:05'),
(14, 9, 'District Hospital has dispatched 80  Medicines for You!!', 'medicine_request', 0, '2023-06-20 01:57:20', '2023-06-20 01:57:20'),
(15, 9, 'District Hospital has dispatched 499  Medicines for You!!', 'medicine_request', 0, '2023-06-20 18:25:47', '2023-06-20 18:25:47'),
(16, 9, 'District Hospital has dispatched 3500  Medicines for You!!', 'medicine_request', 0, '2023-06-20 18:29:20', '2023-06-20 18:29:20'),
(17, 9, 'District Hospital has dispatched 3500  Medicines for You!!', 'medicine_request', 0, '2023-06-20 18:29:51', '2023-06-20 18:29:51'),
(18, 9, 'District Hospital has dispatched 999  Medicines for You!!', 'medicine_request', 0, '2023-06-20 23:58:37', '2023-06-20 23:58:37'),
(19, 5, 'District Hospital has dispatched 100  Medicines for You!!', 'medicine_request', 1, '2023-06-21 01:37:28', '2023-06-21 02:08:53'),
(20, 5, 'District Hospital has dispatched 300  Medicines for You!!', 'medicine_request', 1, '2023-06-21 01:38:13', '2023-06-21 02:09:07'),
(21, 5, 'District Hospital has dispatched 1000  Medicines for You!!', 'medicine_request', 1, '2023-06-21 02:03:47', '2023-06-21 02:11:26'),
(22, 5, 'District Hospital has dispatched Request for 5PCs for You!!', 'other_request', 1, '2023-06-21 02:04:38', '2023-06-21 02:11:36'),
(23, 5, 'District Hospital has dispatched 500  Medicines for You!!', 'medicine_request', 1, '2023-06-21 02:12:05', '2023-06-21 02:12:52'),
(24, 9, 'District Hospital has dispatched 200  Medicines for You!!', 'medicine_request', 0, '2023-06-21 02:17:42', '2023-06-21 02:17:42'),
(25, 5, 'District Hospital has dispatched 100  Medicines for You!!', 'medicine_request', 0, '2023-06-21 02:22:31', '2023-06-21 02:22:31'),
(26, 9, 'District Hospital has dispatched 100  Medicines for You!!', 'medicine_request', 1, '2023-06-21 02:23:30', '2023-06-21 02:24:10'),
(27, 5, 'District Hospital has dispatched 100  Medicines for You!!', 'medicine_request', 0, '2023-06-21 02:27:03', '2023-06-21 02:27:03'),
(28, 12, 'District Hospital has dispatched 800  Medicines for You!!', 'medicine_request', 1, '2023-06-21 18:18:48', '2023-06-21 18:19:46'),
(29, 12, 'District Hospital has dispatched 100  Medicines for You!!', 'medicine_request', 1, '2023-06-21 18:19:06', '2023-06-21 18:19:56'),
(30, 9, 'District Hospital has dispatched 100  Medicines for You!!', 'medicine_request', 1, '2023-06-23 20:19:58', '2023-08-09 17:03:33'),
(31, 9, 'District Hospital has dispatched 50  Medicines for You!!', 'medicine_request', 1, '2023-08-09 17:02:41', '2023-08-09 17:03:20'),
(32, 14, 'District Hospital has dispatched 500  Medicines for You!!', 'medicine_request', 1, '2023-08-09 17:06:55', '2023-08-09 17:07:31'),
(33, 14, 'District Hospital has dispatched 800  Medicines for You!!', 'medicine_request', 1, '2023-08-09 17:07:14', '2023-08-09 17:07:25'),
(34, 9, 'District Hospital has dispatched 1000  Medicines for You!!', 'medicine_request', 0, '2023-08-09 17:10:13', '2023-08-09 17:10:13'),
(35, 9, 'District Hospital has dispatched 1200  Medicines for You!!', 'medicine_request', 0, '2023-08-09 17:10:20', '2023-08-09 17:10:20'),
(36, 14, 'District Hospital has dispatched 50  Medicines for You!!', 'medicine_request', 0, '2023-08-09 18:47:48', '2023-08-09 18:47:48'),
(37, 17, 'District Hospital has dispatched 500  Medicines for You!!', 'medicine_request', 1, '2024-07-12 01:35:29', '2024-07-12 05:49:32'),
(38, 19, 'District Hospital has dispatched 100  Medicines for You!!', 'medicine_request', 0, '2024-07-15 22:41:41', '2024-07-15 22:41:41'),
(39, 19, 'District Hospital has dispatched 1000  Medicines for You!!', 'medicine_request', 1, '2024-07-15 22:42:26', '2024-07-15 22:43:52'),
(40, 19, 'District Hospital has dispatched 500  Medicines for You!!', 'medicine_request', 0, '2024-07-15 22:43:13', '2024-07-15 22:43:13'),
(41, 19, 'District Hospital has dispatched 50  Medicines for You!!', 'medicine_request', 0, '2024-07-15 22:45:20', '2024-07-15 22:45:20'),
(42, 20, 'District Hospital has dispatched 800  Medicines for You!!', 'medicine_request', 1, '2024-07-18 19:58:58', '2024-07-18 20:00:42'),
(43, 20, 'District Hospital has dispatched 2000  Medicines for You!!', 'medicine_request', 0, '2024-07-18 19:59:13', '2024-07-18 19:59:13'),
(44, 20, 'District Hospital has dispatched 2000  Medicines for You!!', 'medicine_request', 1, '2024-07-18 19:59:32', '2024-07-18 20:00:32'),
(45, 20, 'District Hospital has dispatched 1000  Medicines for You!!', 'medicine_request', 1, '2024-07-18 20:01:31', '2024-07-18 20:01:50'),
(46, 20, 'District Hospital has dispatched 100  Medicines for You!!', 'medicine_request', 1, '2024-07-18 20:02:47', '2024-07-18 20:02:59'),
(47, 25, 'District Hospital has dispatched 100  Medicines for You!!', 'medicine_request', 1, '2024-09-05 21:28:42', '2024-09-05 21:37:18'),
(48, 25, 'District Hospital has dispatched 500  Medicines for You!!', 'medicine_request', 1, '2024-09-05 21:28:58', '2024-09-05 21:37:38'),
(49, 25, 'District Hospital has dispatched 500  Medicines for You!!', 'medicine_request', 1, '2024-09-05 21:29:14', '2024-09-05 21:37:49'),
(50, 25, 'District Hospital has dispatched 200  Medicines for You!!', 'medicine_request', 1, '2024-09-05 21:29:51', '2024-09-05 21:38:11'),
(51, 25, 'District Hospital has dispatched 800  Medicines for You!!', 'medicine_request', 1, '2024-09-05 21:54:08', '2024-09-05 21:55:02'),
(52, 25, 'District Hospital has dispatched 800  Medicines for You!!', 'medicine_request', 1, '2024-09-05 21:54:22', '2024-09-05 21:55:11'),
(53, 25, 'District Hospital has dispatched need a table for You!!', 'other_request', 0, '2024-09-05 21:54:39', '2024-09-05 21:54:39'),
(54, 26, 'District Hospital has dispatched 10  Medicines for You!!', 'medicine_request', 1, '2024-09-20 22:42:55', '2024-09-21 16:52:11'),
(55, 26, 'District Hospital has dispatched 10  Medicines for You!!', 'medicine_request', 0, '2024-09-20 22:44:11', '2024-09-20 22:44:11'),
(56, 26, 'District Hospital has dispatched 10  Medicines for You!!', 'medicine_request', 0, '2024-09-20 23:15:47', '2024-09-20 23:15:47'),
(57, 26, 'District Hospital has dispatched 10  Medicines for You!!', 'medicine_request', 1, '2024-09-21 16:51:31', '2024-09-23 21:43:14'),
(58, 26, 'District Hospital has dispatched 50  Medicines for You!!', 'medicine_request', 1, '2024-09-21 16:59:49', '2024-09-21 17:00:17'),
(59, 26, 'District Hospital has dispatched 50  Medicines for You!!', 'medicine_request', 0, '2024-09-23 21:25:19', '2024-09-23 21:25:19'),
(60, 26, 'District Hospital has dispatched Request for new system  for You!!', 'other_request', 0, '2024-09-23 21:43:57', '2024-09-23 21:43:57'),
(61, 26, 'District Hospital has dispatched 100  Medicines for You!!', 'medicine_request', 0, '2024-09-24 17:56:49', '2024-09-24 17:56:49'),
(62, 1, 'District Hospital has dispatched 50  Medicines for You!!', 'medicine_request', 0, '2024-09-25 21:59:56', '2024-09-25 21:59:56'),
(63, 26, 'District Hospital has dispatched 500  Medicines for You!!', 'medicine_request', 1, '2024-09-25 22:00:34', '2024-09-25 22:01:40'),
(64, 26, 'District Hospital has dispatched 500  Medicines for You!!', 'medicine_request', 0, '2024-09-25 22:03:57', '2024-09-25 22:03:57'),
(65, 26, 'District Hospital has dispatched 500  Medicines for You!!', 'medicine_request', 0, '2024-09-25 22:09:34', '2024-09-25 22:09:34'),
(66, 26, 'District Hospital has dispatched 500  Medicines for You!!', 'medicine_request', 0, '2024-09-25 22:13:59', '2024-09-25 22:13:59'),
(67, 26, 'District Hospital has dispatched 100  Medicines for You!!', 'medicine_request', 0, '2024-09-25 22:16:54', '2024-09-25 22:16:54'),
(68, 26, 'District Hospital has dispatched Needed pharmacist  for You!!', 'other_request', 0, '2024-09-25 22:25:13', '2024-09-25 22:25:13'),
(69, 26, 'District Hospital has dispatched 250  Medicines for You!!', 'medicine_request', 0, '2024-09-27 20:48:56', '2024-09-27 20:48:56'),
(70, 26, 'District Hospital has dispatched 100  Medicines for You!!', 'medicine_request', 0, '2024-09-27 22:52:36', '2024-09-27 22:52:36'),
(71, 30, 'District Hospital has dispatched 500  Medicines for You!!', 'medicine_request', 0, '2024-11-06 17:14:06', '2024-11-06 17:14:06'),
(72, 30, 'District Hospital has dispatched 500  Medicines for You!!', 'medicine_request', 0, '2024-11-06 17:14:13', '2024-11-06 17:14:13'),
(73, 30, 'District Hospital has dispatched 500  Medicines for You!!', 'medicine_request', 0, '2024-11-06 17:15:35', '2024-11-06 17:15:35'),
(74, 30, 'District Hospital has dispatched 500  Medicines for You!!', 'medicine_request', 0, '2024-11-06 17:33:48', '2024-11-06 17:33:48'),
(75, 30, 'District Hospital has dispatched 500  Medicines for You!!', 'medicine_request', 1, '2024-11-06 17:34:02', '2024-11-06 18:30:14'),
(76, 30, 'District Hospital has dispatched 500  Medicines for You!!', 'medicine_request', 1, '2024-11-06 17:34:15', '2024-11-06 18:29:55'),
(77, 30, 'District Hospital has dispatched 500  Medicines for You!!', 'medicine_request', 1, '2024-11-06 17:34:49', '2024-11-06 18:29:38'),
(78, 30, 'District Hospital has dispatched 500  Medicines for You!!', 'medicine_request', 1, '2024-11-06 17:48:29', '2024-11-06 18:29:01'),
(79, 30, 'District Hospital has dispatched 500  Medicines for You!!', 'medicine_request', 1, '2024-11-06 17:52:21', '2024-11-06 18:29:22');

-- --------------------------------------------------------

--
-- Table structure for table `tb_other_request`
--

CREATE TABLE `tb_other_request` (
  `id` int(11) NOT NULL,
  `pharmacy_id` int(10) DEFAULT NULL,
  `pharmacy_name` text,
  `notify` text,
  `request` text,
  `subject` text,
  `status` int(10) DEFAULT NULL,
  `created_at` timestamp NULL DEFAULT CURRENT_TIMESTAMP,
  `updated_at` timestamp NULL DEFAULT CURRENT_TIMESTAMP
) ENGINE=InnoDB DEFAULT CHARSET=latin1;

--
-- Dumping data for table `tb_other_request`
--

INSERT INTO `tb_other_request` (`id`, `pharmacy_id`, `pharmacy_name`, `notify`, `request`, `subject`, `status`, `created_at`, `updated_at`) VALUES
(1, 5, 'Lords Pharmacy', '22', 'Need 5PCs.', 'Request for 5PCs', 2, '2023-06-21 02:02:24', '2023-06-21 02:11:36'),
(2, 17, 'Pharmacy Lissy', NULL, 'requirement for 10 pens\n', 'Request for pen', 0, '2024-07-12 05:51:38', '2024-07-12 05:51:38'),
(3, 25, 'Ren Medicals', '53', 'we need a table ', 'need a table', 1, '2024-09-05 21:52:41', '2024-09-05 21:54:39'),
(4, 26, 'AB Pharmacy', '60', 'Please there is a requirement for billing system ', 'Request for new system ', 1, '2024-09-23 21:39:34', '2024-09-23 21:43:57'),
(5, 26, 'AB Pharmacy', '68', 'Test test', 'Needed pharmacist ', 1, '2024-09-25 22:24:55', '2024-09-25 22:25:13');

-- --------------------------------------------------------

--
-- Table structure for table `tb_patients`
--

CREATE TABLE `tb_patients` (
  `id` int(10) NOT NULL,
  `name` text,
  `ABHANumber` text,
  `ABHA_Address` text,
  `entrol_details` text,
  `doctor_id` int(11) DEFAULT NULL,
  `ref_doctor_id` int(10) DEFAULT NULL,
  `ref_doctor_name` text,
  `contact_number` text,
  `email` text,
  `profile_image` text,
  `aadhar_no` text,
  `age` text,
  `yob` text,
  `gender` text,
  `pincode` text,
  `gname` text,
  `bloodgroup` text,
  `bloodgroup_id` text,
  `location` text,
  `state` text,
  `city` text,
  `address` text,
  `updated_at` timestamp NULL DEFAULT NULL ON UPDATE CURRENT_TIMESTAMP,
  `created_at` timestamp NULL DEFAULT NULL ON UPDATE CURRENT_TIMESTAMP
) ENGINE=InnoDB DEFAULT CHARSET=latin1;

--
-- Dumping data for table `tb_patients`
--

INSERT INTO `tb_patients` (`id`, `name`, `ABHANumber`, `ABHA_Address`, `entrol_details`, `doctor_id`, `ref_doctor_id`, `ref_doctor_name`, `contact_number`, `email`, `profile_image`, `aadhar_no`, `age`, `yob`, `gender`, `pincode`, `gname`, `bloodgroup`, `bloodgroup_id`, `location`, `state`, `city`, `address`, `updated_at`, `created_at`) VALUES
(1, 'Daya', NULL, NULL, NULL, 1, 2, 'Reji Joseph', '9998523652', 'daya@gmail.com', '69039.jpg', '523685698745', '21', NULL, 'Female', '695029', NULL, 'A+', '1', 'Kazhakuttam ,Kerala ,Thiruvananthapuram', '4028', '134154', 'Kazhakuttam', '2023-06-10 03:21:36', '2023-06-09 14:51:36'),
(2, 'Anilkumar', NULL, NULL, NULL, 11, NULL, NULL, '9442233899', 'anilkumar@gmail.com', '96962.jpg', '521452365569', '21', NULL, 'Male', '695029', NULL, 'A+', '1', 'Kazhakuttam ,Kerala ,Thiruvananthapuram', '4028', '134154', 'Kazhakuttam', '2023-06-12 22:19:29', '2023-06-12 22:19:29'),
(3, 'Sohan Lal', NULL, NULL, NULL, 13, 11, 'Kabeer S', '4949676787', 'sohanlal@gmail.com', '57272.jpg', '731605545953', '56', '1967', 'M', '332301', ' S/O: Narayan', 'A+', '1', 'village- sardarpurapost- mandela baratehsil- fatehpurSardarpura Sikar Rajasthan', '4014', '134086', 'village- sardarpura', '2023-08-09 18:46:09', '2023-08-09 06:16:09'),
(4, 'Sohan Lal', NULL, NULL, NULL, 11, 13, 'Swasika', '4949676787', 'sohanlal@gmail.com', '57272.jpg', '731605545953', '56', '1967', 'M', '332301', ' S/O: Narayan', 'A+', '1', 'village- sardarpurapost- mandela baratehsil- fatehpurSardarpura Sikar Rajasthan', '4014', '134086', 'village- sardarpura', '2023-08-09 18:46:09', '2023-08-09 06:16:09'),
(5, 'ajeena', NULL, NULL, NULL, 11, 13, 'Swasika', '7736695330', 'ajena@gmail.com', '78937.jpg', '646494984466', '40', NULL, 'female', '691222', NULL, 'A-', '2', 'ysjs ,Kerala ,Alappuzha', '4028', '57637', 'ysjs', '2023-08-09 17:21:00', '2023-08-09 04:51:00'),
(6, 'ajeena', NULL, NULL, NULL, 13, 27, 'Kabeer S', '7736695330', 'ajena@gmail.com', '78937.jpg', '646494984466', '40', NULL, 'female', '691222', NULL, 'A-', '2', 'ysjs ,Kerala ,Alappuzha', '4028', '57637', 'ysjs', '2023-08-09 17:21:37', '2023-08-09 04:51:37'),
(7, 'Deepa', NULL, NULL, NULL, 14, 11, 'Sweta Menon', '9447414191', 'deepa@gmail.com', '77125.jpg', '985625362536', '21', NULL, 'Female', '695029', NULL, 'A+', '1', 'Kazhakuttam ,Kerala ,Thiruvananthapuram', '4028', '134154', 'Kazhakuttam', '2023-06-16 18:18:54', '2023-06-16 05:48:54'),
(8, 'Deepa', NULL, NULL, NULL, 11, NULL, NULL, '9447414191', 'deepa@gmail.com', '77125.jpg', '985625362536', '21', NULL, 'Female', '695029', NULL, 'A+', '1', 'Kazhakuttam ,Kerala ,Thiruvananthapuram', '4028', '134154', 'Kazhakuttam', '2023-06-16 18:33:52', '2023-06-16 18:33:52'),
(9, 'Malti Singh', NULL, NULL, NULL, 16, 13, 'Shikhaa', NULL, NULL, NULL, '605111257571', NULL, '1972', 'F', '208013', ' W/O: Kamlesh Singh', NULL, NULL, 'House Number-13/dMary Jesus RoadCOD Bhawani NagarKanpur Nagar Uttar Pradesh', '4022', '', 'House Number-13/d', '2023-06-21 00:15:33', '2023-06-20 11:45:33'),
(10, 'Manish singh', NULL, NULL, NULL, 16, NULL, NULL, '9169935551', 'Shikhaaingh.sics@gmail.com', NULL, '608215300881', '30', NULL, 'Male ', '695013', NULL, 'A+', '1', '13/dKanpur ,Uttar Pradesh ,Lucknow', '4022', '132782', '13/dKanpur', '2023-06-19 23:47:04', '2023-06-19 23:47:04'),
(11, NULL, NULL, NULL, NULL, 17, NULL, NULL, NULL, NULL, NULL, NULL, NULL, NULL, NULL, NULL, NULL, NULL, NULL, NULL, NULL, NULL, NULL, '2023-06-20 00:10:38', '2023-06-20 00:10:38'),
(12, 'Serena H', NULL, NULL, NULL, 19, NULL, NULL, '4634619194', 'serena@yopmail.com', '50942.jpg', '154667948184', '30', NULL, 'Female', '691222', NULL, 'A-', '2', 'bsbjw ,Kerala ,Aroor', '4028', '57738', 'bsbjw', '2023-06-21 03:30:42', '2023-06-21 03:30:42'),
(13, 'Emily A', NULL, NULL, NULL, 20, 21, 'Sagar Surya', '4646348184', 'emily123@gmail.com ', '23951.jpg', '496464848166', '20', NULL, 'Female', '691222', NULL, 'A+', '1', 'emily house ,Kerala ,Kollam', '4028', '132558', 'emily house', '2023-06-21 18:10:51', '2023-06-21 05:40:51'),
(14, 'Ameer A', NULL, NULL, NULL, 20, 21, 'Sagar Surya', '7736695330', 'ameer@yopmail.com ', '16882.jpg', '456461848499', '30', NULL, 'Male', '691222', NULL, 'A+', '1', 'fgahw ,Kerala ,Kollam', '4028', '132558', 'fgahw', '2023-06-21 17:37:35', '2023-06-21 05:07:35'),
(15, 'Ameer A', NULL, NULL, NULL, 21, NULL, NULL, '7736695330', 'ameer@yopmail.com ', '16882.jpg', '456461848499', '30', NULL, 'Male', '691222', NULL, 'A+', '1', 'fgahw ,Kerala ,Kollam', '4028', '132558', 'fgahw', '2023-06-21 17:38:29', '2023-06-21 17:38:29'),
(16, 'Emily A', NULL, NULL, NULL, 21, NULL, NULL, '4646348184', 'emily123@gmail.com ', '23951.jpg', '496464848166', '20', NULL, 'Female', '691222', NULL, 'A+', '1', 'emily house ,Kerala ,Kollam', '4028', '132558', 'emily house', '2023-06-21 18:11:48', '2023-06-21 18:11:48'),
(17, 'Rishu A', NULL, NULL, NULL, 21, 22, 'Lallu Chandran', '8178018478', 'rishu@yopmail.com', '79049.jpg', '434364848434', '35', NULL, 'Male', '691222', NULL, 'A+', '1', 'test house ,Kerala ,Kollam', '4028', '132558', 'test house', '2023-06-21 18:39:22', '2023-06-21 06:09:22'),
(18, 'Sohan Lal', NULL, NULL, NULL, 26, 27, 'Chinju S', '7736695330', 'sohanlal@gmail.com', '57272.jpg', '731605545953', '56', '1967', 'M', '332301', ' S/O: Narayan', 'A+', '1', 'village- sardarpurapost- mandela baratehsil- fatehpurSardarpura Sikar Rajasthan', '4014', '134086', 'village- sardarpura', '2023-08-09 18:46:09', '2023-08-09 06:16:09'),
(19, 'Alena S', NULL, NULL, NULL, 26, NULL, NULL, '4346494846', 'aleena@yopmail.com', '84059.jpg', '494637940184', '28', NULL, 'Female', '691333', NULL, 'A+', '1', 'alena house ,Kerala ,Adur', '4028', '57596', 'alena house', '2023-08-09 17:09:12', '2023-08-09 17:09:12'),
(20, 'Sohan Lal', NULL, NULL, NULL, 27, 26, 'Ziya S', '4949676787', 'sohanlal@gmail.com', '57272.jpg', '731605545953', '56', '1967', 'M', '332301', ' S/O: Narayan', 'A+', '1', 'village- sardarpurapost- mandela baratehsil- fatehpurSardarpura Sikar Rajasthan', '4014', '134086', 'village- sardarpura', '2023-08-09 18:46:09', '2023-08-09 06:16:09'),
(21, 'shalini Kumar', NULL, NULL, NULL, 27, NULL, NULL, '1145268886', 'shalini@yopmail.com', '61262.jpg', '888669888847', '26', NULL, 'female ', '691222', NULL, 'A-', '2', 'shalini house ,Kerala ,Adur', '4028', '57596', 'shalini house', '2023-08-23 23:40:43', '2023-08-23 23:40:43'),
(22, 'sameer', NULL, NULL, NULL, 30, NULL, NULL, '5464649489', 'sameer@yopmail.com ', '98163.jpg', '546494949464', '25', NULL, 'male', '691222', NULL, 'A-', '2', 'sameer house  ,Kerala ,Adur', '4028', '57596', 'sameer house ', '2023-08-24 01:43:03', '2023-08-24 01:43:03'),
(23, 'Anil Bhaskhar', NULL, NULL, NULL, 31, NULL, NULL, '8888744777', 'anilb@yopmail.com ', '34635.jpg', '997711235886', '56', NULL, 'male', '741258', NULL, 'B+', '3', 'Anil house ,Kerala ,Adur', '4028', '57596', 'Anil house', '2023-08-24 16:54:30', '2023-08-24 16:54:30'),
(24, 'arun', NULL, NULL, NULL, 32, NULL, NULL, '8568859966', 'aaa@gmail.com ', '18819.jpg', '544159966555', '44', NULL, 'male', '885447', NULL, 'A-', '2', 'sdgg ,Kerala ,Adur', '4028', '57596', 'sdgg', '2023-08-24 19:58:54', '2023-08-24 19:58:54'),
(25, 'Sohan Lal', NULL, NULL, NULL, 33, NULL, NULL, NULL, NULL, NULL, '731605545953', NULL, '1967', 'M', '332301', ' S/O: Narayan', NULL, NULL, 'village- sardarpurapost- mandela baratehsil- fatehpurSardarpura Sikar Rajasthan', '4014', '134086', 'village- sardarpura', '2023-08-24 21:46:49', '2023-08-24 21:46:49'),
(26, 'Riyasat', NULL, NULL, NULL, 34, NULL, NULL, NULL, NULL, NULL, '675439738680', NULL, '1991', 'M', '201005', ' S/O: Abbas', NULL, NULL, '566Near New MasjidPaswada Basola PattiGhaziabad Uttar Pradesh', '4022', '131953', '566', '2024-07-12 01:43:16', '2024-07-12 01:43:16'),
(27, 'Anusree', NULL, NULL, NULL, 34, NULL, NULL, '4467634649', 'anusree@gmail.com', '84655.jpg', '675533738680', '28', NULL, 'female', '366434', NULL, 'A+', '1', 'Anu House  ,Kerala ,Ernakulam', '4028', '131840', 'Anu House ', '2024-07-12 01:46:11', '2024-07-12 01:46:11'),
(28, 'Anjitha', NULL, NULL, NULL, 39, NULL, NULL, '4643348484', 'anjitha@gmail.com', '98301.jpg', '799494848466', '36', NULL, 'Female', '691333', NULL, 'A-', '2', 'Anji house  ,Kerala ,Adur', '4028', '57596', 'Anji house ', '2024-07-18 19:48:47', '2024-07-18 19:48:47'),
(29, 'KARTHIK SEKAR', NULL, NULL, NULL, 41, NULL, NULL, NULL, NULL, NULL, '637879187407', '39', '1985', 'M', '614616', 'SEKAR S/O Sekar', NULL, NULL, '2/3-MELAPATTUMelpattu Pudukkottai Tamil Nadu', '4035', '133491', '2/3', '2024-07-18 20:13:03', '2024-07-18 07:43:03'),
(30, 'KARTHIK SEKAR', NULL, NULL, NULL, 40, NULL, NULL, NULL, NULL, NULL, '637879187407', NULL, '1985', 'M', '614616', 'SEKAR S/O Sekar', NULL, NULL, '2/3-MELAPATTUMelpattu Pudukkottai Tamil Nadu', '4035', '133491', '2/3', '2024-07-18 21:05:06', '2024-07-18 21:05:06'),
(31, 'Anjali S Nair', NULL, NULL, NULL, 41, 40, 'Nimisha S', '5464643468', 'anjali@gmail.com', '95191.jpg', '464664949161', '36', NULL, 'female', '691333', NULL, 'A-', '2', 'Anjali House ,Kerala ,Thiruvananthapuram', '4028', '134154', 'Anjali House', '2024-07-19 23:10:48', '2024-07-19 10:40:48'),
(32, 'Anjali S Nair', NULL, NULL, NULL, 40, 41, 'Ajay S Kumar', '5464643468', 'anjali@gmail.com', '95191.jpg', '464664949161', '36', NULL, 'female', '691333', NULL, 'A-', '2', 'Anjali House ,Kerala ,Thiruvananthapuram', '4028', '134154', 'Anjali House', '2024-07-23 21:38:30', '2024-07-23 09:08:30'),
(33, 'Anu S', NULL, NULL, NULL, 41, 37, 'Nimisha S', '5456774411', 'anu@yopmail.com', '66101.jpg', '854556866880', '22', NULL, 'Female', '445576', NULL, 'A+', '1', 'ghgc ,Kerala ,Alappuzha', '4028', '57637', 'ghgc', '2024-07-23 21:50:04', '2024-07-23 09:20:04'),
(34, 'Anu S', NULL, NULL, NULL, 37, 40, 'Aneeta S', '5456774411', 'anu@yopmail.com', '66101.jpg', '854556866880', '22', NULL, 'Female', '445576', NULL, 'A+', '1', 'ghgc ,Kerala ,Alappuzha', '4028', '57637', 'ghgc', '2024-07-24 21:47:45', '2024-07-24 09:17:45'),
(35, 'Pinky S', NULL, NULL, NULL, 37, 41, 'Aneeta S', '4254534486', 'pinky@gmail.com', '98099.jpg', '984464477777', '20', NULL, 'female', '557744', NULL, 'A+', '1', 'yrghdt ,Kerala ,Aluva', '4028', '57647', 'yrghdt', '2024-07-23 22:56:48', '2024-07-23 10:26:48'),
(36, 'Pinky S', NULL, NULL, NULL, 41, NULL, NULL, '4254534486', 'pinky@gmail.com', '98099.jpg', '984464477777', '20', NULL, 'female', '557744', NULL, 'A+', '1', 'yrghdt ,Kerala ,Aluva', '4028', '57647', 'yrghdt', '2024-07-23 22:58:17', '2024-07-23 22:58:17'),
(37, 'Amrutha S', NULL, NULL, NULL, 41, 37, 'Nimisha S', '9463484818', 'amrutha@gmail.com', '84338.jpg', '916190000706', '23', NULL, 'female', '794661', NULL, 'A+', '1', 'gshwjw ,Kerala ,Aluva', '4028', '57647', 'gshwjw', '2024-07-24 20:39:59', '2024-07-24 08:09:59'),
(39, NULL, NULL, NULL, NULL, NULL, NULL, NULL, NULL, NULL, NULL, NULL, NULL, NULL, NULL, NULL, NULL, NULL, NULL, NULL, NULL, NULL, NULL, '2024-07-24 03:38:29', '2024-07-24 03:38:29'),
(40, 'Amrutha S', NULL, NULL, NULL, 40, NULL, NULL, '9463484818', 'amrutha@gmail.com', '84338.jpg', '916190000706', '23', NULL, 'female', '794661', NULL, 'A+', '1', 'gshwjw ,Kerala ,Aluva', '4028', '57647', 'gshwjw', '2024-07-24 03:40:39', '2024-07-24 03:40:39'),
(41, 'Amrutha S', NULL, NULL, NULL, 37, NULL, NULL, '9463484818', 'amrutha@gmail.com', '84338.jpg', '916190000706', '23', NULL, 'female', '794661', NULL, 'A+', '1', 'gshwjw ,Kerala ,Aluva', '4028', '57647', 'gshwjw', '2024-07-24 20:41:15', '2024-07-24 20:41:15'),
(42, 'Anu S', NULL, NULL, NULL, 40, NULL, NULL, '5456774411', 'anu@yopmail.com', '66101.jpg', '854556866880', '22', NULL, 'Female', '445576', NULL, 'A+', '1', 'ghgc ,Kerala ,Alappuzha', '4028', '57637', 'ghgc', '2024-07-24 21:49:26', '2024-07-24 21:49:26'),
(43, 'Ayana', NULL, NULL, NULL, 44, 37, 'Anusree S', '6464518846', 'ayana@gmail.com', '38859.jpg', '845610407664', '30', NULL, 'female', '691333', NULL, 'A+', '1', 'vshjshw ,Kerala ,Adur', '4028', '57596', 'vshjshw', '2024-07-24 22:03:33', '2024-07-24 09:33:33'),
(44, 'Dayna Samuel', NULL, NULL, NULL, 44, 43, 'Anusree S', '4964315486', 'dayana@gmail.com', '69344.jpg', '546461618846', '28', NULL, 'female', '691333', NULL, 'A-', '2', 'dayana house ,Kerala ,Adur', '4028', '57596', 'dayana house', '2024-07-24 22:11:36', '2024-07-24 09:41:36'),
(45, 'Dayna Samuel', NULL, NULL, NULL, 43, NULL, NULL, '4964315486', 'dayana@gmail.com', '69344.jpg', '546461618846', '28', NULL, 'female', '691333', NULL, 'A-', '2', 'dayana house ,Kerala ,Adur', '4028', '57596', 'dayana house', '2024-07-24 22:16:35', '2024-07-24 22:16:35'),
(46, 'Pa1', NULL, NULL, NULL, 47, NULL, NULL, '5522446632', 'Pa1@gmail.com', NULL, '582542536525', '30', NULL, 'M', '548236', NULL, 'B+', '3', 'Aaa ,Assam ,Amguri', '4027', '57679', 'Aaa', '2024-08-19 21:42:40', '2024-08-19 21:42:40'),
(47, 'Poppy', NULL, NULL, NULL, 48, 50, 'Testdoc', '9656069628', 'asifbr2000@gmail.com', '14364.jpg', '712826154925', '23', NULL, 'Male', '695588', NULL, 'O+', '5', 'Home ,Kerala ,Thiruvananthapuram', '4028', '134154', 'Home', '2024-08-20 19:08:17', '2024-08-20 06:38:17'),
(48, 'Asif B R ', NULL, NULL, NULL, 48, 50, 'Testdoc', '9656069627', 'asiftintu@gmail.com', '49444.jpg', '537364360524', '23', NULL, 'Male', '695588', NULL, 'O+', '5', 'Asif Manzil  ,Kerala ,Thiruvananthapuram', '4028', '134154', 'Asif Manzil ', '2024-08-20 19:21:41', '2024-08-20 06:51:41'),
(49, 'Seena', NULL, NULL, NULL, 54, NULL, NULL, '5632412366', 'Seena@gmail.com ', NULL, '852369852333', '32', NULL, 'Female', '85623', NULL, 'B+', '3', 'Blue Nile villa ,Andhra Pradesh ,Addanki', '4017', '57593', 'Blue Nile villa', '2024-08-27 23:57:29', '2024-08-27 23:57:29'),
(52, 'Jeena', NULL, NULL, NULL, 54, NULL, NULL, '8523697412', 'Jeena@gmail.com ', NULL, '881123366963', '23', NULL, 'Female', '985623', NULL, 'B+', '3', 'Blue nile ,Assam ,Badarpur', '4027', '57787', 'Blue nile', '2024-08-30 22:51:41', '2024-08-30 22:51:41'),
(53, 'Suresh', NULL, NULL, NULL, 56, NULL, NULL, '8523697413', 'suresh@gmail.com ', NULL, '896532147111', '45', NULL, 'Male', '852852', NULL, 'A-', '2', 'Vrindavan ,Arunachal Pradesh ,Basar', '4024', '58151', 'Vrindavan', '2024-08-30 23:44:28', '2024-08-30 23:44:28'),
(56, 'Teena', NULL, NULL, NULL, 57, NULL, NULL, '5461381046', 'teena@gmail.com', '42147.jpg', '546618151351', '23', NULL, 'female', '691333', NULL, 'A-', '2', 'gwjjw ,Goa ,Bambolim', '4009', '57836', 'gwjjw', '2024-09-05 21:41:54', '2024-09-05 21:41:54'),
(57, 'Juli S', NULL, NULL, NULL, 57, 58, 'Renald S', '2134648646', 'juli@gmail.com', '13101.jpg', '846646484643', '35', NULL, 'female', '691333', NULL, 'A+', '1', 'juli house ,Goa ,Baga', '4009', '57795', 'juli house', '2024-09-05 22:08:07', '2024-09-05 09:38:07'),
(58, 'Renald', NULL, NULL, NULL, 48, NULL, NULL, '8056969828', 'renald.sics@gmail.com', NULL, '848917910318', '0', NULL, 'Male', '888888', NULL, 'A-', '2', '6/99KUTHIRAI PANTHI VILAIKalkulam Kanniyakumari Tamil Nadu', '4009', '57727', '444', '2024-09-21 17:01:00', '2024-09-21 04:31:00'),
(59, 'Renald Anthony Dhasan', NULL, NULL, NULL, 59, NULL, NULL, NULL, NULL, NULL, '848917910318', '0', '2000', 'M', '629180', ' S/O: Anthony Dhasan', NULL, NULL, '6/99KUTHIRAI PANTHI VILAIKalkulam Kanniyakumari Tamil Nadu', '4035', '132380', '6/99', '2024-10-08 17:41:25', '2024-10-08 05:11:25'),
(60, 'Neha', NULL, NULL, NULL, 56, NULL, NULL, '9746968107', 'neha@gmail.com ', NULL, '963669865556', '35', NULL, 'Female', '963966', NULL, 'AB-', '8', 'Blue nile ,Goa ,Aldona', '4009', '57638', 'Blue nile', '2024-09-22 01:01:52', '2024-09-21 12:31:52'),
(61, 'Asiya', NULL, NULL, NULL, 60, NULL, NULL, '9658085236', 'Asiya@gmail.com', '34895.jpg', '209470519541', '23', NULL, 'Female ', '695588', NULL, 'O+', '5', 'Home test  ,Kerala ,Thiruvananthapuram', '4028', '134154', 'Home test ', '2024-09-23 19:07:00', '2024-09-23 06:37:00'),
(62, 'Amina Y', NULL, NULL, NULL, 62, 37, 'John', '9879879870', 'amina@gmail.com', '98627.jpg', '334056742001', '30', '1994', 'F', '695009', ' D/O: Yahiya Beegam', 'O+', '5', '41/2152 , RayyanManacaud P OThiruvananthapuram Thiruvananthapuram Kerala', '4028', '134154', '41/2152 , Rayyan', '2024-09-24 17:48:56', '2024-09-24 05:18:56'),
(63, 'Priya', NULL, NULL, NULL, 56, NULL, NULL, '9632586325', 'priya@gmail.com ', NULL, '665332147898', '21', NULL, 'Female', '838564', NULL, 'A+', '1', 'Test ,Assam ,Amguri', '4027', '57679', 'Test', '2024-09-26 00:27:08', '2024-09-26 00:27:08'),
(64, 'Dia', NULL, NULL, NULL, 54, NULL, NULL, '6838356838', 'Diya@gmail.com ', NULL, '983838243538', '21', NULL, 'Female', '5', NULL, 'B+', '3', 'Ififif ,Goa ,Arambol', '4009', '57727', 'Ififif', '2024-09-26 00:55:20', '2024-09-26 00:55:20'),
(65, 'Trial', NULL, NULL, NULL, 64, 62, 'George', '9999900000', 'trial@gmail.com', '72946.jpg', '333344445555', '25', NULL, 'Male', '123456', NULL, 'O-', '6', 'Home, 11/2222 ,Kerala ,Thiruvananthapuram', '4028', '134154', 'Home, 11/2222', '2024-09-27 18:37:47', '2024-09-27 06:07:47'),
(66, 'Amina Y', NULL, NULL, NULL, 64, NULL, NULL, NULL, NULL, NULL, '334056742001', NULL, '1994', 'F', '695009', ' D/O: Yahiya Beegam', NULL, NULL, '41/2152 , RayyanManacaud P OThiruvananthapuram Thiruvananthapuram Kerala', '4028', '134154', '41/2152 , Rayyan', '2024-09-27 19:40:47', '2024-09-27 07:10:47'),
(71, 'Deepu', NULL, NULL, NULL, 56, NULL, NULL, '9895865658', 'deepu@gmail.com ', NULL, '989659865656', '38', NULL, 'Male', '968665', NULL, 'B+', '3', '809 ,Goa ,Colva', '4009', '131623', '809', '2024-10-07 17:07:39', '2024-10-07 17:07:39'),
(72, 'Asif R', '91-2488-1661-2720', '91248816612720@sbx', NULL, 59, NULL, NULL, NULL, NULL, '[encoded data, 6272 characters]', '537364360524', NULL, '20-09-2000', 'M', NULL, NULL, NULL, NULL, NULL, 'KERALA', 'KOLLAM', 'Asif Manzil, Thazhamel, Anchal, Anchal, Kollam, Kerala', '2024-10-09 19:23:46', '2024-10-09 19:23:46'),
(74, 'Krishnanunni N', '91-7515-3545-3078', '91751535453078@sbx', NULL, 59, NULL, NULL, NULL, NULL, '[encoded data, 7384 characters]', '664765447715', NULL, '10-05-2002', 'M', NULL, NULL, NULL, NULL, NULL, 'KERALA', 'THIRUVANANTHAPURAM', 'TC 7/1899,Krishna, C-89, Pangodu, Thirumala P O, Thiruvananthapuram, Thiruvananthapuram, Thiruvananthapuram, Kerala', '2024-10-11 21:41:28', '2024-10-11 21:41:28'),
(75, 'Krishnanunni N', '91-7515-3545-3078', '91751535453078@sbx', NULL, 33, NULL, NULL, NULL, NULL, '[encoded data, 7384 characters]', '664765447715', NULL, '10-05-2002', 'M', NULL, NULL, NULL, NULL, NULL, 'KERALA', 'THIRUVANANTHAPURAM', 'TC 7/1899,Krishna, C-89, Pangodu, Thirumala P O, Thiruvananthapuram, Thiruvananthapuram, Thiruvananthapuram, Kerala', '2024-10-11 21:48:23', '2024-10-11 21:48:23'),
(76, 'Anju D', '91-5874-6848-5350', '91587468485350@sbx', NULL, 33, NULL, NULL, NULL, NULL, '[encoded data, 7080 characters]', '871693634877', NULL, '25-08-1994', 'F', NULL, NULL, NULL, NULL, NULL, 'KERALA', 'THRISSUR', 'Poothamveettil House, Pathramukku, Perinjanam, Kodungallur, Thrissur, Kerala', '2024-10-11 21:53:27', '2024-10-11 21:53:27'),
(83, 'fty', NULL, NULL, NULL, 34, NULL, NULL, '8856556840', 'cgg@gmail.com', NULL, '0', '25', NULL, 'dfg', '554457', NULL, 'A+', '1', 'ftyuj ,Andhra Pradesh ,Adoni', '4017', '134452', 'ftyuj', '2024-11-05 00:58:17', '2024-11-04 12:28:17'),
(84, 'fty', NULL, NULL, NULL, 37, NULL, NULL, '8856556840', 'cgg@gmail.com', NULL, '0', '25', NULL, 'dfg', '554457', NULL, 'A+', '1', 'ftyuj ,Andhra Pradesh ,Adoni', '4017', '134452', 'ftyuj', '2024-11-05 00:58:17', '2024-11-04 12:28:17'),
(85, 'Asif R', '91-2488-1661-2720', '91248816612720@sbx', NULL, 45, NULL, NULL, NULL, NULL, NULL, '537364360524', NULL, '20-09-2000', 'M', NULL, NULL, NULL, NULL, NULL, 'KERALA', 'KOLLAM', 'Asif Manzil, Thazhamel, Anchal, Anchal, Kollam, Kerala', '2024-10-31 16:54:18', '2024-10-31 16:54:18'),
(86, 'fty', NULL, NULL, NULL, 37, NULL, NULL, '8856556840', 'cgg@gmail.com', NULL, '0', '25', NULL, 'dfg', '554457', NULL, 'A+', '1', 'ftyuj ,Andhra Pradesh ,Adoni', '4017', '134452', 'ftyuj', '2024-11-05 00:58:17', '2024-11-04 12:28:17'),
(87, 'fty', NULL, NULL, NULL, 45, NULL, NULL, '8856556840', 'cgg@gmail.com', NULL, '0', '25', NULL, 'dfg', '554457', NULL, 'A+', '1', 'ftyuj ,Andhra Pradesh ,Adoni', '4017', '134452', 'ftyuj', '2024-11-05 00:58:17', '2024-11-04 12:28:17'),
(88, 'fty', NULL, NULL, NULL, 45, NULL, NULL, '8856556840', 'cgg@gmail.com', NULL, '0', '25', NULL, 'dfg', '554457', NULL, 'A+', '1', 'ftyuj ,Andhra Pradesh ,Adoni', '4017', '134452', 'ftyuj', '2024-11-05 00:58:17', '2024-11-04 12:28:17'),
(89, 'Abc', NULL, NULL, NULL, 45, NULL, NULL, '5845236589', 'abc@gmail.com', NULL, '0', '25', NULL, 'M', '582585', NULL, 'B+', '3', 'Ghh ,Andhra Pradesh ,Adoni', '4017', '134452', 'Ghh', '2024-11-05 00:59:15', '2024-11-05 00:59:15'),
(90, 'Subin', NULL, NULL, NULL, 65, NULL, NULL, '9876543210', 'Subin@gmail.com', NULL, '0', '25', NULL, 'M', '258456', NULL, 'A-', '2', 'Fff ,Kerala ,Thiruvananthapuram', '4028', '134154', 'Fff', '2024-11-06 17:10:23', '2024-11-06 17:10:23'),
(91, 'reshmika', NULL, NULL, NULL, 37, NULL, NULL, '9638527410', 'reshmika@gmail.com', '32514.jpg', '0', '23', NULL, 'female', '696649', NULL, 'A+', '1', 'house name  ,Haryana ,Farrukhnagar', '4007', '131856', 'house name ', '2024-11-11 09:14:31', '2024-11-11 09:14:31'),
(92, 'ameera', NULL, NULL, NULL, 37, NULL, NULL, '9638527410', 'ameera@gmail.com', '90578.jpg', '0', '23', NULL, 'female', '649499', NULL, 'A+', '1', 'hshhs ,Andhra Pradesh ,Addanki', '4017', '57593', 'hshhs', '2024-11-11 11:16:29', '2024-11-11 11:16:29'),
(94, 'Sam', NULL, NULL, NULL, 37, NULL, NULL, '9638527410', 'sam@gmail.com', '70712.jpg', '0', '23', NULL, 'female', '691333', NULL, 'A-', '2', 'test house  ,Kerala ,Adur', '4028', '57596', 'test house ', '2024-11-13 00:05:29', '2024-11-13 00:05:29'),
(95, 'anusree', NULL, NULL, NULL, 37, NULL, NULL, '9638527410', 'anusree@gmail.com', '50257.jpg', '0', '25', NULL, 'female', '963345', NULL, 'A+', '1', 'hhhj ,Delhi ,Alipur', '4021', '57655', 'hhhj', '2024-11-13 04:08:21', '2024-11-13 04:08:21');
INSERT INTO `tb_patients` (`id`, `name`, `ABHANumber`, `ABHA_Address`, `entrol_details`, `doctor_id`, `ref_doctor_id`, `ref_doctor_name`, `contact_number`, `email`, `profile_image`, `aadhar_no`, `age`, `yob`, `gender`, `pincode`, `gname`, `bloodgroup`, `bloodgroup_id`, `location`, `state`, `city`, `address`, `updated_at`, `created_at`) VALUES
(96, 'ammu', NULL, NULL, NULL, 37, NULL, NULL, '9638527410', 'ammu@gmail.com', '75372.jpg', '0', '23', NULL, 'female ', '963855', NULL, 'A+', '1', 'hhje ,Arunachal Pradesh ,Anjaw', '4024', '57708', 'hhje', '2024-11-13 04:12:37', '2024-11-13 04:12:37'),
(97, 'Amina', NULL, NULL, NULL, 37, NULL, NULL, '9638527410', 'amina@gmail.com', '73230.jpg', '0', '23', NULL, 'female', '696435', NULL, 'A-', '2', 'abhwjw ,Andhra Pradesh ,Adoni', '4017', '134452', 'abhwjw', '2024-11-13 04:18:12', '2024-11-13 04:18:12'),
(98, 'miya', NULL, NULL, NULL, 37, NULL, NULL, '9638527410', 'miya@gmail.com', '34080.jpg', '0', '23', NULL, 'male', '964648', NULL, 'A-', '2', 'gsjsjs ,Arunachal Pradesh ,Basar', '4024', '58151', 'gsjsjs', '2024-11-13 04:25:45', '2024-11-13 04:25:45'),
(100, 'Krishnadas Pisharam', '91-7650-8586-7875', '91765085867875@sbx', NULL, 65, 66, 'Abin', NULL, NULL, NULL, '247170204807', NULL, '15-03-1976', 'M', NULL, NULL, NULL, NULL, NULL, 'KERALA', 'THIRUVANANTHAPURAM', 'Krishnapriya, TC 10/ 1813 (4), KRWA- 185 B, Kavalloor Lane, Vattiyoorkavu P O, Thiruvananthapuram, Thiruvananthapuram, Thiruvananthapuram, Kerala', '2024-11-14 00:50:03', '2024-11-13 12:20:03'),
(101, 'Harish', NULL, NULL, NULL, 65, 66, 'Abin', '8056969828', 'harish@gmail.com', NULL, '0', '25', NULL, 'M', '528456', NULL, 'B+', '3', 'Gdhjs ,Andhra Pradesh ,Akasahebpet', '4017', '57620', 'Gdhjs', '2024-11-14 00:55:24', '2024-11-13 12:25:24'),
(102, 'Ben', NULL, NULL, NULL, 65, NULL, NULL, '8056969828', 'ben@gmail.com', NULL, '0', '25', NULL, 'M', '582569', NULL, 'B+', '3', 'Hsjs ,Andhra Pradesh ,Adoni', '4017', '134452', 'Hsjs', '2024-11-14 00:23:52', '2024-11-14 00:23:52'),
(103, 'fty', NULL, NULL, NULL, 66, 65, 'Abinesh', '8856556840', 'cgg@gmail.com', NULL, '0', '25', NULL, 'dfg', '554457', NULL, 'A+', '1', 'ftyuj ,Andhra Pradesh ,Adoni', '4017', '134452', 'ftyuj', '2024-11-14 00:47:07', '2024-11-13 12:17:07'),
(104, 'Krishnadas Pisharam', NULL, NULL, NULL, 66, NULL, NULL, NULL, NULL, NULL, '247170204807', NULL, '15-03-1976', 'M', NULL, NULL, NULL, NULL, NULL, 'KERALA', 'THIRUVANANTHAPURAM', 'Krishnapriya, TC 10/ 1813 (4), KRWA- 185 B, Kavalloor Lane, Vattiyoorkavu P O, Thiruvananthapuram, Thiruvananthapuram, Thiruvananthapuram, Kerala', '2024-11-14 00:58:02', '2024-11-14 00:58:02');

-- --------------------------------------------------------

--
-- Table structure for table `tb_Patient_diagnosis`
--

CREATE TABLE `tb_Patient_diagnosis` (
  `id` int(10) NOT NULL,
  `consultation_id` int(10) DEFAULT NULL,
  `doctor_id` int(10) DEFAULT NULL,
  `patient_id` int(10) DEFAULT NULL,
  `diagnosis_ids` int(10) DEFAULT NULL,
  `created_at` timestamp NULL DEFAULT CURRENT_TIMESTAMP,
  `updated_at` timestamp NULL DEFAULT CURRENT_TIMESTAMP
) ENGINE=InnoDB DEFAULT CHARSET=latin1;

-- --------------------------------------------------------

--
-- Table structure for table `tb_patient_lab_test`
--

CREATE TABLE `tb_patient_lab_test` (
  `id` int(11) NOT NULL,
  `consult_id` int(10) DEFAULT NULL,
  `lab_id` int(10) DEFAULT NULL,
  `lab_test_id` int(10) DEFAULT NULL,
  `doctor_id` int(10) DEFAULT NULL,
  `patient_id` int(10) DEFAULT NULL,
  `created_at` timestamp NULL DEFAULT CURRENT_TIMESTAMP,
  `updated_at` timestamp NULL DEFAULT CURRENT_TIMESTAMP,
  `status` int(10) DEFAULT NULL,
  `test_report_status` int(10) DEFAULT NULL,
  `external` int(10) DEFAULT '0'
) ENGINE=InnoDB DEFAULT CHARSET=latin1;

--
-- Dumping data for table `tb_patient_lab_test`
--

INSERT INTO `tb_patient_lab_test` (`id`, `consult_id`, `lab_id`, `lab_test_id`, `doctor_id`, `patient_id`, `created_at`, `updated_at`, `status`, `test_report_status`, `external`) VALUES
(1, 19, 5, 2, 13, 3, '2023-06-13 19:21:38', '2023-06-13 19:30:00', 1, 1, 0),
(2, 21, 5, 2, 11, 4, '2023-06-13 19:34:37', '2023-06-13 19:35:36', 1, 1, 0),
(3, 23, 5, 2, 11, 5, '2023-06-15 16:47:18', '2023-06-15 16:55:47', 1, 1, 0),
(4, 28, 5, 2, 14, 7, '2023-06-16 18:18:15', '2023-06-16 18:30:05', 1, 1, 0),
(5, 23, 5, 2, 11, 5, '2023-06-19 13:43:41', '2023-06-19 13:43:41', 0, 0, 0),
(6, 23, 5, 2, 11, 5, '2023-06-19 13:43:48', '2023-06-19 13:43:48', 0, 0, 0),
(7, 23, 5, 2, 11, 5, '2023-06-19 13:44:02', '2023-06-19 14:09:31', 1, 1, 0),
(8, 45, 8, 2, 20, 13, '2023-06-21 17:03:07', '2023-06-21 17:06:12', 1, 1, 0),
(9, 45, 8, 4, 20, 13, '2023-06-21 17:03:07', '2023-06-21 17:05:53', 1, 1, 0),
(10, 50, 8, 2, 20, 14, '2023-06-21 17:37:23', '2023-06-21 17:40:24', 1, 1, 0),
(11, 50, 8, 5, 20, 14, '2023-06-21 17:37:23', '2023-06-21 17:39:56', 1, 1, 0),
(12, 56, 8, 2, 21, 17, '2023-06-21 18:38:53', '2023-06-21 18:42:28', 1, 1, 0),
(13, 56, 8, 4, 21, 17, '2023-06-21 18:38:53', '2023-06-21 18:42:02', 1, 1, 0),
(14, 67, 11, 2, 13, 6, '2023-08-09 16:49:13', '2023-08-09 16:53:12', 1, 1, 0),
(15, 69, 11, 2, 26, 19, '2023-08-09 17:09:53', '2023-08-09 17:09:53', 0, 0, 0),
(16, 71, 11, 4, 26, 18, '2023-08-09 17:15:54', '2023-08-09 17:25:54', 1, 1, 0),
(17, 74, 11, 4, 27, 20, '2023-08-09 18:42:55', '2023-08-09 18:42:55', 0, 0, 0),
(18, 144, 25, 1, 47, 46, '2024-08-19 21:51:26', '2024-08-19 22:02:00', 1, 1, 0),
(19, 144, 25, 4, 47, 46, '2024-08-19 21:51:26', '2024-08-19 22:01:31', 1, 1, 0),
(20, 146, 25, 1, 48, 47, '2024-08-20 19:04:49', '2024-08-20 19:04:49', 0, 0, 0),
(21, 148, 25, 8, 48, 48, '2024-08-20 19:21:03', '2024-10-07 17:39:09', 1, 1, 0),
(22, 149, 25, 3, 48, 48, '2024-08-20 19:35:00', '2024-10-06 00:34:26', 1, 1, 0),
(23, 150, 25, 1, 48, 48, '2024-08-20 21:01:12', '2024-10-04 17:48:01', 1, 0, 0),
(24, 152, 25, 1, 54, 49, '2024-08-28 00:20:36', '2024-08-29 19:15:08', 1, 0, 0),
(25, 153, 25, 1, 54, 49, '2024-08-29 18:35:09', '2024-08-29 19:14:41', 1, 0, 0),
(26, 153, 25, 3, 54, 49, '2024-08-29 18:35:09', '2024-08-29 19:10:14', 1, 0, 0),
(27, 156, 25, 1, 48, 51, '2024-08-30 21:44:56', '2024-08-30 21:44:56', 0, 0, 0),
(28, 156, 25, 2, 48, 51, '2024-08-30 21:44:56', '2024-08-30 21:44:56', 0, 0, 0),
(29, 156, 25, 3, 48, 51, '2024-08-30 21:44:56', '2024-08-30 21:44:56', 0, 0, 0),
(30, 156, 25, 4, 48, 51, '2024-08-30 21:44:56', '2024-08-30 21:44:56', 0, 0, 0),
(31, 156, 25, 5, 48, 51, '2024-08-30 21:44:56', '2024-08-30 21:44:56', 0, 0, 0),
(32, 159, 25, 1, 56, 53, '2024-08-30 23:49:41', '2024-10-03 18:34:22', 1, 1, 0),
(33, 159, 25, 4, 56, 53, '2024-08-30 23:49:41', '2024-10-05 22:47:32', 1, 1, 0),
(34, 169, 25, 1, 57, 56, '2024-09-05 21:42:44', '2024-09-05 21:47:48', 1, 1, 0),
(35, 169, 25, 5, 57, 56, '2024-09-05 21:42:44', '2024-09-05 21:49:41', 1, 1, 0),
(36, 171, 25, 1, 57, 57, '2024-09-05 22:07:04', '2024-09-05 22:17:31', 1, 1, 0),
(37, 171, 25, 5, 57, 57, '2024-09-05 22:07:04', '2024-09-05 22:16:45', 1, 1, 0),
(38, 183, 26, 4, 59, 59, '2024-09-20 22:40:54', '2024-09-20 22:40:54', 0, 0, 0),
(39, 184, 26, 4, 59, 59, '2024-09-21 16:53:42', '2024-09-21 17:02:39', 1, 1, 0),
(40, 185, 26, 4, 59, 59, '2024-09-21 18:11:50', '2024-09-21 18:11:50', 0, 0, 0),
(41, 185, 26, 5, 59, 59, '2024-09-21 18:11:50', '2024-09-21 18:13:16', 1, 0, 0),
(42, 189, 26, 4, 59, 59, '2024-09-23 17:25:42', '2024-09-23 17:25:42', 0, 0, 0),
(43, 189, 26, 5, 59, 59, '2024-09-23 17:25:42', '2024-09-23 17:29:22', 1, 1, 0),
(44, 192, 26, 2, 60, 61, '2024-09-23 19:13:11', '2024-09-23 19:30:20', 1, 0, 0),
(45, 192, 26, 5, 60, 61, '2024-09-23 19:13:11', '2024-09-23 19:29:38', 1, 1, 0),
(46, 196, 32, 1, 62, 62, '2024-09-24 17:10:44', '2024-09-24 17:23:42', 1, 1, 0),
(47, 196, 32, 8, 62, 62, '2024-09-24 17:10:44', '2024-09-24 17:23:26', 1, 1, 0),
(48, 204, 32, 5, 64, 65, '2024-09-27 18:30:29', '2024-11-13 02:51:54', 2, 0, 0),
(49, 204, 32, 4, 64, 65, '2024-09-27 18:30:29', '2024-09-27 18:39:40', 1, 0, 0),
(50, 206, 32, 8, 64, 65, '2024-09-27 18:37:41', '2024-09-27 18:38:19', 0, 0, 0),
(51, 206, 32, 8, 64, 65, '2024-09-27 18:37:41', '2024-09-27 18:38:38', 0, 0, 0),
(58, NULL, 32, 7, NULL, 3, '2024-11-12 18:13:19', '2024-11-12 18:13:19', 0, 0, 1),
(59, NULL, 32, 11, NULL, 3, '2024-11-12 18:13:19', '2024-11-12 18:13:19', 0, 0, 1),
(60, NULL, 32, 2, NULL, 4, '2024-11-12 18:44:06', '2024-11-12 18:44:06', 0, 0, 1),
(61, NULL, 32, 18, NULL, 4, '2024-11-12 18:44:06', '2024-11-12 18:44:06', 0, 0, 1),
(62, NULL, 32, 2, NULL, 5, '2024-11-12 18:45:11', '2024-11-12 18:45:11', 0, 0, 1),
(63, NULL, 32, 18, NULL, 5, '2024-11-12 18:45:11', '2024-11-13 00:05:13', 2, 0, 1),
(64, NULL, 32, 11, NULL, 6, '2024-11-13 02:40:29', '2024-11-13 02:40:29', 0, 0, 1),
(65, NULL, 32, 6, NULL, 6, '2024-11-13 02:40:29', '2024-11-13 02:43:25', 2, 0, 1);

-- --------------------------------------------------------

--
-- Table structure for table `tb_Patient_symptoms`
--

CREATE TABLE `tb_Patient_symptoms` (
  `id` int(10) NOT NULL,
  `consultation_id` int(10) DEFAULT NULL,
  `doctor_id` int(10) DEFAULT NULL,
  `patient_id` int(10) DEFAULT NULL,
  `symptoms_ids` text,
  `created_at` timestamp NULL DEFAULT CURRENT_TIMESTAMP,
  `updated_at` timestamp NULL DEFAULT CURRENT_TIMESTAMP
) ENGINE=InnoDB DEFAULT CHARSET=latin1;

--
-- Dumping data for table `tb_Patient_symptoms`
--

INSERT INTO `tb_Patient_symptoms` (`id`, `consultation_id`, `doctor_id`, `patient_id`, `symptoms_ids`, `created_at`, `updated_at`) VALUES
(1, 12, 1, 1, '1, 2, 11', '2023-06-10 03:09:25', '2023-06-10 03:09:25'),
(2, 14, 11, 2, '1', '2023-06-12 22:19:39', '2023-06-12 22:19:39'),
(3, 15, 11, 2, '1', '2023-06-12 22:51:14', '2023-06-12 22:51:14'),
(4, 19, 13, 3, '1, 2', '2023-06-13 19:18:33', '2023-06-13 19:18:33'),
(5, 21, 11, 4, '1', '2023-06-13 19:34:16', '2023-06-13 19:34:16'),
(6, 23, 11, 5, '1', '2023-06-13 19:42:16', '2023-06-13 19:42:16'),
(7, 27, 14, 7, '1', '2023-06-16 18:13:38', '2023-06-16 18:13:38'),
(8, 28, 14, 7, '1', '2023-06-16 18:17:43', '2023-06-16 18:17:43'),
(9, 33, 17, 46, '1, 2, 3, 4', '2023-06-20 00:23:11', '2023-06-20 00:23:11'),
(10, 34, 13, 6, '1, 2, 3, 4', '2023-06-20 14:46:26', '2023-06-20 14:46:26'),
(11, 35, 13, 6, '1, 2', '2023-06-20 18:12:31', '2023-06-20 18:12:31'),
(12, 36, 16, 10, '2', '2023-06-20 18:16:57', '2023-06-20 18:16:57'),
(13, 37, 16, 9, '1', '2023-06-21 00:13:09', '2023-06-21 00:13:09'),
(14, 39, 11, 8, '1, 2, 10, 15', '2023-06-21 02:45:40', '2023-06-21 02:45:40'),
(15, 42, 19, 12, '1, 2', '2023-06-21 03:30:50', '2023-06-21 03:30:50'),
(16, 45, 20, 13, '1, 2', '2023-06-21 16:57:21', '2023-06-21 16:57:21'),
(17, 46, 20, 13, '2, 8', '2023-06-21 16:58:47', '2023-06-21 16:58:47'),
(18, 48, 20, 13, '1, 2', '2023-06-21 17:23:25', '2023-06-21 17:23:25'),
(19, 50, 20, 14, '1, 2', '2023-06-21 17:37:03', '2023-06-21 17:37:03'),
(20, 53, 20, 13, '1, 2', '2023-06-21 18:10:27', '2023-06-21 18:10:27'),
(21, 56, 21, 17, '1, 2', '2023-06-21 18:37:56', '2023-06-21 18:37:56'),
(22, 57, 21, 17, '1, 2', '2023-06-21 18:48:45', '2023-06-21 18:48:45'),
(23, 63, 26, 18, '1, 2', '2023-08-08 23:08:48', '2023-08-08 23:08:48'),
(24, 64, 13, 6, '2, 8', '2023-08-08 23:40:23', '2023-08-08 23:40:23'),
(25, 65, 26, 18, '1, 2', '2023-08-09 16:38:04', '2023-08-09 16:38:04'),
(26, 66, 13, 6, '1, 2', '2023-08-09 16:39:30', '2023-08-09 16:39:30'),
(27, 67, 13, 6, '2', '2023-08-09 16:48:14', '2023-08-09 16:48:14'),
(28, 69, 26, 19, '1, 2', '2023-08-09 17:09:24', '2023-08-09 17:09:24'),
(29, 71, 26, 18, '1, 2, 8', '2023-08-09 17:15:27', '2023-08-09 17:15:27'),
(30, 73, 13, 6, '1, 11', '2023-08-09 17:21:18', '2023-08-09 17:21:18'),
(31, 74, 27, 20, '2, 9', '2023-08-09 18:41:54', '2023-08-09 18:41:54'),
(32, 75, 27, 20, '2', '2023-08-17 18:47:22', '2023-08-17 18:47:22'),
(33, 79, 27, 21, '1, 2', '2023-08-24 00:15:30', '2023-08-24 00:15:30'),
(34, 82, 30, 22, '8', '2023-08-24 01:43:10', '2023-08-24 01:43:10'),
(35, 85, 31, 23, '1, 2', '2023-08-24 16:54:52', '2023-08-24 16:54:52'),
(36, 88, 32, 24, '2, 8', '2023-08-24 19:59:00', '2023-08-24 19:59:00'),
(37, 91, 33, 25, '2', '2023-08-24 21:47:03', '2023-08-24 21:47:03'),
(38, 95, 34, 27, '1, 2, 8', '2024-07-12 05:25:57', '2024-07-12 05:25:57'),
(39, 99, 39, 28, '1, 2', '2024-07-18 19:49:16', '2024-07-18 19:49:16'),
(40, 102, 41, 29, '1, 2, 8', '2024-07-18 20:10:20', '2024-07-18 20:10:20'),
(41, 104, 40, 30, '1, 2, 8', '2024-07-18 21:05:48', '2024-07-18 21:05:48'),
(42, 106, 41, 31, '1, 2, 9, 10, 11', '2024-07-19 23:09:08', '2024-07-19 23:09:08'),
(43, 108, 40, 32, '2, 8', '2024-07-19 23:14:47', '2024-07-19 23:14:47'),
(44, 109, 41, 31, '2', '2024-07-19 23:21:19', '2024-07-19 23:21:19'),
(45, 110, 40, 32, '1, 2, 8, 9, 10', '2024-07-23 21:36:16', '2024-07-23 21:36:16'),
(46, 111, 41, 31, '1', '2024-07-23 21:45:32', '2024-07-23 21:45:32'),
(47, 113, 41, 33, '2, 8', '2024-07-23 21:48:59', '2024-07-23 21:48:59'),
(48, 115, 37, 34, '8, 9', '2024-07-23 21:51:42', '2024-07-23 21:51:42'),
(49, 117, 37, 35, '1, 2, 8, 9', '2024-07-23 22:56:23', '2024-07-23 22:56:23'),
(50, 119, 41, 36, '1, 2, 8, 9', '2024-07-23 22:58:49', '2024-07-23 22:58:49'),
(51, 121, 41, 37, '8, 9, 15', '2024-07-24 03:19:03', '2024-07-24 03:19:03'),
(52, 125, 40, 40, '2, 8, 9', '2024-07-24 04:11:22', '2024-07-24 04:11:22'),
(53, 127, 41, 37, '8, 9', '2024-07-24 20:39:21', '2024-07-24 20:39:21'),
(54, 129, 37, 41, '1, 2', '2024-07-24 20:41:37', '2024-07-24 20:41:37'),
(55, 130, 37, 34, '1, 2', '2024-07-24 21:46:33', '2024-07-24 21:46:33'),
(56, 132, 40, 42, '2', '2024-07-24 21:50:57', '2024-07-24 21:50:57'),
(57, 136, 44, 43, '1, 2', '2024-07-24 22:03:11', '2024-07-24 22:03:11'),
(58, 138, 44, 44, '1, 2', '2024-07-24 22:11:04', '2024-07-24 22:11:04'),
(59, 140, 43, 45, '1, 2, 8', '2024-07-24 22:18:39', '2024-07-24 22:18:39'),
(60, 144, 47, 46, '1, 2', '2024-08-19 21:43:53', '2024-08-19 21:43:53'),
(61, 146, 48, 47, '1, 2', '2024-08-20 19:04:23', '2024-08-20 19:04:23'),
(62, 148, 48, 48, '1, 2', '2024-08-20 19:20:39', '2024-08-20 19:20:39'),
(63, 149, 48, 48, '9', '2024-08-20 19:34:47', '2024-08-20 19:34:47'),
(64, 150, 48, 48, '8', '2024-08-20 21:00:50', '2024-08-20 21:00:50'),
(65, 152, 54, 49, '1, 2, 16', '2024-08-28 00:02:03', '2024-08-28 00:02:17'),
(66, 153, 54, 49, '1, 2', '2024-08-29 17:44:15', '2024-08-29 17:44:23'),
(67, 156, 48, 51, '1, 2', '2024-08-30 21:35:31', '2024-08-30 21:35:31'),
(68, 159, 56, 53, '1, 2, 8', '2024-08-30 23:45:28', '2024-08-30 23:45:28'),
(69, 161, 48, 51, '1, 2, 8', '2024-09-03 16:44:32', '2024-09-03 16:44:32'),
(70, 162, 48, 51, '1', '2024-09-03 17:33:22', '2024-09-03 17:33:22'),
(71, 163, 48, 51, '1', '2024-09-03 17:45:14', '2024-09-03 17:45:14'),
(72, 164, 48, 51, '1', '2024-09-03 17:52:24', '2024-09-03 17:52:24'),
(73, 169, 57, 56, '1, 2', '2024-09-05 21:42:05', '2024-09-05 21:42:05'),
(74, 171, 57, 57, '1, 2, 8', '2024-09-05 22:05:47', '2024-09-05 22:05:47'),
(75, 172, 57, 57, '2', '2024-09-05 22:27:02', '2024-09-05 22:27:02'),
(76, 173, 57, 57, '1, 2', '2024-09-05 22:34:28', '2024-09-05 22:34:28'),
(77, 174, 48, 48, '1', '2024-09-05 22:36:20', '2024-09-05 22:36:20'),
(78, 175, 48, 48, '1', '2024-09-05 22:39:04', '2024-09-05 22:39:04'),
(79, 176, 48, 48, '1', '2024-09-05 22:42:54', '2024-09-05 22:42:54'),
(80, 178, 48, 58, '1, 2, 8', '2024-09-05 22:46:00', '2024-09-05 22:46:00'),
(81, 179, 48, 58, '1', '2024-09-19 22:12:45', '2024-09-19 22:12:45'),
(82, 180, 48, 58, '1', '2024-09-20 18:12:34', '2024-09-20 18:12:34'),
(83, 183, 59, 59, '1', '2024-09-20 22:32:34', '2024-09-20 22:32:34'),
(84, 184, 59, 59, '1', '2024-09-21 16:53:15', '2024-09-21 16:53:15'),
(85, 185, 59, 59, '1, 2', '2024-09-21 18:11:15', '2024-09-21 18:11:15'),
(86, 187, 56, 60, '1', '2024-09-22 01:04:34', '2024-09-22 01:04:34'),
(87, 188, 56, 60, '1, 2', '2024-09-22 01:11:58', '2024-09-22 01:11:58'),
(88, 189, 59, 59, '1, 2', '2024-09-23 17:20:23', '2024-09-23 17:20:23'),
(89, 192, 60, 61, '1, 2, 8', '2024-09-23 19:07:16', '2024-09-23 19:07:16'),
(90, 196, 62, 62, '1, 2, 8', '2024-09-24 17:09:51', '2024-09-24 17:09:51'),
(91, 200, 56, 63, '1', '2024-09-26 00:27:30', '2024-09-26 00:27:30'),
(92, 202, 54, 64, '1, 2', '2024-09-26 00:56:06', '2024-09-26 00:56:06'),
(93, 204, 64, 65, '1, 2, 8', '2024-09-27 18:27:54', '2024-09-27 18:27:54'),
(94, 205, 64, 65, '1', '2024-09-27 18:32:27', '2024-09-27 18:32:27'),
(95, 206, 64, 65, '8', '2024-09-27 18:36:44', '2024-09-27 18:36:44'),
(96, 212, 56, 63, '1, 2', '2024-10-03 21:40:55', '2024-10-03 21:40:55'),
(97, 213, 56, 63, '1, 2', '2024-10-03 21:57:19', '2024-10-03 21:57:19'),
(98, 216, 56, 71, '1, 2', '2024-10-07 17:08:19', '2024-10-07 17:08:19'),
(99, 217, 59, 59, '1', '2024-10-08 21:37:38', '2024-10-08 21:37:38'),
(100, 220, 37, 73, '8', '2024-10-10 03:32:06', '2024-10-10 03:32:06'),
(101, 230, 37, 82, '1, 2, 8', '2024-10-29 23:10:59', '2024-10-29 23:10:59'),
(102, 231, 37, 82, '1, 2, 8', '2024-10-29 23:10:59', '2024-10-29 23:10:59'),
(103, 232, 45, 81, '1, 2, 8', '2024-10-30 17:40:38', '2024-10-30 17:40:38'),
(104, 242, 65, 90, '1, 2', '2024-11-06 17:10:35', '2024-11-06 17:10:44'),
(105, 243, 65, 90, '1, 2', '2024-11-06 17:22:49', '2024-11-06 17:22:49'),
(106, 244, 65, 90, '1', '2024-11-06 17:25:22', '2024-11-06 17:25:22'),
(107, 245, 65, 90, '1', '2024-11-06 17:53:16', '2024-11-06 17:53:16'),
(108, 246, 65, 90, '1', '2024-11-06 18:49:55', '2024-11-06 18:49:55'),
(109, 257, 65, 100, '1', '2024-11-14 00:00:10', '2024-11-14 00:00:10'),
(110, 260, 65, 101, '1', '2024-11-14 00:16:12', '2024-11-14 00:16:12'),
(111, 261, 65, 100, '1', '2024-11-14 00:17:58', '2024-11-14 00:17:58'),
(112, 264, 66, 103, '1', '2024-11-14 00:46:04', '2024-11-14 00:46:04'),
(113, 265, 65, 100, '1', '2024-11-14 00:49:21', '2024-11-14 00:49:21'),
(114, 266, 65, 101, '1', '2024-11-14 00:54:24', '2024-11-14 00:54:24'),
(115, 268, 66, 104, '1', '2024-11-14 00:59:35', '2024-11-14 00:59:35');

-- --------------------------------------------------------

--
-- Table structure for table `tb_pharmacy`
--

CREATE TABLE `tb_pharmacy` (
  `id` int(10) NOT NULL,
  `name` text,
  `email` text,
  `contact_phone_no` text,
  `user_name` text,
  `user_type` text,
  `profile_image` text,
  `clinic_name` text,
  `clinic_id` int(10) DEFAULT NULL,
  `d_hospital_id` int(10) DEFAULT NULL,
  `status` int(10) DEFAULT '0',
  `receive_status` int(10) DEFAULT '0',
  `password` text,
  `original_password` text,
  `created_at` timestamp NULL DEFAULT CURRENT_TIMESTAMP,
  `updated_at` timestamp NULL DEFAULT CURRENT_TIMESTAMP
) ENGINE=InnoDB DEFAULT CHARSET=latin1;

--
-- Dumping data for table `tb_pharmacy`
--

INSERT INTO `tb_pharmacy` (`id`, `name`, `email`, `contact_phone_no`, `user_name`, `user_type`, `profile_image`, `clinic_name`, `clinic_id`, `d_hospital_id`, `status`, `receive_status`, `password`, `original_password`, `created_at`, `updated_at`) VALUES
(1, 'KIMS Pharmacy', 'kimspharmacy@gmail.com', '9784512451', 'KIMS Pharmacy', NULL, NULL, 'KIMS Hospital', 2086, 87, 1, 0, '79577206c89fa654b2e527d1ab46109c', 'Kimspharmacy@123', '2023-06-10 02:53:13', '2023-06-10 03:20:12'),
(2, 'SUT Pharmacy', 'sutpharmacy@gmail.com', '9632587411', 'SUT Pharmacy', NULL, NULL, 'SUT Hospital', 2087, 87, 1, 0, '4216effc6e1b8c2384478d017381310c', 'Sutpharmacy@123', '2023-06-10 02:54:11', '2023-06-10 02:54:11'),
(3, 'SAT Pharmacy', 'satpharmacy@gmail.com', '7302588525', 'SAT Pharmacy', NULL, NULL, 'SAT Hospital', 2088, 87, 1, 0, 'f593c02912942e913a88fd0eabc1bfa4', 'Satpharmacy@123', '2023-06-10 02:55:03', '2023-06-10 02:55:03'),
(4, 'SP Fort Pharmacy', 'spfortpharmacy@gmail.com', '9999856235', 'SP Fort Pharmacy', NULL, NULL, 'SP Fort Hospital', 2091, 87, 1, 0, 'ee0d05a7975228f40ae09f3a487d74a6', 'Spfortpharmacy@123', '2023-06-10 02:56:17', '2023-06-10 02:56:17'),
(5, 'Lords Pharmacy', 'lordspharmacy@gmail.com', '9996666784', 'Lords Pharmacy', NULL, NULL, 'Lords Hospital', 2092, 87, 1, 0, 'd7135fdc895df594133ce81ecafa453a', 'Lordspharmacy@123', '2023-06-10 02:57:22', '2023-06-21 02:12:52'),
(6, 'SSR Medicals', 'ssr_med@gmail.com', '2173673313', 'ssr_med', NULL, NULL, 'SSR Medical Care', 2176, NULL, 1, 0, 'f925916e2754e5e03f75dd58a5733251', 'Test@123', '2023-06-13 04:22:42', '2023-06-13 04:22:42'),
(9, 'Ramakrishna', 'Ramakrishna@gmail.com', '9005501112', 'Ramakrishna', NULL, NULL, 'SK Medical Care', 2195, 87, 1, 0, '7314346939c90733830ac1b702074454', 'Shikha@24', '2023-06-20 01:51:37', '2023-08-09 17:03:33'),
(11, 'Devi Pharmacy', 'devipharmacy@gmail.com', '3456789023', 'Devi Pharmacy', NULL, NULL, 'Civil', 2257, 87, 1, 0, 'b43f3bb64a9323a42478a0de7c76378a', 'Devipharmacy@123', '2023-06-21 01:32:15', '2023-06-21 01:32:15'),
(12, 'City Medicals', 'city_medicals@gmail.com', '2313234323', 'city_medicals', NULL, NULL, 'City Hospital', 2269, 87, 1, 0, 'f925916e2754e5e03f75dd58a5733251', 'Test@123', '2023-06-21 16:53:36', '2023-06-21 18:19:56'),
(13, 'testing pharmacy', 'shikhaba.analyst@gmail.com', '9005500002', 'chichi', NULL, NULL, 'testing', 2306, 87, 1, 0, '7314346939c90733830ac1b702074454', 'Shikha@24', '2023-06-23 19:41:40', '2023-06-23 19:41:40'),
(14, 'AyushMedicals', 'ayush_medicals@gmail.com', '7625372647', 'ayush_medicals', NULL, NULL, 'Ayush Medi Center', 2894, 87, 1, 0, 'f925916e2754e5e03f75dd58a5733251', 'Test@123', '2023-08-09 17:05:25', '2023-08-09 17:07:31'),
(18, 'Medicity Medicals', 'medicity_medicals@gmail.com', '2131313232', 'medicity medicals', NULL, NULL, 'Medicity Hospital', 3683, 87, 1, 0, 'f925916e2754e5e03f75dd58a5733251', 'Test@123', '2024-07-15 20:35:22', '2024-07-15 20:35:22'),
(19, 'SRM Medicals', 'srm_medicals@gmail.com', '2313322123', 'srm_medicals', NULL, NULL, 'SRM Hospital', 3684, 87, 1, 0, 'f925916e2754e5e03f75dd58a5733251', 'Test@123', '2024-07-15 22:14:00', '2024-07-15 22:43:52'),
(25, 'Ren Medicals', 'renmed@gmail.com', '4443434565', 'renmed', NULL, NULL, 'Ren Hospital', 4362, 87, 1, 0, 'f925916e2754e5e03f75dd58a5733251', 'Test@123', '2024-09-05 21:28:02', '2024-09-05 21:55:11'),
(26, 'AB Pharmacy', 'ab@gmail.com', '2547852569', 'ab@gmail.com', NULL, NULL, 'HSP A', 4984, 4913, 1, 0, 'f925916e2754e5e03f75dd58a5733251', 'Test@123', '2024-09-20 22:42:26', '2024-09-25 22:01:40'),
(29, 'Demo', 'demo@gmail.com', '9876598765', 'Demo', NULL, NULL, 'Health Care Hospital', 5700, 5630, 1, 0, 'e14c05f0dc27e6be1fc127abaf474a59', 'Demo@123', '2024-09-27 21:12:02', '2024-09-27 21:12:02'),
(30, 'AR PHARMACY', 'arpharmacy@gmail.com', '2541256985', 'arpharmacy@gmail.com', NULL, NULL, 'AB Hospital', 11355, 11392, 1, 0, 'f925916e2754e5e03f75dd58a5733251', 'Test@123', '2024-11-06 17:11:57', '2024-11-06 18:30:14');

-- --------------------------------------------------------

--
-- Table structure for table `tb_pharmacy_medicines`
--

CREATE TABLE `tb_pharmacy_medicines` (
  `id` int(11) NOT NULL,
  `pharmacy_id` int(10) DEFAULT NULL,
  `medicine_id` int(10) DEFAULT NULL,
  `med_name` text,
  `med_type_id` int(10) DEFAULT '0',
  `med_type` text NOT NULL,
  `avail_qty` int(10) DEFAULT NULL,
  `batch_no` text,
  `expiry_date` text,
  `created_at` timestamp NULL DEFAULT NULL,
  `updated_at` timestamp NULL DEFAULT NULL,
  `clinic_id` int(10) DEFAULT NULL,
  `clinic_name` text
) ENGINE=InnoDB DEFAULT CHARSET=latin1;

--
-- Dumping data for table `tb_pharmacy_medicines`
--

INSERT INTO `tb_pharmacy_medicines` (`id`, `pharmacy_id`, `medicine_id`, `med_name`, `med_type_id`, `med_type`, `avail_qty`, `batch_no`, `expiry_date`, `created_at`, `updated_at`, `clinic_id`, `clinic_name`) VALUES
(1, 1, 20, 'Covishield', 15, 'Vaccination', 499, '10', '12\\/10\\/2024', '2023-06-10 03:19:53', '2023-06-10 03:22:44', 2086, 'KIMS Hospital'),
(2, 1, 10, 'Zedex', 21, 'Syrup', 499, '35', '19\\/09\\/2024', '2023-06-10 03:20:12', '2023-06-10 03:22:44', 2086, 'KIMS Hospital'),
(3, 1, 27, 'Luer slip syringe', 19, 'Syringe', 499, '19', '12\\/04\\/2025', '2023-06-10 03:20:12', '2023-06-10 03:22:44', 2086, 'KIMS Hospital'),
(4, 7, 25, 'Ventolin Inhaler', 20, 'Inhaler', 500, '50', '18\\/04\\/2025', '2023-06-13 19:14:25', '2023-06-13 19:14:25', 2195, 'SK Medical Care'),
(5, 7, 10, 'Zedex', 21, 'Syrup', 200, '35', '19\\/09\\/2024', '2023-06-13 19:14:37', '2023-06-13 19:14:37', 2195, 'SK Medical Care'),
(6, 5, 25, 'Ventolin Inhaler', 20, 'Inhaler', 100, '50', '18\\/04\\/2025', '2023-06-16 18:10:41', '2023-06-16 18:10:41', 2092, 'Lords Hospital'),
(7, 5, 12, 'Zecuf Syrup', 21, 'Syrup', 100, '33', '10\\/07\\/2025', '2023-06-16 18:10:51', '2023-06-16 18:10:51', 2092, 'Lords Hospital'),
(8, 5, 26, 'Insulin Syringe', 19, 'Syringe', 1100, '51', '11\\/10\\/2024', '2023-06-16 18:11:01', '2023-06-21 02:11:26', 2092, 'Lords Hospital'),
(9, 5, 20, 'Covishield', 15, 'Vaccination', 399, '10', '12\\/10\\/2024', '2023-06-16 18:11:11', '2023-06-21 02:09:07', 2092, 'Lords Hospital'),
(10, 9, 28, 'meftallspause', 2, 'Capsule', 800, '0123', '30\\/06\\/2036', '2023-06-20 18:28:02', '2023-06-20 18:28:02', 2195, 'SK Medical Care'),
(11, 5, 10, 'Zedex', 21, 'Syrup', 100, '35', '19\\/09\\/2024', '2023-06-21 02:08:53', '2023-06-21 02:08:53', 2092, 'Lords Hospital'),
(12, 5, 28, 'meftallspause', 2, 'Capsule', 500, 'Q1234', '12\\/12\\/2023', '2023-06-21 02:12:52', '2023-06-21 02:12:52', 2092, 'Lords Hospital'),
(13, 9, 27, 'Luer slip syringe', 19, 'Syringe', 100, '19', '12\\/04\\/2025', '2023-06-21 02:24:10', '2023-06-21 02:24:10', 2195, 'SK Medical Care'),
(14, 12, 16, 'Eucerin Lotion', 10, 'Lotion', 800, '28', '07\\/03\\/2025', '2023-06-21 18:19:46', '2023-06-21 18:19:46', 2269, 'City Hospital'),
(15, 12, 10, 'Zedex', 21, 'Syrup', 100, '35', '19\\/09\\/2024', '2023-06-21 18:19:56', '2023-06-21 18:19:56', 2269, 'City Hospital'),
(16, 9, 10, 'Zedex', 21, 'Syrup', 50, '35', '19\\/09\\/2024', '2023-08-09 17:03:20', '2023-08-09 17:03:20', 2195, 'SK Medical Care'),
(17, 9, 29, 'paracetamol', 2, 'Capsule', 100, '12312', '18\\/01\\/2040', '2023-08-09 17:03:33', '2023-08-09 17:03:33', 2195, 'SK Medical Care'),
(18, 14, 28, 'meftallspause', 2, 'Capsule', 760, 'Q1234', '12\\/12\\/2023', '2023-08-09 17:07:25', '2023-08-09 18:46:36', 2894, 'Ayush Medi Center'),
(19, 14, 29, 'paracetamol', 2, 'Capsule', 500, '12312', '18\\/01\\/2040', '2023-08-09 17:07:31', '2023-08-09 17:07:31', 2894, 'Ayush Medi Center'),
(20, 17, 30, 'Vitamin C', 5, 'Drops', 500, '1233', '10\\/01\\/2025', '2024-07-12 05:49:32', '2024-07-12 05:49:32', 3673, 'Lissy Hospital'),
(21, 19, 28, 'meftallspause', 2, 'Capsule', 1000, 'Q1234', '12\\/12\\/2023', '2024-07-15 22:43:52', '2024-07-15 22:43:52', 3684, 'SRM Hospital'),
(22, 20, 33, 'Lisinopril', 5, 'Drops', 2000, '2213', '07\\/03\\/2025', '2024-07-18 20:00:32', '2024-07-18 20:00:32', 3686, 'Ayur Care Med'),
(23, 20, 35, 'Meftal Spas', 8, 'Tablet', 785, '3322', '18\\/04\\/2025', '2024-07-18 20:00:42', '2024-07-18 21:16:32', 3686, 'Ayur Care Med'),
(24, 20, 29, 'paracetamol', 2, 'Capsule', 960, '12312', '18\\/01\\/2040', '2024-07-18 20:01:50', '2024-07-18 21:16:32', 3686, 'Ayur Care Med'),
(25, 20, 27, 'Luer slip syringe', 19, 'Syringe', 100, '19', '12\\/04\\/2025', '2024-07-18 20:02:59', '2024-07-18 20:02:59', 3686, 'Ayur Care Med'),
(26, 25, 35, 'Meftal Spas', 8, 'Tablet', 91, '3322', '18\\/04\\/2025', '2024-09-05 21:37:18', '2024-09-05 21:50:59', 4362, 'Ren Hospital'),
(27, 25, 31, 'Vit D3', 5, 'Drops', 500, '3324', '21\\/12\\/2024', '2024-09-05 21:37:38', '2024-09-05 21:37:38', 4362, 'Ren Hospital'),
(28, 25, 29, 'paracetamol', 2, 'Capsule', 500, '12312', '18\\/01\\/2040', '2024-09-05 21:37:49', '2024-09-05 21:37:49', 4362, 'Ren Hospital'),
(29, 25, 14, 'Voltaren Gel', 9, 'Gel', 200, '32', '07\\/05\\/2025', '2024-09-05 21:38:11', '2024-09-05 21:38:11', 4362, 'Ren Hospital'),
(30, 25, 7, 'Melatonin', 8, 'Tablet', 800, '38', '07\\/12\\/2024', '2024-09-05 21:55:02', '2024-09-05 21:55:02', 4362, 'Ren Hospital'),
(31, 25, 1, 'Amlodipine', 2, 'Capsule', 800, '45', '11\\/04\\/2025', '2024-09-05 21:55:11', '2024-09-05 21:55:11', 4362, 'Ren Hospital'),
(32, 26, 37, 'Paracetamol', 2, 'Capsule', 10, '4574747', '28\\/08\\/2024', '2024-09-21 16:52:11', '2024-09-21 16:52:11', 4984, 'HSP A'),
(33, 26, 29, 'paracetamol', 2, 'Capsule', 30, '12312', '18\\/01\\/2040', '2024-09-21 17:00:17', '2024-09-21 17:00:48', 4984, 'HSP A'),
(34, 30, 46, 'Evion 400 mg', 2, 'Capsule', 500, 'SUN2024', '12\\/12\\/2024', '2024-09-25 22:01:40', '2024-09-25 22:01:40', 4984, 'HSP A'),
(35, 30, 37, 'Paracetamol', 2, 'Capsule', 500, '4574747', '28\\/08\\/2024', '2024-11-06 18:29:22', '2024-11-06 18:29:22', 11355, 'AB Hospital'),
(36, 30, 2, 'Benzonatate', 2, 'Capsule', 500, '40', '18\\/04\\/2025', '2024-11-06 18:29:38', '2024-11-06 18:29:38', 11355, 'AB Hospital'),
(37, 30, 29, 'paracetamol', 2, 'Capsule', 500, '12312', '18\\/01\\/2040', '2024-11-06 18:29:55', '2024-11-06 18:29:55', 11355, 'AB Hospital'),
(38, 30, 36, 'Paracetamol', 2, 'Capsule', 500, '23hfrfb', '28\\/08\\/2024', '2024-11-06 18:30:14', '2024-11-06 18:30:14', 11355, 'AB Hospital');

-- --------------------------------------------------------

--
-- Table structure for table `tb_refer_doctor`
--

CREATE TABLE `tb_refer_doctor` (
  `id` int(11) NOT NULL,
  `specialisation_id` int(11) DEFAULT NULL,
  `doctor_id` int(11) DEFAULT NULL,
  `pincode` int(11) DEFAULT NULL,
  `status` int(11) DEFAULT '0',
  `created_at` timestamp NULL DEFAULT NULL,
  `updated_at` timestamp NULL DEFAULT CURRENT_TIMESTAMP
) ENGINE=InnoDB DEFAULT CHARSET=latin1;

-- --------------------------------------------------------

--
-- Table structure for table `tb_specialisation`
--

CREATE TABLE `tb_specialisation` (
  `id` int(10) NOT NULL,
  `name` text,
  `status` int(10) DEFAULT NULL,
  `created_at` timestamp NULL DEFAULT CURRENT_TIMESTAMP ON UPDATE CURRENT_TIMESTAMP,
  `updated_at` timestamp NULL DEFAULT CURRENT_TIMESTAMP
) ENGINE=InnoDB DEFAULT CHARSET=latin1;

--
-- Dumping data for table `tb_specialisation`
--

INSERT INTO `tb_specialisation` (`id`, `name`, `status`, `created_at`, `updated_at`) VALUES
(1, 'Orthopedics', 1, '2023-02-09 06:56:48', '2023-02-09 06:56:48'),
(2, 'Internal Medicine', 1, '2023-02-09 06:56:48', '2023-02-09 06:56:48'),
(4, 'Dermatology', 1, '2023-02-09 06:56:48', '2023-02-09 06:56:48'),
(5, 'Pediatrics', 1, '2023-02-09 06:56:48', '2023-02-09 06:56:48'),
(12, 'Pathology', 1, '2023-02-09 06:56:48', '2023-02-09 06:56:48'),
(13, 'ENT', 1, '2023-02-09 06:56:48', '2023-02-09 06:56:48'),
(16, 'Anatomical Pathology', 1, '2023-02-10 02:59:37', '2023-02-10 02:59:37'),
(17, 'Anesthesiology', 1, '2023-02-10 03:00:23', '2023-02-10 03:00:23'),
(18, 'Cardiology', 1, '2023-02-10 03:00:44', '2023-02-10 03:00:44'),
(20, 'Clinical Immunology/Allergy', 1, '2023-02-10 03:01:31', '2023-02-10 03:01:31'),
(21, 'Critical Care Medicine', 1, '2023-02-10 03:01:52', '2023-02-10 03:01:52'),
(22, 'Diagnostic Radiology', 1, '2023-02-10 03:02:39', '2023-02-10 03:02:39'),
(23, 'Endocrinology and Metabolism', 1, '2023-02-10 03:03:01', '2023-02-10 03:03:01'),
(24, 'Family Medicine', 1, '2023-02-10 03:03:15', '2023-02-10 03:03:15'),
(25, 'Gastroenterology', 1, '2023-02-10 03:04:03', '2023-02-10 03:04:03'),
(26, 'General Internal Medicine', 1, '2023-02-10 03:04:46', '2023-02-10 03:04:46'),
(27, 'General Surgery', 1, '2023-02-10 03:05:03', '2023-02-10 03:05:03'),
(29, 'General/Clinical Pathology', 1, '2023-02-10 03:05:15', '2023-02-10 03:05:15'),
(30, 'Geriatric Medicine', 1, '2023-02-10 03:05:35', '2023-02-10 03:05:35'),
(31, 'Hematology', 1, '2023-02-10 03:05:51', '2023-02-10 03:05:51'),
(32, 'Medical Genetics', 1, '2023-02-10 03:06:04', '2023-02-10 03:06:04'),
(33, 'Medical Oncology', 1, '2023-02-10 03:06:23', '2023-02-10 03:06:23'),
(34, 'Nephrology', 1, '2023-02-10 03:06:34', '2023-02-10 03:06:34'),
(35, 'Neurology', 1, '2023-02-10 03:06:44', '2023-02-10 03:06:44'),
(36, 'Neurosurgery', 1, '2023-02-10 03:06:57', '2023-02-10 03:06:57'),
(37, 'Obstetrics/Gynecology', 1, '2023-02-10 03:07:28', '2023-02-10 03:07:28'),
(38, 'Ophthalmology', 1, '2023-02-10 03:07:40', '2023-02-10 03:07:40'),
(39, 'Otolaryngology', 1, '2023-02-10 03:07:56', '2023-02-10 03:07:56'),
(40, 'Physical Medicine and Rehabilitation (PM & R)', 1, '2023-02-10 03:08:26', '2023-02-10 03:08:26'),
(41, 'Plastic Surgery', 1, '2023-02-10 03:08:37', '2023-02-10 03:08:37'),
(42, 'Psychiatry', 1, '2023-02-10 03:08:49', '2023-02-10 03:08:49'),
(43, 'Public Health and Preventive Medicine (PhPm)', 1, '2023-02-10 03:09:03', '2023-02-10 03:09:03'),
(44, 'Radiation Oncology', 1, '2023-02-10 03:09:14', '2023-02-10 03:09:14'),
(45, 'Respirology', 1, '2023-02-10 03:09:25', '2023-02-10 03:09:25'),
(47, 'Rheumatology', 1, '2023-02-10 03:09:39', '2023-02-10 03:09:39'),
(48, 'Urology', 1, '2023-02-10 03:09:49', '2023-02-10 03:09:49');

-- --------------------------------------------------------

--
-- Table structure for table `tb_state_new`
--

CREATE TABLE `tb_state_new` (
  `state_id` int(11) NOT NULL,
  `state_title` varchar(100) NOT NULL,
  `state_description` text NOT NULL,
  `status` varchar(10) NOT NULL
) ENGINE=InnoDB DEFAULT CHARSET=latin1;

--
-- Dumping data for table `tb_state_new`
--

INSERT INTO `tb_state_new` (`state_id`, `state_title`, `state_description`, `status`) VALUES
(1, 'Andaman & Nicobar Islands', '', 'Active'),
(2, 'Andhra Pradesh', '', 'Active'),
(3, 'Arunachal Pradesh', '', 'Active'),
(4, 'Assam', '', 'Active'),
(5, 'Bihar', '', 'Active'),
(6, 'Chandigarh', '', 'Active'),
(7, 'Chhattisgarh', '', 'Active'),
(8, 'Dadra & Nagar Haveli', '', 'Active'),
(9, 'Daman & Diu', '', 'Active'),
(10, 'Delhi', '', 'Active'),
(11, 'Goa', '', 'Active'),
(12, 'Gujarat', '', 'Active'),
(13, 'Haryana', '', 'Active'),
(14, 'Himachal Pradesh', '', 'Active'),
(15, 'Jammu & Kashmir', '', 'Active'),
(16, 'Jharkhand', '', 'Active'),
(17, 'Karnataka', '', 'Active'),
(18, 'Kerala', '', 'Active'),
(19, 'Lakshadweep', '', 'Active'),
(20, 'Madhya Pradesh', '', 'Active'),
(21, 'Maharashtra', '', 'Active'),
(22, 'Manipur', '', 'Active'),
(23, 'Meghalaya', '', 'Active'),
(24, 'Mizoram', '', 'Active'),
(25, 'Nagaland', '', 'Active'),
(26, 'Odisha', '', 'Active'),
(27, 'Puducherry', '', 'Active'),
(28, 'Punjab', '', 'Active'),
(29, 'Rajasthan', '', 'Active'),
(30, 'Sikkim', '', 'Active'),
(31, 'Tamil Nadu', '', 'Active'),
(32, 'Tripura', '', 'Active'),
(33, 'Uttar Pradesh', '', 'Active'),
(34, 'Uttarakhand', '', 'Active'),
(35, 'West Bengal', '', 'Active');

-- --------------------------------------------------------

--
-- Table structure for table `tb_symptoms`
--

CREATE TABLE `tb_symptoms` (
  `id` int(11) NOT NULL,
  `symptoms` text,
  `status` int(11) DEFAULT NULL,
  `created_at` timestamp NULL DEFAULT CURRENT_TIMESTAMP,
  `updated_at` timestamp NULL DEFAULT CURRENT_TIMESTAMP
) ENGINE=InnoDB DEFAULT CHARSET=latin1;

--
-- Dumping data for table `tb_symptoms`
--

INSERT INTO `tb_symptoms` (`id`, `symptoms`, `status`, `created_at`, `updated_at`) VALUES
(1, 'Fever', 1, '2022-12-19 18:49:39', '2023-02-09 06:26:55'),
(2, 'Headache', 1, '2022-12-19 18:49:51', '2023-02-09 06:26:55'),
(8, 'Allergies', 1, '2023-02-10 02:18:22', '2023-02-10 02:18:22'),
(9, 'Stomach Cramps', 1, '2023-02-10 02:19:40', '2023-02-10 02:19:40'),
(10, 'Vomiting', 1, '2023-02-10 02:20:12', '2023-02-10 02:20:12'),
(11, 'Aches and Pains', 1, '2023-02-10 02:20:39', '2023-02-10 02:20:39'),
(12, 'Chest Pain', 1, '2023-02-10 02:22:04', '2023-02-10 02:22:04'),
(14, 'Chronic Pain', 1, '2023-02-10 02:23:12', '2023-02-10 02:23:12'),
(15, 'Cold Sore', 1, '2023-02-10 02:23:39', '2023-02-10 02:23:39'),
(16, 'Cough', 1, '2023-02-10 02:23:50', '2023-02-10 02:23:50'),
(17, 'Dehydration', 1, '2023-02-10 02:24:29', '2023-02-10 02:24:29'),
(18, 'Dizziness', 1, '2023-02-10 02:25:28', '2023-02-10 02:25:28'),
(20, 'Elbow Problems', 1, '2023-02-10 02:26:49', '2023-02-10 02:26:49'),
(21, 'Ankle Problems', 1, '2023-02-10 02:29:16', '2023-02-10 02:29:16'),
(23, 'Back Problems', 1, '2023-02-10 02:31:27', '2023-02-10 02:31:27'),
(25, 'Flu', 1, '2023-02-10 02:37:41', '2023-02-10 02:37:41'),
(26, 'Foot Problems', 1, '2023-02-10 02:38:02', '2023-02-10 02:38:02'),
(27, 'Hearing Loss', 1, '2023-02-10 02:39:21', '2023-02-10 02:39:21'),
(28, 'Hip Problems', 1, '2023-02-10 02:39:41', '2023-02-10 02:39:41'),
(30, 'Earache', 1, '2023-02-10 02:40:23', '2023-02-10 02:40:23'),
(31, 'Indigestion', 1, '2023-02-10 02:41:22', '2023-02-10 02:41:22'),
(32, 'Itching', 1, '2023-02-10 02:41:46', '2023-02-10 02:41:46'),
(34, 'Knee Problems', 1, '2023-02-10 02:42:26', '2023-02-10 02:42:26'),
(35, 'Migraine', 1, '2023-02-10 02:42:51', '2023-02-10 02:42:51'),
(36, 'Nosebleed', 1, '2023-02-10 02:43:16', '2023-02-10 02:43:16'),
(37, 'Neck Problems', 1, '2023-02-10 02:43:27', '2023-02-10 02:43:27'),
(38, 'Skin Rashes', 1, '2023-02-10 02:43:51', '2023-02-10 02:43:51'),
(39, 'Sore Throat', 1, '2023-02-10 02:44:31', '2023-02-10 02:44:31'),
(40, 'Swollen Glands', 1, '2023-02-10 02:44:55', '2023-02-10 02:44:55'),
(41, 'Shoulder Problems', 1, '2023-02-10 02:45:19', '2023-02-10 02:45:19'),
(42, 'Toothache', 1, '2023-02-10 02:45:46', '2023-02-10 02:45:46'),
(43, 'Thigh Problems', 1, '2023-02-10 02:46:11', '2023-02-10 02:46:11'),
(45, 'Urinary Tract Infection(UTI)', 1, '2023-02-10 02:47:25', '2023-02-10 02:47:25'),
(46, 'Wrist, Hand and Finger Problems', 1, '2023-02-10 02:48:09', '2023-02-10 02:48:09');

-- --------------------------------------------------------

--
-- Table structure for table `tc_cities`
--

CREATE TABLE `tc_cities` (
  `id` int(11) DEFAULT NULL,
  `name` varchar(59) DEFAULT NULL,
  `state_id` int(11) DEFAULT NULL,
  `state_code` varchar(10) DEFAULT NULL,
  `state_name` varchar(56) DEFAULT NULL,
  `country_id` varchar(10) DEFAULT NULL,
  `country_code` varchar(12) DEFAULT NULL,
  `country_name` varchar(32) DEFAULT NULL,
  `latitude` varchar(11) DEFAULT NULL,
  `longitude` varchar(12) DEFAULT NULL,
  `wikiDataId` varchar(10) DEFAULT NULL
) ENGINE=InnoDB DEFAULT CHARSET=utf8;

--
-- Dumping data for table `tc_cities`
--

INSERT INTO `tc_cities` (`id`, `name`, `state_id`, `state_code`, `state_name`, `country_id`, `country_code`, `country_name`, `latitude`, `longitude`, `wikiDataId`) VALUES
(52, 'Ashkāsham', 3901, 'BDS', 'Badakhshan', '1', 'AF', 'Afghanistan', '36.68333000', '71.53333000', 'Q4805192'),
(68, 'Fayzabad', 3901, 'BDS', 'Badakhshan', '1', 'AF', 'Afghanistan', '37.11664000', '70.58002000', 'Q156558'),
(78, 'Jurm', 3901, 'BDS', 'Badakhshan', '1', 'AF', 'Afghanistan', '36.86477000', '70.83421000', 'Q10308323'),
(84, 'Khandūd', 3901, 'BDS', 'Badakhshan', '1', 'AF', 'Afghanistan', '36.95127000', '72.31800000', 'Q3290334'),
(115, 'Rāghistān', 3901, 'BDS', 'Badakhshan', '1', 'AF', 'Afghanistan', '37.66079000', '70.67346000', 'Q2670909'),
(131, 'Wākhān', 3901, 'BDS', 'Badakhshan', '1', 'AF', 'Afghanistan', '37.05710000', '73.34928000', 'Q2509959'),
(72, 'Ghormach', 3871, 'BDG', 'Badghis', '1', 'AF', 'Afghanistan', '35.73062000', '63.78264000', 'Q5556982'),
(108, 'Qala i Naw', 3871, 'BDG', 'Badghis', '1', 'AF', 'Afghanistan', '34.98735000', '63.12891000', 'Q26396'),
(54, 'Baghlān', 3875, 'BGL', 'Baghlan', '1', 'AF', 'Afghanistan', '36.13068000', '68.70829000', 'Q732879'),
(140, 'Ḩukūmatī Dahanah-ye Ghōrī', 3875, 'BGL', 'Baghlan', '1', 'AF', 'Afghanistan', '35.90617000', '68.48869000', 'Q5194960'),
(101, 'Nahrīn', 3875, 'BGL', 'Baghlan', '1', 'AF', 'Afghanistan', '36.06490000', '69.13343000', 'Q6959392'),
(105, 'Pul-e Khumrī', 3875, 'BGL', 'Baghlan', '1', 'AF', 'Afghanistan', '35.94458000', '68.71512000', 'Q477148'),
(55, 'Balkh', 3884, 'BAL', 'Balkh', '1', 'AF', 'Afghanistan', '36.75635000', '66.89720000', 'Q182159'),
(65, 'Dowlatābād', 3884, 'BAL', 'Balkh', '1', 'AF', 'Afghanistan', '36.98821000', '66.82069000', 'Q2163607'),
(85, 'Khulm', 3884, 'BAL', 'Balkh', '1', 'AF', 'Afghanistan', '36.69736000', '67.69826000', 'Q1014375'),
(91, 'Lab-Sar', 3884, 'BAL', 'Balkh', '1', 'AF', 'Afghanistan', '36.02634000', '66.83799000', 'Q21813067'),
(97, 'Mazār-e Sharīf', 3884, 'BAL', 'Balkh', '1', 'AF', 'Afghanistan', '36.70904000', '67.11087000', 'Q130469'),
(112, 'Qarchī Gak', 3884, 'BAL', 'Balkh', '1', 'AF', 'Afghanistan', '37.03999000', '66.78891000', 'Q3290339'),
(57, 'Bāmyān', 3872, 'BAM', 'Bamyan', '1', 'AF', 'Afghanistan', '34.82156000', '67.82734000', 'Q214495'),
(104, 'Panjāb', 3872, 'BAM', 'Bamyan', '1', 'AF', 'Afghanistan', '34.38795000', '67.02327000', 'Q7131225'),
(102, 'Nīlī', 3892, 'DAY', 'Daykundi', '1', 'AF', 'Afghanistan', '33.76329000', '66.07617000', 'Q3218967'),
(66, 'Farah', 3899, 'FRA', 'Farah', '1', 'AF', 'Afghanistan', '32.37451000', '62.11638000', 'Q593156'),
(50, 'Andkhoy', 3889, 'FYB', 'Faryab', '1', 'AF', 'Afghanistan', '36.95293000', '65.12376000', 'Q1054127'),
(96, 'Maymana', 3889, 'FYB', 'Faryab', '1', 'AF', 'Afghanistan', '35.92139000', '64.78361000', 'Q309345'),
(71, 'Ghazni', 3870, 'GHA', 'Ghazni', '1', 'AF', 'Afghanistan', '33.55391000', '68.42096000', 'Q173731'),
(67, 'Fayrōz Kōh', 3888, 'GHO', 'Ghōr', '1', 'AF', 'Afghanistan', '34.51952000', '65.25093000', 'Q958621'),
(121, 'Shahrak', 3888, 'GHO', 'Ghōr', '1', 'AF', 'Afghanistan', '34.10737000', '64.30520000', 'Q7461922'),
(141, '‘Alāqahdārī Dīshū', 3873, 'HEL', 'Helmand', '1', 'AF', 'Afghanistan', '30.43206000', '63.29802000', 'Q5194960'),
(70, 'Gereshk', 3873, 'HEL', 'Helmand', '1', 'AF', 'Afghanistan', '31.82089000', '64.57005000', 'Q3735459'),
(93, 'Lashkar Gāh', 3873, 'HEL', 'Helmand', '1', 'AF', 'Afghanistan', '31.59382000', '64.37161000', 'Q476800'),
(95, 'Markaz-e Ḩukūmat-e Darwēshān', 3873, 'HEL', 'Helmand', '1', 'AF', 'Afghanistan', '31.13231000', '64.19340000', 'Q21758384'),
(118, 'Sangīn', 3873, 'HEL', 'Helmand', '1', 'AF', 'Afghanistan', '32.07275000', '64.83590000', 'Q2457742'),
(60, 'Chahār Burj', 3887, 'HER', 'Herat', '1', 'AF', 'Afghanistan', '34.24475000', '62.19165000', 'Q21763949'),
(73, 'Ghōriyān', 3887, 'HER', 'Herat', '1', 'AF', 'Afghanistan', '34.34480000', '61.49321000', 'Q2634612'),
(74, 'Herāt', 3887, 'HER', 'Herat', '1', 'AF', 'Afghanistan', '34.34817000', '62.19967000', 'Q45313'),
(80, 'Kafir Qala', 3887, 'HER', 'Herat', '1', 'AF', 'Afghanistan', '34.66667000', '61.06667000', 'Q4115284'),
(82, 'Karukh', 3887, 'HER', 'Herat', '1', 'AF', 'Afghanistan', '34.48108000', '62.58630000', 'Q6373621'),
(88, 'Kuhsān', 3887, 'HER', 'Herat', '1', 'AF', 'Afghanistan', '34.65389000', '61.19778000', 'Q6426147'),
(90, 'Kushk', 3887, 'HER', 'Herat', '1', 'AF', 'Afghanistan', '33.29565000', '61.95221000', 'Q21751918'),
(111, 'Qarah Bāgh', 3887, 'HER', 'Herat', '1', 'AF', 'Afghanistan', '34.94023000', '61.77589000', 'Q21750144'),
(123, 'Shīnḏanḏ', 3887, 'HER', 'Herat', '1', 'AF', 'Afghanistan', '33.30294000', '62.14740000', 'Q3944388'),
(129, 'Tīr Pul', 3887, 'HER', 'Herat', '1', 'AF', 'Afghanistan', '34.59431000', '61.26895000', 'Q21740029'),
(135, 'Zindah Jān', 3887, 'HER', 'Herat', '1', 'AF', 'Afghanistan', '34.34264000', '61.74675000', 'Q5918492'),
(136, 'Āqchah', 3886, 'JOW', 'Jowzjan', '1', 'AF', 'Afghanistan', '36.90500000', '66.18341000', 'Q2246526'),
(63, 'Darzāb', 3886, 'JOW', 'Jowzjan', '1', 'AF', 'Afghanistan', '35.97744000', '65.37828000', 'Q5196429'),
(113, 'Qarqīn', 3886, 'JOW', 'Jowzjan', '1', 'AF', 'Afghanistan', '37.41853000', '66.04358000', 'Q5199398'),
(122, 'Shibirghān', 3886, 'JOW', 'Jowzjan', '1', 'AF', 'Afghanistan', '36.66757000', '65.75290000', 'Q838954'),
(79, 'Kabul', 3902, 'KAB', 'Kabul', '1', 'AF', 'Afghanistan', '34.52813000', '69.17233000', 'Q5838'),
(99, 'Mīr Bachah Kōṯ', 3902, 'KAB', 'Kabul', '1', 'AF', 'Afghanistan', '34.74999000', '69.11899000', 'Q6872026'),
(103, 'Paghmān', 3902, 'KAB', 'Kabul', '1', 'AF', 'Afghanistan', '34.58787000', '68.95091000', 'Q2502256'),
(81, 'Kandahār', 3890, 'KAN', 'Kandahar', '1', 'AF', 'Afghanistan', '31.61332000', '65.71013000', 'Q45604'),
(124, 'Sidqābād', 3879, 'KAP', 'Kapisa', '1', 'AF', 'Afghanistan', '35.02298000', '69.35112000', 'Q600514'),
(87, 'Khōst', 3878, 'KHO', 'Khost', '1', 'AF', 'Afghanistan', '33.33951000', '69.92041000', 'Q386682'),
(51, 'Asadabad', 3876, 'KNR', 'Kunar', '1', 'AF', 'Afghanistan', '34.87311000', '71.14697000', 'Q685808'),
(138, 'Āsmār', 3876, 'KNR', 'Kunar', '1', 'AF', 'Afghanistan', '35.03333000', '71.35809000', 'Q21765090'),
(64, 'Dasht-e Archī', 3900, 'KDZ', 'Kunduz Province', '1', 'AF', 'Afghanistan', '37.13333000', '69.16667000', 'Q21758408'),
(75, 'Imām Şāḩib', 3900, 'KDZ', 'Kunduz Province', '1', 'AF', 'Afghanistan', '37.18897000', '68.93644000', 'Q670101'),
(83, 'Khanabad', 3900, 'KDZ', 'Kunduz Province', '1', 'AF', 'Afghanistan', '36.68250000', '69.11556000', 'Q1247205'),
(89, 'Kunduz', 3900, 'KDZ', 'Kunduz Province', '1', 'AF', 'Afghanistan', '36.72895000', '68.85700000', 'Q108155'),
(114, 'Qarāwul', 3900, 'KDZ', 'Kunduz Province', '1', 'AF', 'Afghanistan', '37.21959000', '68.78020000', 'Q21748632'),
(98, 'Mehtar Lām', 3891, 'LAG', 'Laghman', '1', 'AF', 'Afghanistan', '34.67139000', '70.20944000', 'Q1982155'),
(56, 'Baraki Barak', 3897, 'LOG', 'Logar', '1', 'AF', 'Afghanistan', '33.96744000', '68.94920000', 'Q807234'),
(139, 'Ḩukūmatī Azrah', 3897, 'LOG', 'Logar', '1', 'AF', 'Afghanistan', '34.17355000', '69.64573000', 'Q21765090'),
(106, 'Pul-e ‘Alam', 3897, 'LOG', 'Logar', '1', 'AF', 'Afghanistan', '33.99529000', '69.02274000', 'Q1006289'),
(58, 'Bāsawul', 3882, 'NAN', 'Nangarhar', '1', 'AF', 'Afghanistan', '34.24749000', '70.87218000', 'Q214495'),
(77, 'Jalālābād', 3882, 'NAN', 'Nangarhar', '1', 'AF', 'Afghanistan', '34.42647000', '70.45153000', 'Q183303'),
(94, 'Markaz-e Woluswalī-ye Āchīn', 3882, 'NAN', 'Nangarhar', '1', 'AF', 'Afghanistan', '34.12583000', '70.70778000', 'Q476800'),
(86, 'Khāsh', 3896, 'NIM', 'Nimruz', '1', 'AF', 'Afghanistan', '31.52919000', '62.79055000', 'Q21752345'),
(100, 'Mīrābād', 3896, 'NIM', 'Nimruz', '1', 'AF', 'Afghanistan', '30.43624000', '61.83830000', 'Q21751462'),
(116, 'Rūdbār', 3896, 'NIM', 'Nimruz', '1', 'AF', 'Afghanistan', '30.15000000', '62.60000000', 'Q21748160'),
(132, 'Zaranj', 3896, 'NIM', 'Nimruz', '1', 'AF', 'Afghanistan', '30.95962000', '61.86037000', 'Q475802'),
(107, 'Pārūn', 3880, 'NUR', 'Nuristan', '1', 'AF', 'Afghanistan', '35.42064000', '70.92261000', 'Q1023669'),
(69, 'Gardez', 3894, 'PIA', 'Paktia', '1', 'AF', 'Afghanistan', '33.59744000', '69.22592000', 'Q467632'),
(120, 'Saṟōbī', 3877, 'PKA', 'Paktika', '1', 'AF', 'Afghanistan', '32.75221000', '69.04587000', 'Q6596821'),
(134, 'Zaṟah Sharan', 3877, 'PKA', 'Paktika', '1', 'AF', 'Afghanistan', '33.14641000', '68.79213000', 'Q2615863'),
(133, 'Zarghūn Shahr', 3877, 'PKA', 'Paktika', '1', 'AF', 'Afghanistan', '32.84734000', '68.44573000', 'Q21737614'),
(59, 'Bāzārak', 3881, 'PAN', 'Panjshir', '1', 'AF', 'Afghanistan', '35.31292000', '69.51519000', 'Q214495'),
(61, 'Charikar', 3895, 'PAR', 'Parwan', '1', 'AF', 'Afghanistan', '35.01361000', '69.17139000', 'Q944395'),
(76, 'Jabal os Saraj', 3895, 'PAR', 'Parwan', '1', 'AF', 'Afghanistan', '35.11833000', '69.23778000', 'Q670101'),
(53, 'Aībak', 3883, 'SAM', 'Samangan', '1', 'AF', 'Afghanistan', '36.26468000', '68.01551000', 'Q1020649'),
(62, 'Chīras', 3885, 'SAR', 'Sar-e Pol', '1', 'AF', 'Afghanistan', '35.41674000', '65.98234000', 'Q21760615'),
(92, 'Larkird', 3885, 'SAR', 'Sar-e Pol', '1', 'AF', 'Afghanistan', '35.48936000', '66.66409000', 'Q21752020'),
(110, 'Qal‘ah-ye Shahr', 3885, 'SAR', 'Sar-e Pol', '1', 'AF', 'Afghanistan', '35.54729000', '65.56760000', 'Q21750144'),
(117, 'Sang-e Chārak', 3885, 'SAR', 'Sar-e Pol', '1', 'AF', 'Afghanistan', '35.84972000', '66.43694000', 'Q21748160'),
(119, 'Sar-e Pul', 3885, 'SAR', 'Sar-e Pol', '1', 'AF', 'Afghanistan', '36.21544000', '65.93249000', 'Q1649301'),
(125, 'Tagāw-Bāy', 3885, 'SAR', 'Sar-e Pol', '1', 'AF', 'Afghanistan', '35.69941000', '66.06164000', 'Q21742929'),
(128, 'Tukzār', 3885, 'SAR', 'Sar-e Pol', '1', 'AF', 'Afghanistan', '35.94831000', '66.42132000', 'Q7851883'),
(137, 'Ārt Khwājah', 3893, 'TAK', 'Takhar', '1', 'AF', 'Afghanistan', '37.08571000', '69.47958000', 'Q21765117'),
(126, 'Taloqan', 3893, 'TAK', 'Takhar', '1', 'AF', 'Afghanistan', '36.73605000', '69.53451000', 'Q477238'),
(127, 'Tarinkot', 3898, 'URU', 'Urozgan', '1', 'AF', 'Afghanistan', '32.62998000', '65.87806000', 'Q989293'),
(130, 'Uruzgān', 3898, 'URU', 'Urozgan', '1', 'AF', 'Afghanistan', '32.92775000', '66.63253000', 'Q21750884'),
(109, 'Qalāt', 3874, 'ZAB', 'Zabul', '1', 'AF', 'Afghanistan', '32.10575000', '66.90833000', 'Q527318'),
(153, 'Banaj', 629, 'BR', 'Berat District', '3', 'AL', 'Albania', '40.82492000', '19.84074000', 'Q3301181'),
(154, 'Bashkia Berat', 629, 'BR', 'Berat District', '3', 'AL', 'Albania', '40.69997000', '19.94983000', 'Q3301181'),
(170, 'Bashkia Kuçovë', 629, 'BR', 'Berat District', '3', 'AL', 'Albania', '40.82489000', '19.95350000', 'Q16350064'),
(180, 'Bashkia Poliçan', 629, 'BR', 'Berat District', '3', 'AL', 'Albania', '40.58608000', '20.04535000', 'Q16350064'),
(186, 'Bashkia Skrapar', 629, 'BR', 'Berat District', '3', 'AL', 'Albania', '40.56036000', '20.25477000', 'Q16350064'),
(191, 'Berat', 629, 'BR', 'Berat District', '3', 'AL', 'Albania', '40.70583000', '19.95222000', 'Q170244'),
(280, 'Çorovodë', 629, 'BR', 'Berat District', '3', 'AL', 'Albania', '40.50417000', '20.22722000', 'Q19307'),
(219, 'Kuçovë', 629, 'BR', 'Berat District', '3', 'AL', 'Albania', '40.80028000', '19.91667000', 'Q18774'),
(238, 'Poliçan', 629, 'BR', 'Berat District', '3', 'AL', 'Albania', '40.61222000', '20.09806000', 'Q18751'),
(242, 'Rrethi i Beratit', 629, 'BR', 'Berat District', '3', 'AL', 'Albania', '40.66667000', '20.00000000', 'Q202981'),
(253, 'Rrethi i Kuçovës', 629, 'BR', 'Berat District', '3', 'AL', 'Albania', '40.83333000', '19.91667000', 'Q211946'),
(258, 'Rrethi i Skraparit', 629, 'BR', 'Berat District', '3', 'AL', 'Albania', '40.55000000', '20.26667000', 'Q194381'),
(273, 'Ura Vajgurore', 629, 'BR', 'Berat District', '3', 'AL', 'Albania', '40.76889000', '19.87778000', 'Q1524575'),
(155, 'Bashkia Bulqizë', 610, '09', 'Dibër County', '3', 'AL', 'Albania', '41.47152000', '20.33192000', 'Q3301181'),
(165, 'Bashkia Klos', 610, '09', 'Dibër County', '3', 'AL', 'Albania', '41.50826000', '20.07107000', 'Q16350064'),
(176, 'Bashkia Mat', 610, '09', 'Dibër County', '3', 'AL', 'Albania', '41.63317000', '20.01228000', 'Q16350064'),
(193, 'Bulqizë', 610, '09', 'Dibër County', '3', 'AL', 'Albania', '41.49167000', '20.22194000', 'Q463384'),
(194, 'Burrel', 610, '09', 'Dibër County', '3', 'AL', 'Albania', '41.61028000', '20.00889000', 'Q461313'),
(209, 'Klos', 610, '09', 'Dibër County', '3', 'AL', 'Albania', '41.50694000', '20.08667000', 'Q278613'),
(236, 'Peshkopi', 610, '09', 'Dibër County', '3', 'AL', 'Albania', '41.68500000', '20.42889000', 'Q223154'),
(243, 'Rrethi i Bulqizës', 610, '09', 'Dibër County', '3', 'AL', 'Albania', '41.50000000', '20.33333000', 'Q191872'),
(246, 'Rrethi i Dibrës', 610, '09', 'Dibër County', '3', 'AL', 'Albania', '41.75000000', '20.33333000', 'Q192123'),
(256, 'Rrethi i Matit', 610, '09', 'Dibër County', '3', 'AL', 'Albania', '41.58333000', '20.08333000', 'Q202665'),
(272, 'Ulëz', 610, '09', 'Dibër County', '3', 'AL', 'Albania', '41.68278000', '19.89333000', 'Q2542462'),
(159, 'Bashkia Durrës', 639, 'DR', 'Durrës District', '3', 'AL', 'Albania', '41.42743000', '19.48690000', 'Q16350064'),
(168, 'Bashkia Krujë', 639, 'DR', 'Durrës District', '3', 'AL', 'Albania', '41.50091000', '19.72571000', 'Q16350064'),
(185, 'Bashkia Shijak', 639, 'DR', 'Durrës District', '3', 'AL', 'Albania', '41.33558000', '19.58977000', 'Q16350064'),
(197, 'Durrës', 639, 'DR', 'Durrës District', '3', 'AL', 'Albania', '41.32355000', '19.45469000', 'Q83285'),
(198, 'Durrës District', 639, 'DR', 'Durrës District', '3', 'AL', 'Albania', '41.31660000', '19.45000000', 'Q37662'),
(203, 'Fushë-Krujë', 639, 'DR', 'Durrës District', '3', 'AL', 'Albania', '41.47833000', '19.71778000', 'Q22012409'),
(214, 'Krujë', 639, 'DR', 'Durrës District', '3', 'AL', 'Albania', '41.50917000', '19.79278000', 'Q194164'),
(250, 'Rrethi i Krujës', 639, 'DR', 'Durrës District', '3', 'AL', 'Albania', '41.55000000', '19.75000000', 'Q194178'),
(265, 'Shijak', 639, 'DR', 'Durrës District', '3', 'AL', 'Albania', '41.34556000', '19.56722000', 'Q18791'),
(269, 'Sukth', 639, 'DR', 'Durrës District', '3', 'AL', 'Albania', '41.38056000', '19.53778000', 'Q593557'),
(152, 'Ballsh', 631, '04', 'Fier County', '3', 'AL', 'Albania', '40.59889000', '19.73472000', 'Q743016'),
(157, 'Bashkia Divjakë', 631, '04', 'Fier County', '3', 'AL', 'Albania', '40.95716000', '19.52364000', 'Q16350064'),
(160, 'Bashkia Fier', 631, '04', 'Fier County', '3', 'AL', 'Albania', '40.72937000', '19.48690000', 'Q16350064'),
(174, 'Bashkia Mallakastër', 631, '04', 'Fier County', '3', 'AL', 'Albania', '40.55669000', '19.77347000', 'Q16350064'),
(179, 'Bashkia Patos', 631, '04', 'Fier County', '3', 'AL', 'Albania', '40.67793000', '19.65591000', 'Q16350064'),
(196, 'Divjakë', 631, '04', 'Fier County', '3', 'AL', 'Albania', '40.99667000', '19.52944000', 'Q1945622'),
(200, 'Fier', 631, '04', 'Fier County', '3', 'AL', 'Albania', '40.72389000', '19.55611000', 'Q190897'),
(201, 'Fier-Çifçi', 631, '04', 'Fier County', '3', 'AL', 'Albania', '40.71667000', '19.56667000', 'Q22012402'),
(227, 'Lushnjë', 631, '04', 'Fier County', '3', 'AL', 'Albania', '40.94194000', '19.70500000', 'Q212680'),
(234, 'Patos', 631, '04', 'Fier County', '3', 'AL', 'Albania', '40.68333000', '19.61944000', 'Q18709'),
(235, 'Patos Fshat', 631, '04', 'Fier County', '3', 'AL', 'Albania', '40.64278000', '19.65083000', 'Q13044035'),
(241, 'Roskovec', 631, '04', 'Fier County', '3', 'AL', 'Albania', '40.73750000', '19.70222000', 'Q18746'),
(254, 'Rrethi i Mallakastrës', 631, '04', 'Fier County', '3', 'AL', 'Albania', '40.55000000', '19.78333000', 'Q211946'),
(158, 'Bashkia Dropull', 621, 'GJ', 'Gjirokastër District', '3', 'AL', 'Albania', '39.98584000', '20.30529000', 'Q16350064'),
(164, 'Bashkia Kelcyrë', 621, 'GJ', 'Gjirokastër District', '3', 'AL', 'Albania', '40.36196000', '20.16476000', 'Q16350064'),
(172, 'Bashkia Libohovë', 621, 'GJ', 'Gjirokastër District', '3', 'AL', 'Albania', '40.10754000', '20.25753000', 'Q16350064'),
(177, 'Bashkia Memaliaj', 621, 'GJ', 'Gjirokastër District', '3', 'AL', 'Albania', '40.41524000', '19.96911000', 'Q16350064'),
(183, 'Bashkia Përmet', 621, 'GJ', 'Gjirokastër District', '3', 'AL', 'Albania', '40.23246000', '20.41091000', 'Q16350064'),
(187, 'Bashkia Tepelenë', 621, 'GJ', 'Gjirokastër District', '3', 'AL', 'Albania', '40.26736000', '19.97003000', 'Q16350064'),
(204, 'Gjinkar', 621, 'GJ', 'Gjirokastër District', '3', 'AL', 'Albania', '40.19944000', '20.40611000', 'Q155137'),
(205, 'Gjirokastër', 621, 'GJ', 'Gjirokastër District', '3', 'AL', 'Albania', '40.07583000', '20.13889000', 'Q173690'),
(220, 'Këlcyrë', 621, 'GJ', 'Gjirokastër District', '3', 'AL', 'Albania', '40.31306000', '20.18944000', 'Q1007556'),
(221, 'Lazarat', 621, 'GJ', 'Gjirokastër District', '3', 'AL', 'Albania', '40.04667000', '20.14750000', 'Q2713473'),
(225, 'Libohovë', 621, 'GJ', 'Gjirokastër District', '3', 'AL', 'Albania', '40.03111000', '20.26306000', 'Q18738'),
(231, 'Memaliaj', 621, 'GJ', 'Gjirokastër District', '3', 'AL', 'Albania', '40.35167000', '19.98028000', 'Q18749'),
(240, 'Përmet', 621, 'GJ', 'Gjirokastër District', '3', 'AL', 'Albania', '40.23361000', '20.35167000', 'Q642856'),
(270, 'Tepelenë', 621, 'GJ', 'Gjirokastër District', '3', 'AL', 'Albania', '40.29583000', '20.01917000', 'Q81631'),
(156, 'Bashkia Devoll', 630, '06', 'Korçë County', '3', 'AL', 'Albania', '40.60078000', '20.93814000', 'Q3301181'),
(166, 'Bashkia Kolonjë', 630, '06', 'Korçë County', '3', 'AL', 'Albania', '40.31420000', '20.61482000', 'Q16350064'),
(173, 'Bashkia Maliq', 630, '06', 'Korçë County', '3', 'AL', 'Albania', '40.75508000', '20.60748000', 'Q16350064'),
(182, 'Bashkia Pustec', 630, '06', 'Korçë County', '3', 'AL', 'Albania', '40.83591000', '20.89405000', 'Q16350064'),
(192, 'Bilisht', 630, '06', 'Korçë County', '3', 'AL', 'Albania', '40.62750000', '20.99000000', 'Q817140'),
(199, 'Ersekë', 630, '06', 'Korçë County', '3', 'AL', 'Albania', '40.33778000', '20.67889000', 'Q18793'),
(212, 'Korçë', 630, '06', 'Korçë County', '3', 'AL', 'Albania', '40.61861000', '20.78083000', 'Q116341'),
(223, 'Leskovik', 630, '06', 'Korçë County', '3', 'AL', 'Albania', '40.15139000', '20.59722000', 'Q18768'),
(226, 'Libonik', 630, '06', 'Korçë County', '3', 'AL', 'Albania', '40.70444000', '20.70861000', 'Q628181'),
(228, 'Maliq', 630, '06', 'Korçë County', '3', 'AL', 'Albania', '40.70583000', '20.69972000', 'Q772248'),
(230, 'Mborje', 630, '06', 'Korçë County', '3', 'AL', 'Albania', '40.60333000', '20.80306000', 'Q16347657'),
(237, 'Pogradec', 630, '06', 'Korçë County', '3', 'AL', 'Albania', '40.90250000', '20.65250000', 'Q73639'),
(245, 'Rrethi i Devollit', 630, '06', 'Korçë County', '3', 'AL', 'Albania', '40.58333000', '20.91667000', 'Q192126'),
(249, 'Rrethi i Kolonjës', 630, '06', 'Korçë County', '3', 'AL', 'Albania', '40.25000000', '20.66667000', 'Q194178'),
(275, 'Velçan', 630, '06', 'Korçë County', '3', 'AL', 'Albania', '40.95472000', '20.46222000', 'Q285899'),
(278, 'Voskopojë', 630, '06', 'Korçë County', '3', 'AL', 'Albania', '40.63306000', '20.58889000', 'Q757298'),
(151, 'Bajram Curri', 623, 'KU', 'Kukës District', '3', 'AL', 'Albania', '42.35734000', '20.07679000', 'Q18705'),
(215, 'Krumë', 623, 'KU', 'Kukës District', '3', 'AL', 'Albania', '42.19694000', '20.41333000', 'Q958899'),
(217, 'Kukës', 623, 'KU', 'Kukës District', '3', 'AL', 'Albania', '42.07694000', '20.42194000', 'Q210197'),
(247, 'Rrethi i Hasit', 623, 'KU', 'Kukës District', '3', 'AL', 'Albania', '42.16667000', '20.33333000', 'Q207007'),
(251, 'Rrethi i Kukësit', 623, 'KU', 'Kukës District', '3', 'AL', 'Albania', '42.00000000', '20.33333000', 'Q123395'),
(169, 'Bashkia Kurbin', 609, '08', 'Lezhë County', '3', 'AL', 'Albania', '41.62215000', '19.70734000', 'Q16350064'),
(171, 'Bashkia Lezhë', 609, '08', 'Lezhë County', '3', 'AL', 'Albania', '41.81320000', '19.64121000', 'Q16350064'),
(178, 'Bashkia Mirditë', 609, '08', 'Lezhë County', '3', 'AL', 'Albania', '41.80953000', '19.99024000', 'Q16350064'),
(218, 'Kurbnesh', 609, '08', 'Lezhë County', '3', 'AL', 'Albania', '41.77972000', '20.08361000', 'Q616927'),
(222, 'Laç', 609, '08', 'Lezhë County', '3', 'AL', 'Albania', '41.63556000', '19.71306000', 'Q18768'),
(224, 'Lezhë', 609, '08', 'Lezhë County', '3', 'AL', 'Albania', '41.78361000', '19.64361000', 'Q169160'),
(229, 'Mamurras', 609, '08', 'Lezhë County', '3', 'AL', 'Albania', '41.57750000', '19.69222000', 'Q991268'),
(232, 'Milot', 609, '08', 'Lezhë County', '3', 'AL', 'Albania', '41.68389000', '19.71556000', 'Q18749'),
(261, 'Rrëshen', 609, '08', 'Lezhë County', '3', 'AL', 'Albania', '41.76750000', '19.87556000', 'Q18737'),
(252, 'Rrethi i Kurbinit', 609, '08', 'Lezhë County', '3', 'AL', 'Albania', '41.63333000', '19.71667000', 'Q123602'),
(262, 'Rubik', 609, '08', 'Lezhë County', '3', 'AL', 'Albania', '41.77444000', '19.78611000', 'Q19259'),
(267, 'Shëngjin', 609, '08', 'Lezhë County', '3', 'AL', 'Albania', '41.81361000', '19.59389000', 'Q606485'),
(175, 'Bashkia Malësi e Madhe', 626, 'SH', 'Shkodër District', '3', 'AL', 'Albania', '42.36798000', '19.58977000', 'Q16350064'),
(181, 'Bashkia Pukë', 626, 'SH', 'Shkodër District', '3', 'AL', 'Albania', '42.02997000', '19.92778000', 'Q16350064'),
(188, 'Bashkia Vau i Dejës', 626, 'SH', 'Shkodër District', '3', 'AL', 'Albania', '42.04834000', '19.69999000', 'Q16350064'),
(202, 'Fushë-Arrëz', 626, 'SH', 'Shkodër District', '3', 'AL', 'Albania', '42.06222000', '20.01667000', 'Q22005048'),
(211, 'Koplik', 626, 'SH', 'Shkodër District', '3', 'AL', 'Albania', '42.21361000', '19.43639000', 'Q991288'),
(239, 'Pukë', 626, 'SH', 'Shkodër District', '3', 'AL', 'Albania', '42.04444000', '19.89972000', 'Q19310'),
(255, 'Rrethi i Malësia e Madhe', 626, 'SH', 'Shkodër District', '3', 'AL', 'Albania', '42.33333000', '19.58333000', 'Q236845'),
(257, 'Rrethi i Shkodrës', 626, 'SH', 'Shkodër District', '3', 'AL', 'Albania', '42.06917000', '19.53506000', 'Q194176'),
(266, 'Shkodër', 626, 'SH', 'Shkodër District', '3', 'AL', 'Albania', '42.06828000', '19.51258000', 'Q131638'),
(274, 'Vau i Dejës', 626, 'SH', 'Shkodër District', '3', 'AL', 'Albania', '42.01000000', '19.62472000', 'Q1787536'),
(279, 'Vukatanë', 626, 'SH', 'Shkodër District', '3', 'AL', 'Albania', '42.02806000', '19.54778000', 'Q757298'),
(163, 'Bashkia Kavajë', 633, 'TR', 'Tirana District', '3', 'AL', 'Albania', '41.18127000', '19.55579000', 'Q16350064'),
(190, 'Bashkia Vorë', 633, 'TR', 'Tirana District', '3', 'AL', 'Albania', '41.39804000', '19.67703000', 'Q16350064'),
(207, 'Kamëz', 633, 'TR', 'Tirana District', '3', 'AL', 'Albania', '41.38167000', '19.76028000', 'Q605160'),
(208, 'Kavajë', 633, 'TR', 'Tirana District', '3', 'AL', 'Albania', '41.18556000', '19.55694000', 'Q46702'),
(213, 'Krrabë', 633, 'TR', 'Tirana District', '3', 'AL', 'Albania', '41.21556000', '19.97139000', 'Q22009668'),
(248, 'Rrethi i Kavajës', 633, 'TR', 'Tirana District', '3', 'AL', 'Albania', '41.16667000', '19.58333000', 'Q194182'),
(259, 'Rrethi i Tiranës', 633, 'TR', 'Tirana District', '3', 'AL', 'Albania', '41.33333000', '19.91667000', 'Q201073'),
(260, 'Rrogozhinë', 633, 'TR', 'Tirana District', '3', 'AL', 'Albania', '41.07639000', '19.66528000', 'Q22008389'),
(268, 'Sinaballaj', 633, 'TR', 'Tirana District', '3', 'AL', 'Albania', '41.06889000', '19.69944000', 'Q602969'),
(271, 'Tirana', 633, 'TR', 'Tirana District', '3', 'AL', 'Albania', '41.32750000', '19.81889000', 'Q19689'),
(277, 'Vorë', 633, 'TR', 'Tirana District', '3', 'AL', 'Albania', '41.39083000', '19.65500000', 'Q22007611'),
(161, 'Bashkia Finiq', 634, '12', 'Vlorë County', '3', 'AL', 'Albania', '39.84393000', '20.16659000', 'Q16350064'),
(162, 'Bashkia Himarë', 634, '12', 'Vlorë County', '3', 'AL', 'Albania', '40.11581000', '19.81389000', 'Q16350064'),
(167, 'Bashkia Konispol', 634, '12', 'Vlorë County', '3', 'AL', 'Albania', '39.70064000', '20.13353000', 'Q16350064'),
(184, 'Bashkia Selenicë', 634, '12', 'Vlorë County', '3', 'AL', 'Albania', '40.39503000', '19.65958000', 'Q16350064'),
(189, 'Bashkia Vlorë', 634, '12', 'Vlorë County', '3', 'AL', 'Albania', '40.41340000', '19.49792000', 'Q16350064'),
(195, 'Delvinë', 634, '12', 'Vlorë County', '3', 'AL', 'Albania', '39.95111000', '20.09778000', 'Q372872'),
(206, 'Himarë', 634, '12', 'Vlorë County', '3', 'AL', 'Albania', '40.10167000', '19.74472000', 'Q5765138'),
(210, 'Konispol', 634, '12', 'Vlorë County', '3', 'AL', 'Albania', '39.65889000', '20.18139000', 'Q18731'),
(216, 'Ksamil', 634, '12', 'Vlorë County', '3', 'AL', 'Albania', '39.76889000', '19.99972000', 'Q1790776'),
(233, 'Orikum', 634, '12', 'Vlorë County', '3', 'AL', 'Albania', '40.32528000', '19.47139000', 'Q22009845'),
(244, 'Rrethi i Delvinës', 634, '12', 'Vlorë County', '3', 'AL', 'Albania', '39.91667000', '20.08333000', 'Q166959'),
(263, 'Sarandë', 634, '12', 'Vlorë County', '3', 'AL', 'Albania', '39.87534000', '20.00477000', 'Q193226'),
(264, 'Selenicë', 634, '12', 'Vlorë County', '3', 'AL', 'Albania', '40.53056000', '19.63583000', 'Q134613'),
(276, 'Vlorë', 634, '12', 'Vlorë County', '3', 'AL', 'Albania', '40.46860000', '19.48318000', 'Q159610'),
(31227, 'Adrar', 1118, '01', 'Adrar', '4', 'DZ', 'Algeria', '27.87429000', '-0.29388000', 'Q251181'),
(31234, 'Aoulef', 1118, '01', 'Adrar', '4', 'DZ', 'Algeria', '26.96667000', '1.08333000', 'Q602548'),
(31406, 'Reggane', 1118, '01', 'Adrar', '4', 'DZ', 'Algeria', '26.71576000', '0.17140000', 'Q582905'),
(31450, 'Timimoun', 1118, '01', 'Adrar', '4', 'DZ', 'Algeria', '29.26388000', '0.23098000', 'Q1021173'),
(31243, 'Aïn Defla', 1119, '44', 'Aïn Defla', '4', 'DZ', 'Algeria', '36.26405000', '1.96790000', 'Q168846'),
(31325, 'El Abadia', 1119, '44', 'Aïn Defla', '4', 'DZ', 'Algeria', '36.26951000', '1.68609000', 'Q1649058'),
(31331, 'El Attaf', 1119, '44', 'Aïn Defla', '4', 'DZ', 'Algeria', '36.22393000', '1.67187000', 'Q1029528'),
(31361, 'Khemis Miliana', 1119, '44', 'Aïn Defla', '4', 'DZ', 'Algeria', '36.26104000', '2.22015000', 'Q954285'),
(31448, 'Theniet el Had', 1119, '44', 'Aïn Defla', '4', 'DZ', 'Algeria', '35.87111000', '2.02806000', 'Q3054256'),
(31250, 'Aïn Temouchent', 1122, '46', 'Aïn Témouchent', '4', 'DZ', 'Algeria', '35.29749000', '-1.14037000', 'Q2876387'),
(31265, 'Beni Saf', 1122, '46', 'Aïn Témouchent', '4', 'DZ', 'Algeria', '35.30099000', '-1.38226000', 'Q80408'),
(31329, 'El Amria', 1122, '46', 'Aïn Témouchent', '4', 'DZ', 'Algeria', '35.52439000', '-1.01577000', 'Q1657351'),
(31340, 'El Malah', 1122, '46', 'Aïn Témouchent', '4', 'DZ', 'Algeria', '35.39137000', '-1.09238000', 'Q1649298'),
(31351, 'Hammam Bou Hadjar', 1122, '46', 'Aïn Témouchent', '4', 'DZ', 'Algeria', '35.37889000', '-0.96778000', 'Q887319'),
(31249, 'Aïn Taya', 1144, '16', 'Algiers', '4', 'DZ', 'Algeria', '36.79333000', '3.28694000', 'Q2876387'),
(31230, 'Algiers', 1144, '16', 'Algiers', '4', 'DZ', 'Algeria', '36.73225000', '3.08746000', 'Q3561'),
(31254, 'Bab Ezzouar', 1144, '16', 'Algiers', '4', 'DZ', 'Algeria', '36.72615000', '3.18291000', 'Q59579'),
(31274, 'Birkhadem', 1144, '16', 'Algiers', '4', 'DZ', 'Algeria', '36.71499000', '3.05002000', 'Q2904515'),
(31281, 'Bordj el Kiffan', 1144, '16', 'Algiers', '4', 'DZ', 'Algeria', '36.74871000', '3.19249000', 'Q1184993'),
(31312, 'Dar el Beïda', 1144, '16', 'Algiers', '4', 'DZ', 'Algeria', '36.71333000', '3.21250000', 'Q59419'),
(31413, 'Rouiba', 1144, '16', 'Algiers', '4', 'DZ', 'Algeria', '36.73829000', '3.28079000', 'Q2215980'),
(31233, 'Annaba', 1103, '23', 'Annaba', '4', 'DZ', 'Algeria', '36.90000000', '7.76667000', 'Q45942'),
(31267, 'Berrahal', 1103, '23', 'Annaba', '4', 'DZ', 'Algeria', '36.83528000', '7.45333000', 'Q1649131'),
(31323, 'Drean', 1103, '23', 'Annaba', '4', 'DZ', 'Algeria', '36.68482000', '7.75111000', 'Q1924629'),
(31334, 'El Hadjar', 1103, '23', 'Annaba', '4', 'DZ', 'Algeria', '36.80377000', '7.73684000', 'Q3043115'),
(31251, 'Aïn Touta', 1142, '05', 'Batna', '4', 'DZ', 'Algeria', '35.37675000', '5.90001000', 'Q2876412'),
(31237, 'Arris', 1142, '05', 'Batna', '4', 'DZ', 'Algeria', '35.25881000', '6.34706000', 'Q1388056'),
(31257, 'Barika', 1142, '05', 'Batna', '4', 'DZ', 'Algeria', '35.38901000', '5.36584000', 'Q648253'),
(31258, 'Batna', 1142, '05', 'Batna', '4', 'DZ', 'Algeria', '35.55597000', '6.17414000', 'Q338844'),
(31292, 'Boumagueur', 1142, '05', 'Batna', '4', 'DZ', 'Algeria', '35.50520000', '5.55250000', 'Q1648911'),
(31382, 'Merouana', 1142, '05', 'Batna', '4', 'DZ', 'Algeria', '35.63106000', '5.91186000', 'Q3174992'),
(31415, 'Râs el Aïoun', 1142, '05', 'Batna', '4', 'DZ', 'Algeria', '35.67384000', '5.64530000', 'Q982735'),
(31444, 'Tazoult-Lambese', 1142, '05', 'Batna', '4', 'DZ', 'Algeria', '35.48171000', '6.26074000', 'Q1309744'),
(31298, 'Béchar', 1108, '08', 'Béchar', '4', 'DZ', 'Algeria', '31.61667000', '-2.21667000', 'Q638704'),
(31229, 'Akbou', 1128, '06', 'Béjaïa', '4', 'DZ', 'Algeria', '36.45750000', '4.53494000', 'Q2828968'),
(31231, 'Amizour', 1128, '06', 'Béjaïa', '4', 'DZ', 'Algeria', '36.64022000', '4.90131000', 'Q2214578'),
(31256, 'Barbacha', 1128, '06', 'Béjaïa', '4', 'DZ', 'Algeria', '36.56667000', '4.96667000', 'Q2214633'),
(31259, 'Bejaïa', 1128, '06', 'Béjaïa', '4', 'DZ', 'Algeria', '36.75587000', '5.08433000', 'Q59975'),
(31467, 'el hed', 1128, '06', 'Béjaïa', '4', 'DZ', 'Algeria', '36.65000000', '4.77361000', 'Q3575264'),
(31339, 'El Kseur', 1128, '06', 'Béjaïa', '4', 'DZ', 'Algeria', '36.67942000', '4.85550000', 'Q1649095'),
(31344, 'Feraoun', 1128, '06', 'Béjaïa', '4', 'DZ', 'Algeria', '36.56041000', '4.85454000', 'Q2215098'),
(31421, 'Seddouk', 1128, '06', 'Béjaïa', '4', 'DZ', 'Algeria', '36.54722000', '4.68611000', 'Q2223541'),
(31275, 'Biskra', 1114, '07', 'Biskra', '4', 'DZ', 'Algeria', '34.85038000', '5.72805000', 'Q312759'),
(31405, 'Oumache', 1114, '07', 'Biskra', '4', 'DZ', 'Algeria', '34.69292000', '5.68092000', 'Q3358295'),
(31427, 'Sidi Khaled', 1114, '07', 'Biskra', '4', 'DZ', 'Algeria', '34.38700000', '4.98785000', 'Q2215511'),
(31430, 'Sidi Okba', 1114, '07', 'Biskra', '4', 'DZ', 'Algeria', '34.74512000', '5.89833000', 'Q2215485'),
(31461, 'Tolga', 1114, '07', 'Biskra', '4', 'DZ', 'Algeria', '34.72224000', '5.37845000', 'Q2280394'),
(31466, 'Zeribet el Oued', 1114, '07', 'Biskra', '4', 'DZ', 'Algeria', '34.68284000', '6.51109000', 'Q3575264'),
(31263, 'Beni Mered', 1111, '09', 'Blida', '4', 'DZ', 'Algeria', '36.52389000', '2.86131000', 'Q2895897'),
(31276, 'Blida', 1111, '09', 'Blida', '4', 'DZ', 'Algeria', '36.47004000', '2.82770000', 'Q216990'),
(31296, 'Boû Arfa', 1111, '09', 'Blida', '4', 'DZ', 'Algeria', '36.46298000', '2.81464000', 'Q23820810'),
(31287, 'Boufarik', 1111, '09', 'Blida', '4', 'DZ', 'Algeria', '36.57413000', '2.91214000', 'Q2344308'),
(31289, 'Bougara', 1111, '09', 'Blida', '4', 'DZ', 'Algeria', '36.54178000', '3.08100000', 'Q2573679'),
(31290, 'Bouinan', 1111, '09', 'Blida', '4', 'DZ', 'Algeria', '36.53167000', '2.99194000', 'Q2921643'),
(31301, 'Chebli', 1111, '09', 'Blida', '4', 'DZ', 'Algeria', '36.57722000', '3.00917000', 'Q1649700'),
(31307, 'Chiffa', 1111, '09', 'Blida', '4', 'DZ', 'Algeria', '36.46293000', '2.73873000', 'Q2963503'),
(31369, 'Larbaâ', 1111, '09', 'Blida', '4', 'DZ', 'Algeria', '36.56471000', '3.15434000', 'Q6488718'),
(31377, 'Meftah', 1111, '09', 'Blida', '4', 'DZ', 'Algeria', '36.62040000', '3.22248000', 'Q2215400'),
(31428, 'Sidi Moussa', 1111, '09', 'Blida', '4', 'DZ', 'Algeria', '36.60637000', '3.08783000', 'Q2215533'),
(31438, 'Souma', 1111, '09', 'Blida', '4', 'DZ', 'Algeria', '36.51833000', '2.90528000', 'Q23788953'),
(31278, 'Bordj Bou Arreridj', 1116, '34', 'Bordj Bou Arréridj', '4', 'DZ', 'Algeria', '36.07321000', '4.76108000', 'Q544733'),
(31279, 'Bordj Ghdir', 1116, '34', 'Bordj Bou Arréridj', '4', 'DZ', 'Algeria', '35.90111000', '4.89806000', 'Q23820716'),
(31280, 'Bordj Zemoura', 1116, '34', 'Bordj Bou Arréridj', '4', 'DZ', 'Algeria', '36.27462000', '4.85668000', 'Q1648662'),
(31327, 'El Achir', 1116, '34', 'Bordj Bou Arréridj', '4', 'DZ', 'Algeria', '36.06386000', '4.62744000', 'Q3049676'),
(31373, 'Mansourah', 1116, '34', 'Bordj Bou Arréridj', '4', 'DZ', 'Algeria', '36.08725000', '4.45192000', 'Q3286577'),
(31381, 'Melouza', 1116, '34', 'Bordj Bou Arréridj', '4', 'DZ', 'Algeria', '35.97999000', '4.18665000', 'Q23802689'),
(31416, 'Râs el Oued', 1116, '34', 'Bordj Bou Arréridj', '4', 'DZ', 'Algeria', '35.94410000', '5.03107000', 'Q23795725'),
(31241, 'Aïn Bessem', 1104, '10', 'Bouïra', '4', 'DZ', 'Algeria', '36.29333000', '3.67319000', 'Q2876271'),
(31295, 'Bouïra', 1104, '10', 'Bouïra', '4', 'DZ', 'Algeria', '36.37489000', '3.90200000', 'Q722522'),
(31309, 'Chorfa', 1104, '10', 'Bouïra', '4', 'DZ', 'Algeria', '36.36505000', '4.32636000', 'Q23816562'),
(31322, 'Draa el Mizan', 1104, '10', 'Bouïra', '4', 'DZ', 'Algeria', '36.53628000', '3.83340000', 'Q4119323'),
(31368, 'Lakhdaria', 1104, '10', 'Bouïra', '4', 'DZ', 'Algeria', '36.56463000', '3.59330000', 'Q2522066'),
(31439, 'Sour el Ghozlane', 1104, '10', 'Bouïra', '4', 'DZ', 'Algeria', '36.14766000', '3.69123000', 'Q312000'),
(31235, 'Arbatache', 1125, '35', 'Boumerdès', '4', 'DZ', 'Algeria', '36.63773000', '3.37127000', 'Q23824843'),
(31261, 'Beni Amrane', 1125, '35', 'Boumerdès', '4', 'DZ', 'Algeria', '36.66774000', '3.59115000', 'Q2223571'),
(31286, 'Boudouaou', 1125, '35', 'Boumerdès', '4', 'DZ', 'Algeria', '36.72735000', '3.40995000', 'Q311984'),
(31294, 'Boumerdas', 1125, '35', 'Boumerdès', '4', 'DZ', 'Algeria', '36.76639000', '3.47717000', 'Q770518'),
(31299, 'Chabet el Ameur', 1125, '35', 'Boumerdès', '4', 'DZ', 'Algeria', '36.63709000', '3.69474000', 'Q37926868'),
(31314, 'Dellys', 1125, '35', 'Boumerdès', '4', 'DZ', 'Algeria', '36.91716000', '3.91311000', 'Q3021755'),
(31362, 'Khemis el Khechna', 1125, '35', 'Boumerdès', '4', 'DZ', 'Algeria', '36.64997000', '3.33080000', 'Q3142813'),
(31372, 'Makouda', 1125, '35', 'Boumerdès', '4', 'DZ', 'Algeria', '36.78567000', '4.06273000', 'Q3280947'),
(31393, 'Naciria', 1125, '35', 'Boumerdès', '4', 'DZ', 'Algeria', '36.74625000', '3.83163000', 'Q6957278'),
(31403, 'Ouled Moussa', 1125, '35', 'Boumerdès', '4', 'DZ', 'Algeria', '36.68394000', '3.36661000', 'Q3055250'),
(31407, 'Reghaïa', 1125, '35', 'Boumerdès', '4', 'DZ', 'Algeria', '36.73587000', '3.34018000', 'Q1649935'),
(31441, 'Tadmaït', 1125, '35', 'Boumerdès', '4', 'DZ', 'Algeria', '36.74413000', '3.90045000', 'Q3513734'),
(31447, 'Thenia', 1125, '35', 'Boumerdès', '4', 'DZ', 'Algeria', '36.72544000', '3.55665000', 'Q2225013'),
(31456, 'Tizi Gheniff', 1125, '35', 'Boumerdès', '4', 'DZ', 'Algeria', '36.58839000', '3.77445000', 'Q3529984'),
(31226, 'Abou el Hassan', 1105, '02', 'Chlef', '4', 'DZ', 'Algeria', '36.41657000', '1.19616000', 'Q2821729'),
(31291, 'Boukadir', 1105, '02', 'Chlef', '4', 'DZ', 'Algeria', '36.06629000', '1.12602000', 'Q1648911'),
(31308, 'Chlef', 1105, '02', 'Chlef', '4', 'DZ', 'Algeria', '36.16525000', '1.33452000', 'Q849561'),
(31324, 'Ech Chettia', 1105, '02', 'Chlef', '4', 'DZ', 'Algeria', '36.19591000', '1.25537000', 'Q2962891'),
(31397, 'Oued Fodda', 1105, '02', 'Chlef', '4', 'DZ', 'Algeria', '36.18503000', '1.53299000', 'Q3358021'),
(31399, 'Oued Sly', 1105, '02', 'Chlef', '4', 'DZ', 'Algeria', '36.10124000', '1.19949000', 'Q1649555'),
(31424, 'Sidi Akkacha', 1105, '02', 'Chlef', '4', 'DZ', 'Algeria', '36.46472000', '1.30258000', 'Q1650037'),
(31469, '’Aïn Abid', 1121, '25', 'Constantine', '4', 'DZ', 'Algeria', '36.23194000', '6.94333000', 'Q1649776'),
(31248, 'Aïn Smara', 1121, '25', 'Constantine', '4', 'DZ', 'Algeria', '36.26740000', '6.50135000', 'Q2876376'),
(31310, 'Constantine', 1121, '25', 'Constantine', '4', 'DZ', 'Algeria', '36.36500000', '6.61472000', 'Q1093156'),
(31315, 'Didouche Mourad', 1121, '25', 'Constantine', '4', 'DZ', 'Algeria', '36.45250000', '6.63639000', 'Q3027257'),
(31338, 'El Khroub', 1121, '25', 'Constantine', '4', 'DZ', 'Algeria', '36.26333000', '6.69361000', 'Q391129'),
(31350, 'Hamma Bouziane', 1121, '25', 'Constantine', '4', 'DZ', 'Algeria', '36.41205000', '6.59603000', 'Q3126488'),
(31474, '’Aïn el Bell', 1098, '17', 'Djelfa', '4', 'DZ', 'Algeria', '34.34381000', '3.22475000', 'Q599887'),
(31246, 'Aïn Oussera', 1098, '17', 'Djelfa', '4', 'DZ', 'Algeria', '35.45139000', '2.90583000', 'Q651497'),
(31273, 'Birine', 1098, '17', 'Djelfa', '4', 'DZ', 'Algeria', '35.63500000', '3.22500000', 'Q1649303'),
(31300, 'Charef', 1098, '17', 'Djelfa', '4', 'DZ', 'Algeria', '34.62098000', '2.79503000', 'Q1649151'),
(31311, 'Dar Chioukh', 1098, '17', 'Djelfa', '4', 'DZ', 'Algeria', '34.89638000', '3.48543000', 'Q3015935'),
(31318, 'Djelfa', 1098, '17', 'Djelfa', '4', 'DZ', 'Algeria', '34.67279000', '3.26300000', 'Q2794758'),
(31336, 'El Idrissia', 1098, '17', 'Djelfa', '4', 'DZ', 'Algeria', '34.44542000', '2.52749000', 'Q1884792'),
(31385, 'Messaad', 1098, '17', 'Djelfa', '4', 'DZ', 'Algeria', '34.15429000', '3.50309000', 'Q609487'),
(31297, 'Brezina', 1129, '32', 'El Bayadh', '4', 'DZ', 'Algeria', '33.09892000', '1.26082000', 'Q2924791'),
(31326, 'El Abiodh Sidi Cheikh', 1129, '32', 'El Bayadh', '4', 'DZ', 'Algeria', '32.89300000', '0.54839000', 'Q3049673'),
(31332, 'El Bayadh', 1129, '32', 'El Bayadh', '4', 'DZ', 'Algeria', '33.68318000', '1.01927000', 'Q648784'),
(31313, 'Debila', 1099, '39', 'El Oued', '4', 'DZ', 'Algeria', '33.51667000', '6.95000000', 'Q3020835'),
(31341, 'El Oued', 1099, '39', 'El Oued', '4', 'DZ', 'Algeria', '33.35608000', '6.86319000', 'Q1649298'),
(31408, 'Reguiba', 1099, '39', 'El Oued', '4', 'DZ', 'Algeria', '33.56391000', '6.70326000', 'Q3325064'),
(31411, 'Robbah', 1099, '39', 'El Oued', '4', 'DZ', 'Algeria', '33.27967000', '6.90984000', 'Q2364827'),
(31260, 'Ben Mehidi', 1100, '36', 'El Tarf', '4', 'DZ', 'Algeria', '36.76967000', '7.90641000', 'Q253342'),
(31270, 'Besbes', 1100, '36', 'El Tarf', '4', 'DZ', 'Algeria', '36.70222000', '7.84722000', 'Q1649634'),
(31337, 'El Kala', 1100, '36', 'El Tarf', '4', 'DZ', 'Algeria', '36.89556000', '8.44333000', 'Q3050005'),
(31342, 'El Tarf', 1100, '36', 'El Tarf', '4', 'DZ', 'Algeria', '36.76720000', '8.31377000', 'Q770653'),
(31268, 'Berriane', 1127, '47', 'Ghardaïa', '4', 'DZ', 'Algeria', '32.82648000', '3.76689000', 'Q1649062'),
(31347, 'Ghardaïa', 1127, '47', 'Ghardaïa', '4', 'DZ', 'Algeria', '32.49094000', '3.67347000', 'Q622841'),
(31386, 'Metlili Chaamba', 1127, '47', 'Ghardaïa', '4', 'DZ', 'Algeria', '32.26667000', '3.63333000', 'Q3307398'),
(31293, 'Boumahra Ahmed', 1137, '24', 'Guelma', '4', 'DZ', 'Algeria', '36.45833000', '7.51389000', 'Q1649113'),
(31348, 'Guelma', 1137, '24', 'Guelma', '4', 'DZ', 'Algeria', '36.46214000', '7.42608000', 'Q609871'),
(31355, 'Héliopolis', 1137, '24', 'Guelma', '4', 'DZ', 'Algeria', '36.50361000', '7.44278000', 'Q3144664'),
(31358, 'Illizi', 1112, '33', 'Illizi', '4', 'DZ', 'Algeria', '26.48333000', '8.46667000', 'Q640740'),
(31359, 'Jijel', 1113, '18', 'Jijel', '4', 'DZ', 'Algeria', '36.82055000', '5.76671000', 'Q402726'),
(31363, 'Khenchela', 1126, '40', 'Khenchela', '4', 'DZ', 'Algeria', '35.43583000', '7.14333000', 'Q1649570'),
(31228, 'Aflou', 1138, '03', 'Laghouat', '4', 'DZ', 'Algeria', '34.11279000', '2.10228000', 'Q500560'),
(31367, 'Laghouat', 1138, '03', 'Laghouat', '4', 'DZ', 'Algeria', '33.80000000', '2.86514000', 'Q402733'),
(31468, '‘Aïn el Hadjel', 1134, '28', 'M\'Sila', '4', 'DZ', 'Algeria', '35.67003000', '3.88153000', 'Q1649776'),
(31477, '’Aïn el Melh', 1134, '28', 'M\'Sila', '4', 'DZ', 'Algeria', '34.84146000', '4.16383000', 'Q599887'),
(31391, 'M’Sila', 1134, '28', 'M\'Sila', '4', 'DZ', 'Algeria', '35.70583000', '4.54194000', 'Q402825'),
(31426, 'Sidi Aïssa', 1134, '28', 'M\'Sila', '4', 'DZ', 'Algeria', '35.88548000', '3.77236000', 'Q2214999'),
(31282, 'Bou Hanifia el Hamamat', 1124, '29', 'Mascara', '4', 'DZ', 'Algeria', '35.31473000', '-0.05037000', 'Q2911890'),
(31375, 'Mascara', 1124, '29', 'Mascara', '4', 'DZ', 'Algeria', '35.39664000', '0.14027000', 'Q545707'),
(31400, 'Oued el Abtal', 1124, '29', 'Mascara', '4', 'DZ', 'Algeria', '35.45595000', '0.68778000', 'Q3358012'),
(31433, 'Sig', 1124, '29', 'Mascara', '4', 'DZ', 'Algeria', '35.52832000', '-0.19369000', 'Q2744832'),
(31471, '’Aïn Boucif', 1109, '26', 'Médéa', '4', 'DZ', 'Algeria', '35.89123000', '3.15850000', 'Q2876264'),
(31269, 'Berrouaghia', 1109, '26', 'Médéa', '4', 'DZ', 'Algeria', '36.13516000', '2.91085000', 'Q2214965'),
(31366, 'Ksar el Boukhari', 1109, '26', 'Médéa', '4', 'DZ', 'Algeria', '35.88889000', '2.74905000', 'Q3200144'),
(31390, 'Médéa', 1109, '26', 'Médéa', '4', 'DZ', 'Algeria', '36.26417000', '2.75393000', 'Q1982137'),
(31302, 'Chelghoum el Aïd', 1132, '43', 'Mila', '4', 'DZ', 'Algeria', '36.16286000', '6.16651000', 'Q23818040'),
(31387, 'Mila', 1132, '43', 'Mila', '4', 'DZ', 'Algeria', '36.45028000', '6.26444000', 'Q335676'),
(31412, 'Rouached', 1132, '43', 'Mila', '4', 'DZ', 'Algeria', '36.45774000', '6.04267000', 'Q23791421'),
(31429, 'Sidi Mérouane', 1132, '43', 'Mila', '4', 'DZ', 'Algeria', '36.52056000', '6.26111000', 'Q2215533'),
(31446, 'Telerghma', 1132, '43', 'Mila', '4', 'DZ', 'Algeria', '36.11653000', '6.35434000', 'Q3517295'),
(31388, 'Mostaganem', 1140, '27', 'Mostaganem', '4', 'DZ', 'Algeria', '35.93115000', '0.08918000', 'Q849524'),
(31247, 'Aïn Sefra', 1102, '45', 'Naama', '4', 'DZ', 'Algeria', '32.75000000', '-0.58333000', 'Q2745712'),
(31392, 'Naama', 1102, '45', 'Naama', '4', 'DZ', 'Algeria', '33.26667000', '-0.31667000', 'Q798212'),
(31478, '’Aïn el Turk', 1101, '31', 'Oran', '4', 'DZ', 'Algeria', '35.74381000', '-0.76930000', 'Q740498'),
(31252, 'Aïn el Bya', 1101, '31', 'Oran', '4', 'DZ', 'Algeria', '35.80389000', '-0.30178000', 'Q23826440'),
(31272, 'Bir el Djir', 1101, '31', 'Oran', '4', 'DZ', 'Algeria', '35.72000000', '-0.54500000', 'Q401759'),
(31284, 'Bou Tlelis', 1101, '31', 'Oran', '4', 'DZ', 'Algeria', '35.57272000', '-0.89960000', 'Q23819224'),
(31343, 'Es Senia', 1101, '31', 'Oran', '4', 'DZ', 'Algeria', '35.64779000', '-0.62397000', 'Q649874'),
(31383, 'Mers el Kebir', 1101, '31', 'Oran', '4', 'DZ', 'Algeria', '35.72790000', '-0.70810000', 'Q31085'),
(31395, 'Oran', 1101, '31', 'Oran', '4', 'DZ', 'Algeria', '35.69906000', '-0.63588000', 'Q131818'),
(31432, 'Sidi ech Chahmi', 1101, '31', 'Oran', '4', 'DZ', 'Algeria', '35.65903000', '-0.52168000', 'Q2621177'),
(31316, 'Djamaa', 1139, '30', 'Ouargla', '4', 'DZ', 'Algeria', '33.53388000', '5.99306000', 'Q3032751'),
(31335, 'El Hadjira', 1139, '30', 'Ouargla', '4', 'DZ', 'Algeria', '32.61336000', '5.51259000', 'Q3049930'),
(31353, 'Hassi Messaoud', 1139, '30', 'Ouargla', '4', 'DZ', 'Algeria', '31.68041000', '6.07286000', 'Q1000139'),
(31378, 'Megarine', 1139, '30', 'Ouargla', '4', 'DZ', 'Algeria', '33.19195000', '6.08695000', 'Q2384877'),
(31396, 'Ouargla', 1139, '30', 'Ouargla', '4', 'DZ', 'Algeria', '31.94932000', '5.32502000', 'Q852469'),
(31414, 'Rouissat', 1139, '30', 'Ouargla', '4', 'DZ', 'Algeria', '31.92427000', '5.35018000', 'Q1649802'),
(31425, 'Sidi Amrane', 1139, '30', 'Ouargla', '4', 'DZ', 'Algeria', '33.49885000', '6.00803000', 'Q3325140'),
(31445, 'Tebesbest', 1139, '30', 'Ouargla', '4', 'DZ', 'Algeria', '33.11667000', '6.08333000', 'Q601174'),
(31462, 'Touggourt', 1139, '30', 'Ouargla', '4', 'DZ', 'Algeria', '33.10527000', '6.05796000', 'Q852515'),
(31242, 'Aïn Beïda', 1136, '04', 'Oum El Bouaghi', '4', 'DZ', 'Algeria', '35.79639000', '7.39278000', 'Q2088349'),
(31244, 'Aïn Fakroun', 1136, '04', 'Oum El Bouaghi', '4', 'DZ', 'Algeria', '35.97108000', '6.87374000', 'Q2876323'),
(31245, 'Aïn Kercha', 1136, '04', 'Oum El Bouaghi', '4', 'DZ', 'Algeria', '35.92472000', '6.69528000', 'Q593739'),
(31330, 'El Aouinet', 1136, '04', 'Oum El Bouaghi', '4', 'DZ', 'Algeria', '35.86691000', '7.88673000', 'Q921801'),
(31384, 'Meskiana', 1136, '04', 'Oum El Bouaghi', '4', 'DZ', 'Algeria', '35.63058000', '7.66606000', 'Q3306857'),
(31404, 'Oum el Bouaghi', 1136, '04', 'Oum El Bouaghi', '4', 'DZ', 'Algeria', '35.87541000', '7.11353000', 'Q5478122'),
(31473, '’Aïn Merane', 1130, '48', 'Relizane', '4', 'DZ', 'Algeria', '36.16277000', '0.97037000', 'Q2876264'),
(31232, 'Ammi Moussa', 1130, '48', 'Relizane', '4', 'DZ', 'Algeria', '35.86781000', '1.11143000', 'Q4747238'),
(31319, 'Djidiouia', 1130, '48', 'Relizane', '4', 'DZ', 'Algeria', '35.92989000', '0.82871000', 'Q3032949'),
(31376, 'Mazouna', 1130, '48', 'Relizane', '4', 'DZ', 'Algeria', '36.12232000', '0.89865000', 'Q978267'),
(31398, 'Oued Rhiou', 1130, '48', 'Relizane', '4', 'DZ', 'Algeria', '35.96124000', '0.91896000', 'Q1571443'),
(31409, 'Relizane', 1130, '48', 'Relizane', '4', 'DZ', 'Algeria', '35.73734000', '0.55599000', 'Q402738'),
(31435, 'Smala', 1130, '48', 'Relizane', '4', 'DZ', 'Algeria', '35.71652000', '0.75437000', 'Q2292517'),
(31464, 'Zemoura', 1130, '48', 'Relizane', '4', 'DZ', 'Algeria', '35.72251000', '0.75509000', 'Q3324824'),
(31475, '’Aïn el Hadjar', 1123, '20', 'Saïda', '4', 'DZ', 'Algeria', '34.75846000', '0.14528000', 'Q599887'),
(31419, 'Saïda', 1123, '20', 'Saïda', '4', 'DZ', 'Algeria', '34.83033000', '0.15171000', 'Q401452'),
(31240, 'Aïn Arnat', 1141, '19', 'Sétif', '4', 'DZ', 'Algeria', '36.18683000', '5.31347000', 'Q2876253'),
(31253, 'BABOR - VILLE', 1141, '19', 'Sétif', '4', 'DZ', 'Algeria', '36.48994000', '5.53930000', 'Q23826440'),
(31288, 'Bougaa', 1141, '19', 'Sétif', '4', 'DZ', 'Algeria', '36.33293000', '5.08843000', 'Q2921542'),
(31333, 'El Eulma', 1141, '19', 'Sétif', '4', 'DZ', 'Algeria', '36.15281000', '5.69016000', 'Q401747'),
(31417, 'Salah Bey', 1141, '19', 'Sétif', '4', 'DZ', 'Algeria', '35.85451000', '5.29053000', 'Q3469526'),
(31440, 'Sétif', 1141, '19', 'Sétif', '4', 'DZ', 'Algeria', '36.19112000', '5.41373000', 'Q244004'),
(146185, 'Aïn El Berd District', 4902, '22', 'Sidi Bel Abbès', '4', 'DZ', 'Algeria', '35.35000000', '-0.51667000', 'Q4833272'),
(146186, 'Balidat Ameur', 4902, '22', 'Sidi Bel Abbès', '4', 'DZ', 'Algeria', '32.95138900', '5.98055600', 'Q2906568'),
(146187, 'Belarbi', 4902, '22', 'Sidi Bel Abbès', '4', 'DZ', 'Algeria', '35.15149480', '-0.45679090', 'Q1648915'),
(146188, 'Ben Badis, Sid Bel Abbés', 4902, '22', 'Sidi Bel Abbès', '4', 'DZ', 'Algeria', '34.95277778', '-0.91444444', 'Q2895336'),
(146189, 'Djamaa', 4902, '22', 'Sidi Bel Abbès', '4', 'DZ', 'Algeria', '33.53137870', '5.99098210', 'Q3032751'),
(146190, 'El Bour', 4902, '22', 'Sidi Bel Abbès', '4', 'DZ', 'Algeria', '32.16305556', '5.34527778', 'Q12403129'),
(146191, 'El Hadjira', 4902, '22', 'Sidi Bel Abbès', '4', 'DZ', 'Algeria', '32.61666667', '5.51666667', 'Q3049930'),
(146192, 'Haoud El Hamra', 4902, '22', 'Sidi Bel Abbès', '4', 'DZ', 'Algeria', '31.88944444', '5.97305556', 'Q12470040'),
(146193, 'Hassi Messaoud', 4902, '22', 'Sidi Bel Abbès', '4', 'DZ', 'Algeria', '31.70000000', '6.06666667', 'Q1000139'),
(146194, 'Lamtar', 4902, '22', 'Sidi Bel Abbès', '4', 'DZ', 'Algeria', '35.07062700', '-0.79814000', 'Q3216882'),
(146195, 'Marhoum', 4902, '22', 'Sidi Bel Abbès', '4', 'DZ', 'Algeria', '34.44600420', '-0.19502440', 'Q3290834'),
(146196, 'Megarine', 4902, '22', 'Sidi Bel Abbès', '4', 'DZ', 'Algeria', '33.19262320', '6.09346390', 'Q2384877'),
(146197, 'Merine', 4902, '22', 'Sidi Bel Abbès', '4', 'DZ', 'Algeria', '34.78074720', '-0.45104030', 'Q1649208'),
(146198, 'Mezaourou', 4902, '22', 'Sidi Bel Abbès', '4', 'DZ', 'Algeria', '34.81732670', '-0.62331890', 'Q1649368'),
(146199, 'Moggar', 4902, '22', 'Sidi Bel Abbès', '4', 'DZ', 'Algeria', '33.26722222', '6.06777778', 'Q12646398'),
(146200, 'Moulay Slissen', 4902, '22', 'Sidi Bel Abbès', '4', 'DZ', 'Algeria', '34.81666667', '-0.76666667', 'Q1649394'),
(146201, 'N\'Goussa', 4902, '22', 'Sidi Bel Abbès', '4', 'DZ', 'Algeria', '32.14087970', '5.30828480', 'Q3334101'),
(146202, 'Ouargla', 4902, '22', 'Sidi Bel Abbès', '4', 'DZ', 'Algeria', '31.95000000', '5.31666667', 'Q852469'),
(146203, 'Rouissat', 4902, '22', 'Sidi Bel Abbès', '4', 'DZ', 'Algeria', '31.93657600', '5.33540730', 'Q1649802'),
(146204, 'Sfissef', 4902, '22', 'Sidi Bel Abbès', '4', 'DZ', 'Algeria', '35.23440280', '-0.24341580', 'Q3481104'),
(146205, 'Sidi Ali Boussidi', 4902, '22', 'Sidi Bel Abbès', '4', 'DZ', 'Algeria', '35.10000000', '-0.83333333', 'Q1650046'),
(146206, 'Sidi Amrane', 4902, '22', 'Sidi Bel Abbès', '4', 'DZ', 'Algeria', '33.50000000', '6.01666667', 'Q3325140'),
(146207, 'Sidi Bel Abbès', 4902, '22', 'Sidi Bel Abbès', '4', 'DZ', 'Algeria', '35.20000000', '-0.63333333', 'Q852276'),
(146208, 'Sidi Brahim', 4902, '22', 'Sidi Bel Abbès', '4', 'DZ', 'Algeria', '35.26055600', '-0.56750000', 'Q1650068'),
(146209, 'Sidi Hamadouche', 4902, '22', 'Sidi Bel Abbès', '4', 'DZ', 'Algeria', '35.29916667', '-0.54888889', 'Q1650247'),
(146210, 'Sidi Slimane', 4902, '22', 'Sidi Bel Abbès', '4', 'DZ', 'Algeria', '33.28861111', '6.09472222', 'Q3483291'),
(146211, 'Sidi Yacoub', 4902, '22', 'Sidi Bel Abbès', '4', 'DZ', 'Algeria', '35.13333333', '-0.78333333', 'Q1649961'),
(146212, 'Sidi Yahia', 4902, '22', 'Sidi Bel Abbès', '4', 'DZ', 'Algeria', '33.52166667', '5.94555556', 'Q11811858'),
(146213, 'Tabia, Sid Bel Abbés', 4902, '22', 'Sidi Bel Abbès', '4', 'DZ', 'Algeria', '35.01783660', '-0.73385240', 'Q3512757'),
(146214, 'Taibet', 4902, '22', 'Sidi Bel Abbès', '4', 'DZ', 'Algeria', '33.08391890', '6.39996530', 'Q3513962'),
(146215, 'Tamellaht', 4902, '22', 'Sidi Bel Abbès', '4', 'DZ', 'Algeria', '33.01190000', '6.00972000', 'Q12641156'),
(146216, 'Tamerna Djedida', 4902, '22', 'Sidi Bel Abbès', '4', 'DZ', 'Algeria', '33.44640000', '5.95639000', 'Q11773942'),
(146217, 'Tebesbest', 4902, '22', 'Sidi Bel Abbès', '4', 'DZ', 'Algeria', '33.12001290', '6.08007430', 'Q601174'),
(146218, 'Teghalimet', 4902, '22', 'Sidi Bel Abbès', '4', 'DZ', 'Algeria', '34.88283300', '-0.56000230', 'Q3517138'),
(146219, 'Telagh', 4902, '22', 'Sidi Bel Abbès', '4', 'DZ', 'Algeria', '34.78490640', '-0.57317730', 'Q2215476'),
(146220, 'Tenezara', 4902, '22', 'Sidi Bel Abbès', '4', 'DZ', 'Algeria', '34.96341170', '-0.61446190', 'Q3518076'),
(146221, 'Tenira', 4902, '22', 'Sidi Bel Abbès', '4', 'DZ', 'Algeria', '35.01966420', '-0.53206440', 'Q1650283'),
(146222, 'Tessala', 4902, '22', 'Sidi Bel Abbès', '4', 'DZ', 'Algeria', '35.24300000', '-0.77316300', 'Q2381247'),
(146223, 'Touggourt', 4902, '22', 'Sidi Bel Abbès', '4', 'DZ', 'Algeria', '33.10000000', '6.06666667', 'Q852515'),
(146224, 'Zerouala', 4902, '22', 'Sidi Bel Abbès', '4', 'DZ', 'Algeria', '35.24232450', '-0.52219390', 'Q1650844'),
(31239, 'Azzaba', 1110, '21', 'Skikda', '4', 'DZ', 'Algeria', '36.73944000', '7.10528000', 'Q23823384'),
(31360, 'Karkira', 1110, '21', 'Skikda', '4', 'DZ', 'Algeria', '36.92917000', '6.58556000', 'Q1649432'),
(31434, 'Skikda', 1110, '21', 'Skikda', '4', 'DZ', 'Algeria', '36.87617000', '6.90921000', 'Q2292517'),
(31442, 'Tamalous', 1110, '21', 'Skikda', '4', 'DZ', 'Algeria', '36.83763000', '6.64018000', 'Q1650231');
INSERT INTO `tc_cities` (`id`, `name`, `state_id`, `state_code`, `state_name`, `country_id`, `country_code`, `country_name`, `latitude`, `longitude`, `wikiDataId`) VALUES
(31422, 'Sedrata', 1143, '41', 'Souk Ahras', '4', 'DZ', 'Algeria', '36.12868000', '7.53376000', 'Q1649881'),
(31437, 'Souk Ahras', 1143, '41', 'Souk Ahras', '4', 'DZ', 'Algeria', '36.28639000', '7.95111000', 'Q402992'),
(31356, 'I-n-Salah', 1135, '11', 'Tamanghasset', '4', 'DZ', 'Algeria', '27.19351000', '2.46069000', 'Q32061388'),
(31443, 'Tamanrasset', 1135, '11', 'Tamanghasset', '4', 'DZ', 'Algeria', '22.78500000', '5.52278000', 'Q205792'),
(31271, 'Bir el Ater', 1117, '12', 'Tébessa', '4', 'DZ', 'Algeria', '34.74488000', '8.06024000', 'Q2904370'),
(31305, 'Cheria', 1117, '12', 'Tébessa', '4', 'DZ', 'Algeria', '35.27306000', '7.75194000', 'Q736205'),
(31352, 'Hammamet', 1117, '12', 'Tébessa', '4', 'DZ', 'Algeria', '35.44862000', '7.95184000', 'Q3126511'),
(31463, 'Tébessa', 1117, '12', 'Tébessa', '4', 'DZ', 'Algeria', '35.40417000', '8.12417000', 'Q984575'),
(31472, '’Aïn Deheb', 1106, '14', 'Tiaret', '4', 'DZ', 'Algeria', '34.84218000', '1.54697000', 'Q2876264'),
(31317, 'Djebilet Rosfa', 1106, '14', 'Tiaret', '4', 'DZ', 'Algeria', '34.86375000', '0.83496000', 'Q1649054'),
(31346, 'Frenda', 1106, '14', 'Tiaret', '4', 'DZ', 'Algeria', '35.06544000', '1.04945000', 'Q2215495'),
(31365, 'Ksar Chellala', 1106, '14', 'Tiaret', '4', 'DZ', 'Algeria', '35.21222000', '2.31889000', 'Q1648944'),
(31379, 'Mehdia daira de meghila', 1106, '14', 'Tiaret', '4', 'DZ', 'Algeria', '35.43058000', '1.75714000', 'Q3277676'),
(31436, 'Sougueur', 1106, '14', 'Tiaret', '4', 'DZ', 'Algeria', '35.18568000', '1.49612000', 'Q1483423'),
(31449, 'Tiaret', 1106, '14', 'Tiaret', '4', 'DZ', 'Algeria', '35.37103000', '1.31699000', 'Q565568'),
(31452, 'Tindouf', 1120, '37', 'Tindouf', '4', 'DZ', 'Algeria', '27.67111000', '-8.14743000', 'Q328510'),
(31470, '’Aïn Benian', 1115, '42', 'Tipasa', '4', 'DZ', 'Algeria', '36.80277000', '2.92185000', 'Q2876264'),
(31255, 'Baraki', 1115, '42', 'Tipasa', '4', 'DZ', 'Algeria', '36.66655000', '3.09606000', 'Q2736044'),
(31283, 'Bou Ismaïl', 1115, '42', 'Tipasa', '4', 'DZ', 'Algeria', '36.64262000', '2.69007000', 'Q1438489'),
(31304, 'Cheraga', 1115, '42', 'Tipasa', '4', 'DZ', 'Algeria', '36.76775000', '2.95924000', 'Q335751'),
(31320, 'Douera', 1115, '42', 'Tipasa', '4', 'DZ', 'Algeria', '36.67000000', '2.94444000', 'Q1649106'),
(31328, 'El Affroun', 1115, '42', 'Tipasa', '4', 'DZ', 'Algeria', '36.47010000', '2.62528000', 'Q3049687'),
(31349, 'Hadjout', 1115, '42', 'Tipasa', '4', 'DZ', 'Algeria', '36.51257000', '2.41382000', 'Q3125565'),
(31364, 'Kolea', 1115, '42', 'Tipasa', '4', 'DZ', 'Algeria', '36.63888000', '2.76845000', 'Q3198497'),
(31389, 'Mouzaïa', 1115, '42', 'Tipasa', '4', 'DZ', 'Algeria', '36.46695000', '2.68991000', 'Q1649746'),
(31401, 'Oued el Alleug', 1115, '42', 'Tipasa', '4', 'DZ', 'Algeria', '36.55528000', '2.79028000', 'Q941199'),
(31418, 'Saoula', 1115, '42', 'Tipasa', '4', 'DZ', 'Algeria', '36.70456000', '3.02462000', 'Q1884982'),
(31453, 'Tipasa', 1115, '42', 'Tipasa', '4', 'DZ', 'Algeria', '36.58972000', '2.44750000', 'Q328510'),
(31465, 'Zeralda', 1115, '42', 'Tipasa', '4', 'DZ', 'Algeria', '36.71169000', '2.84244000', 'Q2215424'),
(31370, 'Lardjem', 1133, '38', 'Tissemsilt', '4', 'DZ', 'Algeria', '35.74922000', '1.54778000', 'Q3217877'),
(31455, 'Tissemsilt', 1133, '38', 'Tissemsilt', '4', 'DZ', 'Algeria', '35.60722000', '1.81081000', 'Q770447'),
(31476, '’Aïn el Hammam', 1131, '15', 'Tizi Ouzou', '4', 'DZ', 'Algeria', '36.56471000', '4.30619000', 'Q599887'),
(31236, 'Arhribs', 1131, '15', 'Tizi Ouzou', '4', 'DZ', 'Algeria', '36.79361000', '4.31158000', 'Q1648638'),
(31238, 'Azazga', 1131, '15', 'Tizi Ouzou', '4', 'DZ', 'Algeria', '36.74472000', '4.37222000', 'Q2875118'),
(31262, 'Beni Douala', 1131, '15', 'Tizi Ouzou', '4', 'DZ', 'Algeria', '36.61954000', '4.08282000', 'Q2895885'),
(31277, 'Boghni', 1131, '15', 'Tizi Ouzou', '4', 'DZ', 'Algeria', '36.54222000', '3.95306000', 'Q1649016'),
(31285, 'Boudjima', 1131, '15', 'Tizi Ouzou', '4', 'DZ', 'Algeria', '36.80218000', '4.15187000', 'Q2921489'),
(31303, 'Chemini', 1131, '15', 'Tizi Ouzou', '4', 'DZ', 'Algeria', '36.60000000', '4.61667000', 'Q2962465'),
(31321, 'Draa Ben Khedda', 1131, '15', 'Tizi Ouzou', '4', 'DZ', 'Algeria', '36.73436000', '3.96223000', 'Q5306152'),
(31345, 'Freha', 1131, '15', 'Tizi Ouzou', '4', 'DZ', 'Algeria', '36.75234000', '4.31550000', 'Q1895391'),
(31357, 'Ighram', 1131, '15', 'Tizi Ouzou', '4', 'DZ', 'Algeria', '36.46295000', '4.50532000', 'Q2215840'),
(31371, 'L’Arbaa Naït Irathen', 1131, '15', 'Tizi Ouzou', '4', 'DZ', 'Algeria', '36.63112000', '4.19864000', 'Q764741'),
(31380, 'Mekla', 1131, '15', 'Tizi Ouzou', '4', 'DZ', 'Algeria', '36.68178000', '4.26378000', 'Q1649145'),
(31451, 'Timizart', 1131, '15', 'Tizi Ouzou', '4', 'DZ', 'Algeria', '36.80000000', '4.26667000', 'Q3529010'),
(31454, 'Tirmitine', 1131, '15', 'Tizi Ouzou', '4', 'DZ', 'Algeria', '36.65393000', '3.98143000', 'Q3529393'),
(31457, 'Tizi Ouzou', 1131, '15', 'Tizi Ouzou', '4', 'DZ', 'Algeria', '36.71182000', '4.04591000', 'Q277201'),
(31458, 'Tizi Rached', 1131, '15', 'Tizi Ouzou', '4', 'DZ', 'Algeria', '36.67176000', '4.19176000', 'Q3529993'),
(31459, 'Tizi-n-Tleta', 1131, '15', 'Tizi Ouzou', '4', 'DZ', 'Algeria', '36.54569000', '4.05712000', 'Q23782332'),
(31264, 'Beni Mester', 1107, '13', 'Tlemcen', '4', 'DZ', 'Algeria', '34.87045000', '-1.42319000', 'Q1649238'),
(31266, 'Bensekrane', 1107, '13', 'Tlemcen', '4', 'DZ', 'Algeria', '35.07465000', '-1.22431000', 'Q282544'),
(31306, 'Chetouane', 1107, '13', 'Tlemcen', '4', 'DZ', 'Algeria', '34.92129000', '-1.29512000', 'Q2962883'),
(31354, 'Hennaya', 1107, '13', 'Tlemcen', '4', 'DZ', 'Algeria', '34.95139000', '-1.36806000', 'Q3130297'),
(31374, 'Mansoûra', 1107, '13', 'Tlemcen', '4', 'DZ', 'Algeria', '34.86158000', '-1.33935000', 'Q3286584'),
(31394, 'Nedroma', 1107, '13', 'Tlemcen', '4', 'DZ', 'Algeria', '35.01361000', '-1.74799000', 'Q2670516'),
(31402, 'Ouled Mimoun', 1107, '13', 'Tlemcen', '4', 'DZ', 'Algeria', '34.90472000', '-1.03394000', 'Q2110236'),
(31410, 'Remchi', 1107, '13', 'Tlemcen', '4', 'DZ', 'Algeria', '35.06196000', '-1.43362000', 'Q3424477'),
(31420, 'Sebdou', 1107, '13', 'Tlemcen', '4', 'DZ', 'Algeria', '34.63703000', '-1.33143000', 'Q1649930'),
(31423, 'Sidi Abdelli', 1107, '13', 'Tlemcen', '4', 'DZ', 'Algeria', '35.06937000', '-1.13706000', 'Q3483155'),
(31431, 'Sidi Senoussi سيدي سنوسي', 1107, '13', 'Tlemcen', '4', 'DZ', 'Algeria', '34.99691000', '-1.09449000', 'Q2215485'),
(31460, 'Tlemcen', 1107, '13', 'Tlemcen', '4', 'DZ', 'Algeria', '34.87833000', '-1.31500000', 'Q185134'),
(1, 'Andorra la Vella', 488, '07', 'Andorra la Vella', '6', 'AD', 'Andorra', '42.50779000', '1.52109000', 'Q1863'),
(3, 'Canillo', 489, '02', 'Canillo', '6', 'AD', 'Andorra', '42.56760000', '1.59756000', 'Q24554'),
(4, 'El Tarter', 489, '02', 'Canillo', '6', 'AD', 'Andorra', '42.57952000', '1.65362000', 'Q24413'),
(5, 'Encamp', 487, '03', 'Encamp', '6', 'AD', 'Andorra', '42.53474000', '1.58014000', 'Q24413'),
(7, 'Pas de la Casa', 487, '03', 'Encamp', '6', 'AD', 'Andorra', '42.54277000', '1.73361000', 'Q24456'),
(10, 'les Escaldes', 492, '08', 'Escaldes-Engordany', '6', 'AD', 'Andorra', '42.50729000', '1.53414000', 'Q1050185'),
(2, 'Arinsal', 493, '04', 'La Massana', '6', 'AD', 'Andorra', '42.57205000', '1.48453000', 'Q24554'),
(9, 'la Massana', 493, '04', 'La Massana', '6', 'AD', 'Andorra', '42.54499000', '1.51483000', 'Q3820973'),
(6, 'Ordino', 491, '05', 'Ordino', '6', 'AD', 'Andorra', '42.55623000', '1.53319000', 'Q3885480'),
(8, 'Sant Julià de Lòria', 490, '06', 'Sant Julià de Lòria', '6', 'AD', 'Andorra', '42.46372000', '1.49129000', 'Q1120573'),
(598, 'Caxito', 221, 'BGO', 'Bengo Province', '7', 'AO', 'Angola', '-8.57848000', '13.66425000', 'Q956745'),
(590, 'Benguela', 218, 'BGU', 'Benguela Province', '7', 'AO', 'Angola', '-12.5762600', '13.40547000', 'Q214248'),
(597, 'Catumbela', 218, 'BGU', 'Benguela Province', '7', 'AO', 'Angola', '-12.4300200', '13.54677000', 'Q1051360'),
(613, 'Lobito', 218, 'BGU', 'Benguela Province', '7', 'AO', 'Angola', '-12.3644000', '13.53601000', 'Q223914'),
(595, 'Camacupa', 212, 'BIE', 'Bié Province', '7', 'AO', 'Angola', '-12.0166700', '17.48333000', 'Q1027956'),
(596, 'Catabola', 212, 'BIE', 'Bié Province', '7', 'AO', 'Angola', '-12.1500000', '17.28333000', 'Q2341822'),
(605, 'Chissamba', 212, 'BIE', 'Bié Province', '7', 'AO', 'Angola', '-12.1666700', '17.33333000', 'Q2944808'),
(606, 'Cuito', 212, 'BIE', 'Bié Province', '7', 'AO', 'Angola', '-12.3833300', '16.93333000', 'Q843980'),
(591, 'Cabinda', 228, 'CAB', 'Cabinda Province', '7', 'AO', 'Angola', '-5.55000000', '12.20000000', 'Q459360'),
(625, 'Menongue', 226, 'CCU', 'Cuando Cubango Province', '7', 'AO', 'Angola', '-14.6585000', '17.69099000', 'Q818731'),
(594, 'Camabatela', 217, 'CNO', 'Cuanza Norte Province', '7', 'AO', 'Angola', '-8.18812000', '15.37495000', 'Q1619833'),
(627, 'N’dalatando', 217, 'CNO', 'Cuanza Norte Province', '7', 'AO', 'Angola', '-9.29782000', '14.91162000', 'Q985803'),
(629, 'Quibala', 216, 'CUS', 'Cuanza Sul', '7', 'AO', 'Angola', '-10.7336600', '14.97995000', 'Q602772'),
(634, 'Sumbe', 216, 'CUS', 'Cuanza Sul', '7', 'AO', 'Angola', '-11.2060500', '13.84371000', 'Q780534'),
(635, 'Uacu Cungo', 216, 'CUS', 'Cuanza Sul', '7', 'AO', 'Angola', '-11.3566900', '15.11719000', 'Q2944819'),
(628, 'Ondjiva', 215, 'CNN', 'Cunene Province', '7', 'AO', 'Angola', '-17.0666700', '15.73333000', 'Q635045'),
(600, 'Caála', 213, 'HUA', 'Huambo Province', '7', 'AO', 'Angola', '-12.8525000', '15.56056000', 'Q1052090'),
(601, 'Chela', 213, 'HUA', 'Huambo Province', '7', 'AO', 'Angola', '-12.3026100', '15.43358000', 'Q1052090'),
(609, 'Huambo', 213, 'HUA', 'Huambo Province', '7', 'AO', 'Angola', '-12.7761100', '15.73917000', 'Q207322'),
(614, 'Longonjo', 213, 'HUA', 'Huambo Province', '7', 'AO', 'Angola', '-12.9066700', '15.25333000', 'Q2342492'),
(592, 'Caconda', 225, 'HUI', 'Huíla Province', '7', 'AO', 'Angola', '-13.7333300', '15.06667000', 'Q459360'),
(593, 'Caluquembe', 225, 'HUI', 'Huíla Province', '7', 'AO', 'Angola', '-13.9209300', '14.53476000', 'Q459360'),
(602, 'Chibia', 225, 'HUI', 'Huíla Province', '7', 'AO', 'Angola', '-15.2365700', '13.88468000', 'Q1052090'),
(603, 'Chicomba', 225, 'HUI', 'Huíla Province', '7', 'AO', 'Angola', '-14.3078800', '14.98672000', 'Q1052090'),
(604, 'Chipindo', 225, 'HUI', 'Huíla Province', '7', 'AO', 'Angola', '-13.8683000', '15.73277000', 'Q1052090'),
(607, 'Cuvango', 225, 'HUI', 'Huíla Province', '7', 'AO', 'Angola', '-14.2769300', '16.31475000', 'Q843980'),
(608, 'Gambos', 225, 'HUI', 'Huíla Province', '7', 'AO', 'Angola', '-15.8092600', '14.07661000', 'Q843980'),
(610, 'Humpata', 225, 'HUI', 'Huíla Province', '7', 'AO', 'Angola', '-15.0725000', '13.36771000', 'Q207322'),
(612, 'Jamba', 225, 'HUI', 'Huíla Province', '7', 'AO', 'Angola', '-14.7629400', '15.83493000', 'Q291729'),
(617, 'Lubango', 225, 'HUI', 'Huíla Province', '7', 'AO', 'Angola', '-14.9171700', '13.49250000', 'Q122044'),
(623, 'Matala', 225, 'HUI', 'Huíla Province', '7', 'AO', 'Angola', '-15.2396700', '15.17246000', 'Q621001'),
(630, 'Quilengues', 225, 'HUI', 'Huíla Province', '7', 'AO', 'Angola', '-13.9921300', '13.76705000', 'Q602772'),
(631, 'Quipungo', 225, 'HUI', 'Huíla Province', '7', 'AO', 'Angola', '-15.1220300', '14.55953000', 'Q602772'),
(589, 'Belas', 222, 'LUA', 'Luanda Province', '7', 'AO', 'Angola', '-9.06875000', '13.16072000', 'Q727233'),
(611, 'Icolo e Bengo', 222, 'LUA', 'Luanda Province', '7', 'AO', 'Angola', '-9.24191000', '13.73549000', 'Q291729'),
(615, 'Luanda', 222, 'LUA', 'Luanda Province', '7', 'AO', 'Angola', '-8.83682000', '13.23432000', 'Q3897'),
(618, 'Lucapa', 223, 'LNO', 'Lunda Norte Province', '7', 'AO', 'Angola', '-8.68337000', '20.27045000', 'Q620866'),
(599, 'Cazaji', 220, 'LSU', 'Lunda Sul Province', '7', 'AO', 'Angola', '-11.0671500', '20.70148000', 'Q956745'),
(632, 'Saurimo', 220, 'LSU', 'Lunda Sul Province', '7', 'AO', 'Angola', '-9.66078000', '20.39155000', 'Q635017'),
(622, 'Malanje', 227, 'MAL', 'Malanje Province', '7', 'AO', 'Angola', '-9.54015000', '16.34096000', 'Q621001'),
(621, 'Léua', 219, 'MOX', 'Moxico Province', '7', 'AO', 'Angola', '-11.6500000', '20.45000000', 'Q618643'),
(616, 'Luau', 219, 'MOX', 'Moxico Province', '7', 'AO', 'Angola', '-10.7072700', '22.22466000', 'Q1872804'),
(619, 'Luena', 219, 'MOX', 'Moxico Province', '7', 'AO', 'Angola', '-11.7833300', '19.91667000', 'Q618643'),
(620, 'Lumeje', 219, 'MOX', 'Moxico Province', '7', 'AO', 'Angola', '-11.5500000', '20.78333000', 'Q618643'),
(636, 'Uíge', 224, 'UIG', 'Uíge Province', '7', 'AO', 'Angola', '-7.60874000', '15.06131000', 'Q911191'),
(624, 'Mbanza Congo', 214, 'ZAI', 'Zaire Province', '7', 'AO', 'Angola', '-6.26703000', '14.24010000', 'Q500189'),
(626, 'N\'zeto', 214, 'ZAI', 'Zaire Province', '7', 'AO', 'Angola', '-7.23116000', '12.86660000', 'Q2351452'),
(633, 'Soio', 214, 'ZAI', 'Zaire Province', '7', 'AO', 'Angola', '-6.13490000', '12.36894000', 'Q1015108'),
(144, 'Codrington', 3708, '10', 'Barbuda', '10', 'AG', 'Antigua And Barbuda', '17.63333000', '-61.83333000', 'Q1024679'),
(148, 'Piggotts', 3709, '03', 'Saint George Parish', '10', 'AG', 'Antigua And Barbuda', '17.11667000', '-61.80000000', 'Q1771704'),
(149, 'Potters Village', 3706, '04', 'Saint John Parish', '10', 'AG', 'Antigua And Barbuda', '17.11337000', '-61.81962000', 'Q1771587'),
(150, 'Saint John’s', 3706, '04', 'Saint John Parish', '10', 'AG', 'Antigua And Barbuda', '17.12096000', '-61.84329000', 'Q36262'),
(143, 'Bolands', 3707, '05', 'Saint Mary Parish', '10', 'AG', 'Antigua And Barbuda', '17.06565000', '-61.87466000', 'Q1771701'),
(145, 'Falmouth', 3705, '06', 'Saint Paul Parish', '10', 'AG', 'Antigua And Barbuda', '17.02741000', '-61.78136000', 'Q3299460'),
(146, 'Liberta', 3705, '06', 'Saint Paul Parish', '10', 'AG', 'Antigua And Barbuda', '17.04141000', '-61.79052000', 'Q1771710'),
(142, 'All Saints', 3704, '07', 'Saint Peter Parish', '10', 'AG', 'Antigua And Barbuda', '17.06671000', '-61.79303000', 'Q1771715'),
(147, 'Parham', 3704, '07', 'Saint Peter Parish', '10', 'AG', 'Antigua And Barbuda', '17.09682000', '-61.77046000', 'Q376195'),
(682, 'Balvanera', 3656, 'B', 'Buenos Aires', '11', 'AR', 'Argentina', '-34.6103200', '-58.39766000', 'Q805848'),
(683, 'Barracas', 3656, 'B', 'Buenos Aires', '11', 'AR', 'Argentina', '-34.6496600', '-58.38341000', 'Q680964'),
(687, 'Belgrano', 3656, 'B', 'Buenos Aires', '11', 'AR', 'Argentina', '-34.5627000', '-58.45829000', 'Q815569'),
(697, 'Boedo', 3656, 'B', 'Buenos Aires', '11', 'AR', 'Argentina', '-34.6333300', '-58.41667000', 'Q890147'),
(704, 'Buenos Aires', 3656, 'B', 'Buenos Aires', '11', 'AR', 'Argentina', '-34.6131500', '-58.37723000', 'Q1486'),
(773, 'Colegiales', 3656, 'B', 'Buenos Aires', '11', 'AR', 'Argentina', '-34.5736500', '-58.44924000', 'Q106063'),
(1380, 'Retiro', 3656, 'B', 'Buenos Aires', '11', 'AR', 'Argentina', '-34.5833300', '-58.38333000', 'Q44206'),
(1561, 'Villa Lugano', 3656, 'B', 'Buenos Aires', '11', 'AR', 'Argentina', '-34.6790700', '-58.47263000', 'Q9093939'),
(1570, 'Villa Ortúzar', 3656, 'B', 'Buenos Aires', '11', 'AR', 'Argentina', '-34.5797300', '-58.46829000', 'Q1016067'),
(1576, 'Villa Santa Rita', 3656, 'B', 'Buenos Aires', '11', 'AR', 'Argentina', '-34.6108200', '-58.48100000', 'Q10391476'),
(659, 'Ancasti', 3647, 'K', 'Catamarca', '11', 'AR', 'Argentina', '-28.8124700', '-65.50145000', 'Q21845580'),
(661, 'Andalgalá', 3647, 'K', 'Catamarca', '11', 'AR', 'Argentina', '-27.5818500', '-66.31626000', 'Q489679'),
(663, 'Antofagasta de la Sierra', 3647, 'K', 'Catamarca', '11', 'AR', 'Argentina', '-26.0594000', '-67.40636000', 'Q2536371'),
(726, 'Capayán', 3647, 'K', 'Catamarca', '11', 'AR', 'Argentina', '-28.7743600', '-66.04749000', 'Q21844014'),
(824, 'Departamento de Ambato', 3647, 'K', 'Catamarca', '11', 'AR', 'Argentina', '-28.0000000', '-65.91667000', 'Q688734'),
(825, 'Departamento de Ancasti', 3647, 'K', 'Catamarca', '11', 'AR', 'Argentina', '-29.0000000', '-65.50000000', 'Q760261'),
(826, 'Departamento de Andalgalá', 3647, 'K', 'Catamarca', '11', 'AR', 'Argentina', '-27.5833300', '-66.46667000', 'Q1190227'),
(829, 'Departamento de Antofagasta de la Sierra', 3647, 'K', 'Catamarca', '11', 'AR', 'Argentina', '-26.0000000', '-67.58333000', 'Q1190229'),
(846, 'Departamento de Capayán', 3647, 'K', 'Catamarca', '11', 'AR', 'Argentina', '-28.8333300', '-66.00000000', 'Q858107'),
(849, 'Departamento de Capital', 3647, 'K', 'Catamarca', '11', 'AR', 'Argentina', '-28.4166700', '-65.80000000', 'Q858182'),
(877, 'Departamento de El Alto', 3647, 'K', 'Catamarca', '11', 'AR', 'Argentina', '-28.4166700', '-65.41667000', 'Q899638'),
(884, 'Departamento de Fray Mamerto Esquiú', 3647, 'K', 'Catamarca', '11', 'AR', 'Argentina', '-28.3000000', '-65.75000000', 'Q775145'),
(918, 'Departamento de La Paz', 3647, 'K', 'Catamarca', '11', 'AR', 'Argentina', '-29.2500000', '-65.25000000', 'Q1127089'),
(959, 'Departamento de Pomán', 3647, 'K', 'Catamarca', '11', 'AR', 'Argentina', '-28.2500000', '-66.41667000', 'Q1190958'),
(1006, 'Departamento de Santa María', 3647, 'K', 'Catamarca', '11', 'AR', 'Argentina', '-26.6666700', '-66.41667000', 'Q1080656'),
(1007, 'Departamento de Santa Rosa', 3647, 'K', 'Catamarca', '11', 'AR', 'Argentina', '-28.0833300', '-65.25000000', 'Q638965'),
(1020, 'Departamento de Tinogasta', 3647, 'K', 'Catamarca', '11', 'AR', 'Argentina', '-27.5000000', '-68.00000000', 'Q1080210'),
(1030, 'Departamento de Valle Viejo', 3647, 'K', 'Catamarca', '11', 'AR', 'Argentina', '-28.5833300', '-65.75000000', 'Q288586'),
(1060, 'El Rodeo', 3647, 'K', 'Catamarca', '11', 'AR', 'Argentina', '-28.2151800', '-65.87420000', 'Q21842213'),
(1078, 'Fiambalá', 3647, 'K', 'Catamarca', '11', 'AR', 'Argentina', '-27.6722500', '-67.61870000', 'Q2613214'),
(1142, 'Hualfín', 3647, 'K', 'Catamarca', '11', 'AR', 'Argentina', '-27.2289600', '-66.83131000', 'Q1774287'),
(1145, 'Huillapima', 3647, 'K', 'Catamarca', '11', 'AR', 'Argentina', '-28.7253300', '-65.97870000', 'Q81653'),
(1149, 'Icaño', 3647, 'K', 'Catamarca', '11', 'AR', 'Argentina', '-28.9193400', '-65.32817000', 'Q3791626'),
(1197, 'La Puerta de San José', 3647, 'K', 'Catamarca', '11', 'AR', 'Argentina', '-27.5500000', '-67.01667000', 'Q1774215'),
(1239, 'Londres', 3647, 'K', 'Catamarca', '11', 'AR', 'Argentina', '-27.7143900', '-67.13349000', 'Q930973'),
(1243, 'Los Altos', 3647, 'K', 'Catamarca', '11', 'AR', 'Argentina', '-28.0484500', '-65.49945000', 'Q6681893'),
(1256, 'Los Varela', 3647, 'K', 'Catamarca', '11', 'AR', 'Argentina', '-27.9300300', '-65.87153000', 'Q1774269'),
(1294, 'Mutquín', 3647, 'K', 'Catamarca', '11', 'AR', 'Argentina', '-28.3210400', '-66.14253000', 'Q2387512'),
(1340, 'Pomán', 3647, 'K', 'Catamarca', '11', 'AR', 'Argentina', '-28.3945500', '-66.22052000', 'Q2437304'),
(1350, 'Puerta de Corral Quemado', 3647, 'K', 'Catamarca', '11', 'AR', 'Argentina', '-27.2300000', '-66.93635000', 'Q1774277'),
(1378, 'Recreo', 3647, 'K', 'Catamarca', '11', 'AR', 'Argentina', '-29.2818400', '-65.06096000', 'Q766923'),
(1408, 'San Antonio', 3647, 'K', 'Catamarca', '11', 'AR', 'Argentina', '-28.0100900', '-65.70874000', 'Q7413304'),
(1421, 'San Fernando del Valle de Catamarca', 3647, 'K', 'Catamarca', '11', 'AR', 'Argentina', '-28.4695700', '-65.78524000', 'Q44162'),
(1464, 'Santa María', 3647, 'K', 'Catamarca', '11', 'AR', 'Argentina', '-26.6954700', '-66.04732000', 'Q1012407'),
(1505, 'Tinogasta', 3647, 'K', 'Catamarca', '11', 'AR', 'Argentina', '-28.0631900', '-67.56488000', 'Q81563'),
(677, 'Aviá Terai', 3640, 'H', 'Chaco', '11', 'AR', 'Argentina', '-26.6853200', '-60.72920000', 'Q528399'),
(685, 'Barranqueras', 3640, 'H', 'Chaco', '11', 'AR', 'Argentina', '-27.4813200', '-58.93925000', 'Q2885504'),
(686, 'Basail', 3640, 'H', 'Chaco', '11', 'AR', 'Argentina', '-27.8853900', '-59.28245000', 'Q1578997'),
(719, 'Campo Largo', 3640, 'H', 'Chaco', '11', 'AR', 'Argentina', '-26.8007700', '-60.84215000', 'Q21843910'),
(730, 'Capitán Solari', 3640, 'H', 'Chaco', '11', 'AR', 'Argentina', '-26.8021500', '-59.56089000', 'Q1579019'),
(737, 'Castelli', 3640, 'H', 'Chaco', '11', 'AR', 'Argentina', '-25.9467900', '-60.61947000', 'Q568624'),
(753, 'Charadai', 3640, 'H', 'Chaco', '11', 'AR', 'Argentina', '-27.6550300', '-59.86291000', 'Q1578855'),
(754, 'Charata', 3640, 'H', 'Chaco', '11', 'AR', 'Argentina', '-27.2143800', '-61.18795000', 'Q1578300'),
(765, 'Chorotis', 3640, 'H', 'Chaco', '11', 'AR', 'Argentina', '-27.9157800', '-61.39982000', 'Q1579594'),
(767, 'Ciervo Petiso', 3640, 'H', 'Chaco', '11', 'AR', 'Argentina', '-26.5804100', '-59.63094000', 'Q5119715'),
(776, 'Colonia Benítez', 3640, 'H', 'Chaco', '11', 'AR', 'Argentina', '-27.3309900', '-58.94622000', 'Q1579162'),
(778, 'Colonia Elisa', 3640, 'H', 'Chaco', '11', 'AR', 'Argentina', '-26.9304100', '-59.51861000', 'Q1579265'),
(782, 'Colonias Unidas', 3640, 'H', 'Chaco', '11', 'AR', 'Argentina', '-26.6982500', '-59.63154000', 'Q1579067'),
(791, 'Concepción del Bermejo', 3640, 'H', 'Chaco', '11', 'AR', 'Argentina', '-26.5992600', '-60.94617000', 'Q785491'),
(799, 'Coronel Du Graty', 3640, 'H', 'Chaco', '11', 'AR', 'Argentina', '-27.6803800', '-60.91462000', 'Q1657891'),
(804, 'Corzuela', 3640, 'H', 'Chaco', '11', 'AR', 'Argentina', '-26.9537400', '-60.96928000', 'Q1135953'),
(807, 'Coté-Lai', 3640, 'H', 'Chaco', '11', 'AR', 'Argentina', '-27.5000000', '-59.60000000', 'Q21829400'),
(822, 'Departamento de Almirante Brown', 3640, 'H', 'Chaco', '11', 'AR', 'Argentina', '-25.8166200', '-61.45576000', 'Q1190331'),
(837, 'Departamento de Bermejo', 3640, 'H', 'Chaco', '11', 'AR', 'Argentina', '-27.0000000', '-58.66667000', 'Q792464'),
(865, 'Departamento de Comandante Fernández', 3640, 'H', 'Chaco', '11', 'AR', 'Argentina', '-26.8333300', '-60.50000000', 'Q868409'),
(875, 'Departamento de Doce de Octubre', 3640, 'H', 'Chaco', '11', 'AR', 'Argentina', '-27.4166700', '-61.33333000', 'Q899638'),
(876, 'Departamento de Dos de Abril', 3640, 'H', 'Chaco', '11', 'AR', 'Argentina', '-27.6093200', '-61.34473000', 'Q899638'),
(890, 'Departamento de General Donovan', 3640, 'H', 'Chaco', '11', 'AR', 'Argentina', '-27.1666700', '-59.33333000', 'Q922325'),
(892, 'Departamento de General Güemes', 3640, 'H', 'Chaco', '11', 'AR', 'Argentina', '-25.1666700', '-61.41667000', 'Q922325'),
(909, 'Departamento de Independencia', 3640, 'H', 'Chaco', '11', 'AR', 'Argentina', '-26.6666700', '-60.66667000', 'Q731983'),
(928, 'Departamento de Libertad', 3640, 'H', 'Chaco', '11', 'AR', 'Argentina', '-27.3333300', '-59.33333000', 'Q279489'),
(937, 'Departamento de Maipú', 3640, 'H', 'Chaco', '11', 'AR', 'Argentina', '-26.3333300', '-60.41667000', 'Q588032'),
(950, 'Departamento de Nueve de Julio', 3640, 'H', 'Chaco', '11', 'AR', 'Argentina', '-26.9533100', '-61.27627000', 'Q770031'),
(954, 'Departamento de O’Higgins', 3640, 'H', 'Chaco', '11', 'AR', 'Argentina', '-27.2500000', '-60.66667000', 'Q770031'),
(960, 'Departamento de Presidencia de la Plaza', 3640, 'H', 'Chaco', '11', 'AR', 'Argentina', '-27.0000000', '-59.75000000', 'Q1190958'),
(962, 'Departamento de Quitilipi', 3640, 'H', 'Chaco', '11', 'AR', 'Argentina', '-26.6666700', '-60.16667000', 'Q1063416'),
(986, 'Departamento de San Fernando', 3640, 'H', 'Chaco', '11', 'AR', 'Argentina', '-27.6666700', '-59.16667000', 'Q1063341'),
(994, 'Departamento de San Lorenzo', 3640, 'H', 'Chaco', '11', 'AR', 'Argentina', '-27.3333300', '-60.41667000', 'Q1191103'),
(1010, 'Departamento de Sargento Cabral', 3640, 'H', 'Chaco', '11', 'AR', 'Argentina', '-26.8333300', '-59.50000000', 'Q1063313'),
(1017, 'Departamento de Tapenagá', 3640, 'H', 'Chaco', '11', 'AR', 'Argentina', '-27.5000000', '-59.75000000', 'Q1063095'),
(1081, 'Fontana', 3640, 'H', 'Chaco', '11', 'AR', 'Argentina', '-27.4181300', '-59.02392000', 'Q923414'),
(1088, 'Gancedo', 3640, 'H', 'Chaco', '11', 'AR', 'Argentina', '-27.4903800', '-61.67571000', 'Q1578967'),
(1105, 'General José de San Martín', 3640, 'H', 'Chaco', '11', 'AR', 'Argentina', '-26.5374300', '-59.34158000', 'Q2220740'),
(1109, 'General Pinedo', 3640, 'H', 'Chaco', '11', 'AR', 'Argentina', '-27.3166700', '-61.28333000', 'Q611504'),
(1114, 'General Vedia', 3640, 'H', 'Chaco', '11', 'AR', 'Argentina', '-26.9338200', '-58.66040000', 'Q1656049'),
(1135, 'Hermoso Campo', 3640, 'H', 'Chaco', '11', 'AR', 'Argentina', '-27.6081600', '-61.34441000', 'Q751497'),
(1181, 'La Clotilde', 3640, 'H', 'Chaco', '11', 'AR', 'Argentina', '-27.1333300', '-60.66667000', 'Q1656083'),
(1186, 'La Eduvigis', 3640, 'H', 'Chaco', '11', 'AR', 'Argentina', '-26.8360700', '-59.06211000', 'Q1657326'),
(1187, 'La Escondida', 3640, 'H', 'Chaco', '11', 'AR', 'Argentina', '-27.1072400', '-59.44784000', 'Q1656012'),
(1191, 'La Leonesa', 3640, 'H', 'Chaco', '11', 'AR', 'Argentina', '-27.0378600', '-58.70347000', 'Q1657423'),
(1201, 'La Tigra', 3640, 'H', 'Chaco', '11', 'AR', 'Argentina', '-27.1099600', '-60.58719000', 'Q21838634'),
(1203, 'La Verde', 3640, 'H', 'Chaco', '11', 'AR', 'Argentina', '-27.1263400', '-59.37352000', 'Q1657869'),
(1208, 'Laguna Limpia', 3640, 'H', 'Chaco', '11', 'AR', 'Argentina', '-26.4956500', '-59.68083000', 'Q1656138'),
(1213, 'Lapachito', 3640, 'H', 'Chaco', '11', 'AR', 'Argentina', '-27.1599700', '-59.38605000', 'Q1657314'),
(1216, 'Las Breñas', 3640, 'H', 'Chaco', '11', 'AR', 'Argentina', '-27.0896600', '-61.08161000', 'Q1017552'),
(1218, 'Las Garcitas', 3640, 'H', 'Chaco', '11', 'AR', 'Argentina', '-26.6180200', '-59.80135000', 'Q1657855'),
(1249, 'Los Frentones', 3640, 'H', 'Chaco', '11', 'AR', 'Argentina', '-26.4077000', '-61.41367000', 'Q925007'),
(1260, 'Machagai', 3640, 'H', 'Chaco', '11', 'AR', 'Argentina', '-26.9261400', '-60.04955000', 'Q1579325'),
(1264, 'Makallé', 3640, 'H', 'Chaco', '11', 'AR', 'Argentina', '-27.2068700', '-59.28696000', 'Q602345'),
(1270, 'Margarita Belén', 3640, 'H', 'Chaco', '11', 'AR', 'Argentina', '-27.2616000', '-58.97219000', 'Q383019'),
(1296, 'Napenay', 3640, 'H', 'Chaco', '11', 'AR', 'Argentina', '-26.7333300', '-60.61667000', 'Q1579131'),
(1314, 'Pampa Almirón', 3640, 'H', 'Chaco', '11', 'AR', 'Argentina', '-26.7003900', '-59.12331000', 'Q1656116'),
(1316, 'Pampa del Indio', 3640, 'H', 'Chaco', '11', 'AR', 'Argentina', '-26.0498200', '-59.93728000', 'Q1656045'),
(1317, 'Pampa del Infierno', 3640, 'H', 'Chaco', '11', 'AR', 'Argentina', '-26.5051700', '-61.17436000', 'Q1578938'),
(1347, 'Presidencia de la Plaza', 3640, 'H', 'Chaco', '11', 'AR', 'Argentina', '-27.0014700', '-59.84243000', 'Q1656867'),
(1345, 'Presidencia Roca', 3640, 'H', 'Chaco', '11', 'AR', 'Argentina', '-26.1409000', '-59.59541000', 'Q1657374'),
(1346, 'Presidencia Roque Sáenz Peña', 3640, 'H', 'Chaco', '11', 'AR', 'Argentina', '-26.7852200', '-60.43876000', 'Q1656936'),
(1351, 'Puerto Bermejo', 3640, 'H', 'Chaco', '11', 'AR', 'Argentina', '-26.9273900', '-58.50917000', 'Q1656125'),
(1363, 'Puerto Tirol', 3640, 'H', 'Chaco', '11', 'AR', 'Argentina', '-27.3721800', '-59.08206000', 'Q1003738'),
(1364, 'Puerto Vilelas', 3640, 'H', 'Chaco', '11', 'AR', 'Argentina', '-27.5141400', '-58.93906000', 'Q1656101'),
(1370, 'Quitilipi', 3640, 'H', 'Chaco', '11', 'AR', 'Argentina', '-26.8691300', '-60.21683000', 'Q1656947'),
(1379, 'Resistencia', 3640, 'H', 'Chaco', '11', 'AR', 'Argentina', '-27.4605600', '-58.98389000', 'Q44206'),
(1405, 'Samuhú', 3640, 'H', 'Chaco', '11', 'AR', 'Argentina', '-27.5211600', '-60.39167000', 'Q7413040'),
(1414, 'San Bernardo', 3640, 'H', 'Chaco', '11', 'AR', 'Argentina', '-27.2878200', '-60.71252000', 'Q967629'),
(1471, 'Santa Sylvina', 3640, 'H', 'Chaco', '11', 'AR', 'Argentina', '-27.8326100', '-61.13747000', 'Q1015553'),
(1493, 'Taco Pozo', 3640, 'H', 'Chaco', '11', 'AR', 'Argentina', '-25.6155700', '-63.26708000', 'Q1579288'),
(1515, 'Tres Isletas', 3640, 'H', 'Chaco', '11', 'AR', 'Argentina', '-26.3406700', '-60.43207000', 'Q169222'),
(1586, 'Villa Ángela', 3640, 'H', 'Chaco', '11', 'AR', 'Argentina', '-27.5738300', '-60.71526000', 'Q1657303'),
(1542, 'Villa Berthet', 3640, 'H', 'Chaco', '11', 'AR', 'Argentina', '-27.2917400', '-60.41263000', 'Q1657333'),
(655, 'Alto Río Senguer', 3651, 'U', 'Chubut', '11', 'AR', 'Argentina', '-45.0410500', '-70.81982000', 'Q178740'),
(715, 'Camarones', 3651, 'U', 'Chubut', '11', 'AR', 'Argentina', '-44.7970900', '-65.70994000', 'Q972040'),
(787, 'Comodoro Rivadavia', 3651, 'U', 'Chubut', '11', 'AR', 'Argentina', '-45.8641300', '-67.49656000', 'Q221921'),
(839, 'Departamento de Biedma', 3651, 'U', 'Chubut', '11', 'AR', 'Argentina', '-42.4166700', '-65.00000000', 'Q573042'),
(873, 'Departamento de Cushamen', 3651, 'U', 'Chubut', '11', 'AR', 'Argentina', '-42.5000000', '-70.83333000', 'Q899638'),
(880, 'Departamento de Escalante', 3651, 'U', 'Chubut', '11', 'AR', 'Argentina', '-45.3333300', '-67.33333000', 'Q583893'),
(883, 'Departamento de Florentino Ameghino', 3651, 'U', 'Chubut', '11', 'AR', 'Argentina', '-44.4166700', '-66.16667000', 'Q991357'),
(885, 'Departamento de Futaleufú', 3651, 'U', 'Chubut', '11', 'AR', 'Argentina', '-43.0833300', '-71.41667000', 'Q775145'),
(886, 'Departamento de Gaimán', 3651, 'U', 'Chubut', '11', 'AR', 'Argentina', '-43.3333300', '-66.33333000', 'Q775145'),
(887, 'Departamento de Gastre', 3651, 'U', 'Chubut', '11', 'AR', 'Argentina', '-42.8333300', '-68.66667000', 'Q775145'),
(923, 'Departamento de Languiñeo', 3651, 'U', 'Chubut', '11', 'AR', 'Argentina', '-43.3333300', '-70.66667000', 'Q372333'),
(949, 'Departamento de Mártires', 3651, 'U', 'Chubut', '11', 'AR', 'Argentina', '-43.8333300', '-67.16667000', 'Q770031'),
(956, 'Departamento de Paso de Indios', 3651, 'U', 'Chubut', '11', 'AR', 'Argentina', '-44.0000000', '-68.83333000', 'Q770031'),
(963, 'Departamento de Rawson', 3651, 'U', 'Chubut', '11', 'AR', 'Argentina', '-43.1234200', '-65.10179000', 'Q1088518'),
(979, 'Departamento de Río Senguerr', 3651, 'U', 'Chubut', '11', 'AR', 'Argentina', '-45.3333300', '-70.83333000', 'Q1063078'),
(1012, 'Departamento de Sarmiento', 3651, 'U', 'Chubut', '11', 'AR', 'Argentina', '-45.3333300', '-69.00000000', 'Q1063313'),
(1018, 'Departamento de Tehuelches', 3651, 'U', 'Chubut', '11', 'AR', 'Argentina', '-44.2213200', '-70.25260000', 'Q980641'),
(1019, 'Departamento de Telsen', 3651, 'U', 'Chubut', '11', 'AR', 'Argentina', '-42.4166700', '-67.16667000', 'Q290328'),
(1042, 'Dolavón', 3651, 'U', 'Chubut', '11', 'AR', 'Argentina', '-43.3068400', '-65.70651000', 'Q106043'),
(1058, 'El Maitén', 3651, 'U', 'Chubut', '11', 'AR', 'Argentina', '-42.0492400', '-71.16693000', 'Q106050'),
(1070, 'Esquel', 3651, 'U', 'Chubut', '11', 'AR', 'Argentina', '-42.9114700', '-71.31947000', 'Q81656'),
(1087, 'Gaimán', 3651, 'U', 'Chubut', '11', 'AR', 'Argentina', '-43.2897000', '-65.49290000', 'Q106055'),
(1092, 'Gastre', 3651, 'U', 'Chubut', '11', 'AR', 'Argentina', '-42.2618600', '-69.22112000', 'Q1016275'),
(1115, 'Gobernador Costa', 3651, 'U', 'Chubut', '11', 'AR', 'Argentina', '-44.0499200', '-70.59798000', 'Q1773893'),
(1141, 'Hoyo de Epuyén', 3651, 'U', 'Chubut', '11', 'AR', 'Argentina', '-42.0718900', '-71.50811000', 'Q3720934'),
(1169, 'José de San Martín', 3651, 'U', 'Chubut', '11', 'AR', 'Argentina', '-44.0503200', '-70.46967000', 'Q1015513'),
(1206, 'Lago Puelo', 3651, 'U', 'Chubut', '11', 'AR', 'Argentina', '-42.0668400', '-71.60384000', 'Q3825767'),
(1229, 'Las Plumas', 3651, 'U', 'Chubut', '11', 'AR', 'Argentina', '-43.7205800', '-67.28319000', 'Q1530166'),
(1359, 'Puerto Madryn', 3651, 'U', 'Chubut', '11', 'AR', 'Argentina', '-42.7692000', '-65.03851000', 'Q748028'),
(1371, 'Rada Tilly', 3651, 'U', 'Chubut', '11', 'AR', 'Argentina', '-45.9246200', '-67.55424000', 'Q998325'),
(1374, 'Rawson', 3651, 'U', 'Chubut', '11', 'AR', 'Argentina', '-43.3001600', '-65.10228000', 'Q44208'),
(1393, 'Río Mayo', 3651, 'U', 'Chubut', '11', 'AR', 'Argentina', '-45.6857300', '-70.25797000', 'Q21833451'),
(1394, 'Río Pico', 3651, 'U', 'Chubut', '11', 'AR', 'Argentina', '-44.1790500', '-71.36847000', 'Q1774299'),
(1477, 'Sarmiento', 3651, 'U', 'Chubut', '11', 'AR', 'Argentina', '-45.5881500', '-69.06996000', 'Q106034'),
(1499, 'Tecka', 3651, 'U', 'Chubut', '11', 'AR', 'Argentina', '-43.4948900', '-70.81020000', 'Q2259996'),
(1512, 'Trelew', 3651, 'U', 'Chubut', '11', 'AR', 'Argentina', '-43.2489500', '-65.30505000', 'Q1009276'),
(1516, 'Trevelin', 3651, 'U', 'Chubut', '11', 'AR', 'Argentina', '-43.0858000', '-71.46386000', 'Q2368288'),
(639, 'Achiras', 3642, 'X', 'Córdoba', '11', 'AR', 'Argentina', '-33.1753800', '-64.99331000', 'Q8187413'),
(640, 'Adelia María', 3642, 'X', 'Córdoba', '11', 'AR', 'Argentina', '-33.6315200', '-64.02097000', 'Q5682817'),
(641, 'Agua de Oro', 3642, 'X', 'Córdoba', '11', 'AR', 'Argentina', '-31.0666100', '-64.30017000', 'Q2215108'),
(647, 'Alejandro Roca', 3642, 'X', 'Córdoba', '11', 'AR', 'Argentina', '-33.3536900', '-63.71849000', 'Q8194200'),
(648, 'Alejo Ledesma', 3642, 'X', 'Córdoba', '11', 'AR', 'Argentina', '-33.6064300', '-62.62304000', 'Q8194316'),
(651, 'Almafuerte', 3642, 'X', 'Córdoba', '11', 'AR', 'Argentina', '-32.1929600', '-64.25559000', 'Q1935889'),
(653, 'Alta Gracia', 3642, 'X', 'Córdoba', '11', 'AR', 'Argentina', '-31.6529200', '-64.42826000', 'Q48293'),
(656, 'Altos de Chipión', 3642, 'X', 'Córdoba', '11', 'AR', 'Argentina', '-30.9559000', '-62.33727000', 'Q3613347'),
(668, 'Arias', 3642, 'X', 'Córdoba', '11', 'AR', 'Argentina', '-33.6441100', '-62.40272000', 'Q2693020'),
(671, 'Arroyito', 3642, 'X', 'Córdoba', '11', 'AR', 'Argentina', '-31.4202200', '-63.05002000', 'Q671062'),
(672, 'Arroyo Cabral', 3642, 'X', 'Córdoba', '11', 'AR', 'Argentina', '-32.4911900', '-63.40126000', 'Q21845813'),
(681, 'Balnearia', 3642, 'X', 'Córdoba', '11', 'AR', 'Argentina', '-31.0088000', '-62.66733000', 'Q8240830'),
(688, 'Bell Ville', 3642, 'X', 'Córdoba', '11', 'AR', 'Argentina', '-32.6259100', '-62.68873000', 'Q284308'),
(695, 'Berrotarán', 3642, 'X', 'Córdoba', '11', 'AR', 'Argentina', '-32.4510000', '-64.38867000', 'Q8247020'),
(701, 'Brinkmann', 3642, 'X', 'Córdoba', '11', 'AR', 'Argentina', '-30.8658900', '-62.03742000', 'Q17297395'),
(702, 'Buchardo', 3642, 'X', 'Córdoba', '11', 'AR', 'Argentina', '-34.7226300', '-63.50920000', 'Q8253269'),
(716, 'Camilo Aldao', 3642, 'X', 'Córdoba', '11', 'AR', 'Argentina', '-33.1274500', '-62.09453000', 'Q2128078'),
(744, 'Cañada de Luque', 3642, 'X', 'Córdoba', '11', 'AR', 'Argentina', '-30.7334100', '-63.72375000', 'Q8343231'),
(723, 'Canals', 3642, 'X', 'Córdoba', '11', 'AR', 'Argentina', '-33.5654200', '-62.88927000', 'Q2594504'),
(727, 'Capilla del Monte', 3642, 'X', 'Córdoba', '11', 'AR', 'Argentina', '-30.8608800', '-64.52515000', 'Q1020576'),
(733, 'Carnerillo', 3642, 'X', 'Córdoba', '11', 'AR', 'Argentina', '-32.9137100', '-64.02175000', 'Q8338730'),
(734, 'Carrilobo', 3642, 'X', 'Córdoba', '11', 'AR', 'Argentina', '-31.8729600', '-63.11715000', 'Q8341370'),
(742, 'Cavanagh', 3642, 'X', 'Córdoba', '11', 'AR', 'Argentina', '-33.4760600', '-62.33888000', 'Q8342984'),
(755, 'Charras', 3642, 'X', 'Córdoba', '11', 'AR', 'Argentina', '-33.0240000', '-64.04719000', 'Q21844653'),
(757, 'Chazón', 3642, 'X', 'Córdoba', '11', 'AR', 'Argentina', '-33.0787200', '-63.27657000', 'Q8345116'),
(769, 'Cintra', 3642, 'X', 'Córdoba', '11', 'AR', 'Argentina', '-32.3067300', '-62.65214000', 'Q21842797'),
(780, 'Colonia La Tordilla', 3642, 'X', 'Córdoba', '11', 'AR', 'Argentina', '-31.2374600', '-63.06134000', 'Q21842946'),
(781, 'Colonia San Bartolomé', 3642, 'X', 'Córdoba', '11', 'AR', 'Argentina', '-31.5278000', '-62.72436000', 'Q5777842'),
(815, 'Córdoba', 3642, 'X', 'Córdoba', '11', 'AR', 'Argentina', '-31.4135000', '-64.18105000', 'Q44210'),
(797, 'Coronel Baigorria', 3642, 'X', 'Córdoba', '11', 'AR', 'Argentina', '-32.8477000', '-64.36107000', 'Q8351097'),
(800, 'Coronel Moldes', 3642, 'X', 'Córdoba', '11', 'AR', 'Argentina', '-33.6227000', '-64.59711000', 'Q21841360'),
(801, 'Corral de Bustos', 3642, 'X', 'Córdoba', '11', 'AR', 'Argentina', '-33.2820500', '-62.18463000', 'Q5172720'),
(802, 'Corralito', 3642, 'X', 'Córdoba', '11', 'AR', 'Argentina', '-32.0246200', '-64.19216000', 'Q21841392'),
(805, 'Cosquín', 3642, 'X', 'Córdoba', '11', 'AR', 'Argentina', '-31.2450800', '-64.46563000', 'Q48290'),
(806, 'Costa Sacate', 3642, 'X', 'Córdoba', '11', 'AR', 'Argentina', '-31.6477000', '-63.75935000', 'Q5574326'),
(809, 'Cruz Alta', 3642, 'X', 'Córdoba', '11', 'AR', 'Argentina', '-33.0088700', '-61.80746000', 'Q21841539'),
(811, 'Cruz del Eje', 3642, 'X', 'Córdoba', '11', 'AR', 'Argentina', '-30.7264400', '-64.80387000', 'Q1016873'),
(812, 'Cuesta Blanca', 3642, 'X', 'Córdoba', '11', 'AR', 'Argentina', '-31.4865800', '-64.57150000', 'Q637219'),
(816, 'Dalmacio Vélez Sársfield', 3642, 'X', 'Córdoba', '11', 'AR', 'Argentina', '-32.6107200', '-63.58038000', 'Q21841723'),
(1039, 'Deán Funes', 3642, 'X', 'Córdoba', '11', 'AR', 'Argentina', '-30.4203600', '-64.34984000', 'Q525817'),
(818, 'Del Campillo', 3642, 'X', 'Córdoba', '11', 'AR', 'Argentina', '-34.3765900', '-64.49504000', 'Q8354470'),
(842, 'Departamento de Calamuchita', 3642, 'X', 'Córdoba', '11', 'AR', 'Argentina', '-32.2500000', '-64.58333000', 'Q665082'),
(864, 'Departamento de Colón', 3642, 'X', 'Córdoba', '11', 'AR', 'Argentina', '-31.1666700', '-64.16667000', 'Q868409'),
(871, 'Departamento de Cruz del Eje', 3642, 'X', 'Córdoba', '11', 'AR', 'Argentina', '-30.7500000', '-65.00000000', 'Q635957'),
(896, 'Departamento de General Roca', 3642, 'X', 'Córdoba', '11', 'AR', 'Argentina', '-34.6666700', '-64.25000000', 'Q368679'),
(897, 'Departamento de General San Martín', 3642, 'X', 'Córdoba', '11', 'AR', 'Argentina', '-32.5000000', '-63.33333000', 'Q368679'),
(914, 'Departamento de Juárez Celman', 3642, 'X', 'Córdoba', '11', 'AR', 'Argentina', '-33.3333300', '-63.66667000', 'Q511702'),
(939, 'Departamento de Marcos Juárez', 3642, 'X', 'Córdoba', '11', 'AR', 'Argentina', '-33.0000000', '-62.25000000', 'Q784895'),
(943, 'Departamento de Minas', 3642, 'X', 'Córdoba', '11', 'AR', 'Argentina', '-31.0000000', '-65.33333000', 'Q591241'),
(961, 'Departamento de Presidente Roque Sáenz Peña', 3642, 'X', 'Córdoba', '11', 'AR', 'Argentina', '-34.2500000', '-63.50000000', 'Q1063416'),
(974, 'Departamento de Río Cuarto', 3642, 'X', 'Córdoba', '11', 'AR', 'Argentina', '-33.3333300', '-64.50000000', 'Q1063409'),
(976, 'Departamento de Río Primero', 3642, 'X', 'Córdoba', '11', 'AR', 'Argentina', '-31.0833300', '-63.50000000', 'Q1063403'),
(977, 'Departamento de Río Seco', 3642, 'X', 'Córdoba', '11', 'AR', 'Argentina', '-30.0833300', '-63.00000000', 'Q531018'),
(978, 'Departamento de Río Segundo', 3642, 'X', 'Córdoba', '11', 'AR', 'Argentina', '-31.7500000', '-63.50000000', 'Q1063078'),
(981, 'Departamento de San Alberto', 3642, 'X', 'Córdoba', '11', 'AR', 'Argentina', '-31.7500000', '-65.25000000', 'Q633783'),
(990, 'Departamento de San Javier', 3642, 'X', 'Córdoba', '11', 'AR', 'Argentina', '-32.0833300', '-65.16667000', 'Q777079'),
(991, 'Departamento de San Justo', 3642, 'X', 'Córdoba', '11', 'AR', 'Argentina', '-31.3333300', '-62.66667000', 'Q950820'),
(1016, 'Departamento de Sobremonte', 3642, 'X', 'Córdoba', '11', 'AR', 'Argentina', '-29.6666700', '-64.08333000', 'Q1063095'),
(1022, 'Departamento de Totoral', 3642, 'X', 'Córdoba', '11', 'AR', 'Argentina', '-30.8333300', '-63.91667000', 'Q1063056'),
(1024, 'Departamento de Tulumba', 3642, 'X', 'Córdoba', '11', 'AR', 'Argentina', '-30.2500000', '-63.91667000', 'Q972349'),
(1029, 'Departamento de Unión', 3642, 'X', 'Córdoba', '11', 'AR', 'Argentina', '-32.8333300', '-62.75000000', 'Q2317932'),
(1037, 'Despeñaderos', 3642, 'X', 'Córdoba', '11', 'AR', 'Argentina', '-31.8162600', '-64.28989000', 'Q5804390'),
(1038, 'Devoto', 3642, 'X', 'Córdoba', '11', 'AR', 'Argentina', '-31.4043100', '-62.30634000', 'Q21841792'),
(1049, 'El Arañado', 3642, 'X', 'Córdoba', '11', 'AR', 'Argentina', '-31.7412000', '-62.89322000', 'Q5820863'),
(1063, 'El Tío', 3642, 'X', 'Córdoba', '11', 'AR', 'Argentina', '-31.3835700', '-62.82938000', 'Q21842250'),
(1064, 'Elena', 3642, 'X', 'Córdoba', '11', 'AR', 'Argentina', '-32.5720500', '-64.39481000', 'Q21842056'),
(1066, 'Embalse', 3642, 'X', 'Córdoba', '11', 'AR', 'Argentina', '-32.1800000', '-64.41809000', 'Q1011693'),
(1073, 'Etruria', 3642, 'X', 'Córdoba', '11', 'AR', 'Argentina', '-32.9400800', '-63.24660000', 'Q1442288'),
(1096, 'General Baldissera', 3642, 'X', 'Córdoba', '11', 'AR', 'Argentina', '-33.1224600', '-62.30630000', 'Q932486'),
(1097, 'General Cabrera', 3642, 'X', 'Córdoba', '11', 'AR', 'Argentina', '-32.8131300', '-63.87243000', 'Q973090'),
(1106, 'General Levalle', 3642, 'X', 'Córdoba', '11', 'AR', 'Argentina', '-34.0147200', '-63.92413000', 'Q938803'),
(1111, 'General Roca', 3642, 'X', 'Córdoba', '11', 'AR', 'Argentina', '-32.7319600', '-61.91599000', 'Q21839890'),
(1129, 'Guatimozín', 3642, 'X', 'Córdoba', '11', 'AR', 'Argentina', '-33.4614900', '-62.43844000', 'Q21840259'),
(1136, 'Hernando', 3642, 'X', 'Córdoba', '11', 'AR', 'Argentina', '-32.4265700', '-63.73333000', 'Q2648980'),
(1143, 'Huanchillas', 3642, 'X', 'Córdoba', '11', 'AR', 'Argentina', '-33.6665300', '-63.63701000', 'Q21840489'),
(1144, 'Huerta Grande', 3642, 'X', 'Córdoba', '11', 'AR', 'Argentina', '-31.0752400', '-64.49063000', 'Q21840531'),
(1146, 'Huinca Renancó', 3642, 'X', 'Córdoba', '11', 'AR', 'Argentina', '-34.8403800', '-64.37580000', 'Q2638654'),
(1150, 'Idiazábal', 3642, 'X', 'Córdoba', '11', 'AR', 'Argentina', '-32.8141100', '-63.03252000', 'Q21840564'),
(1156, 'Inriville', 3642, 'X', 'Córdoba', '11', 'AR', 'Argentina', '-32.9442400', '-62.23028000', 'Q9008605'),
(1159, 'Isla Verde', 3642, 'X', 'Córdoba', '11', 'AR', 'Argentina', '-33.2410400', '-62.40297000', 'Q21840678'),
(1160, 'Italó', 3642, 'X', 'Córdoba', '11', 'AR', 'Argentina', '-34.7923700', '-63.78199000', 'Q21840687'),
(1165, 'James Craik', 3642, 'X', 'Córdoba', '11', 'AR', 'Argentina', '-32.1612000', '-63.46688000', 'Q2732721'),
(1167, 'Jesús María', 3642, 'X', 'Córdoba', '11', 'AR', 'Argentina', '-30.9815300', '-64.09424000', 'Q48288'),
(1173, 'Justiniano Posse', 3642, 'X', 'Córdoba', '11', 'AR', 'Argentina', '-32.8841100', '-62.67788000', 'Q524744'),
(1178, 'La Calera', 3642, 'X', 'Córdoba', '11', 'AR', 'Argentina', '-31.3437700', '-64.33529000', 'Q21840871'),
(1179, 'La Carlota', 3642, 'X', 'Córdoba', '11', 'AR', 'Argentina', '-33.4199300', '-63.29769000', 'Q2336157'),
(1180, 'La Cesira', 3642, 'X', 'Córdoba', '11', 'AR', 'Argentina', '-33.9511500', '-62.97238000', 'Q10315018'),
(1185, 'La Cumbre', 3642, 'X', 'Córdoba', '11', 'AR', 'Argentina', '-30.9820100', '-64.49139000', 'Q1798756'),
(1188, 'La Falda', 3642, 'X', 'Córdoba', '11', 'AR', 'Argentina', '-31.0884100', '-64.48987000', 'Q48294'),
(1189, 'La Francia', 3642, 'X', 'Córdoba', '11', 'AR', 'Argentina', '-31.4067500', '-62.63396000', 'Q9018548'),
(1190, 'La Granja', 3642, 'X', 'Córdoba', '11', 'AR', 'Argentina', '-31.0091900', '-64.26869000', 'Q21840995'),
(1194, 'La Para', 3642, 'X', 'Córdoba', '11', 'AR', 'Argentina', '-30.8941600', '-63.00107000', 'Q977211'),
(1196, 'La Playosa', 3642, 'X', 'Córdoba', '11', 'AR', 'Argentina', '-32.1000200', '-63.03088000', 'Q9018831'),
(1204, 'Laborde', 3642, 'X', 'Córdoba', '11', 'AR', 'Argentina', '-33.1531900', '-62.85661000', 'Q850581'),
(1205, 'Laboulaye', 3642, 'X', 'Córdoba', '11', 'AR', 'Argentina', '-34.1266200', '-63.39119000', 'Q2520086'),
(1207, 'Laguna Larga', 3642, 'X', 'Córdoba', '11', 'AR', 'Argentina', '-31.7765200', '-63.80104000', 'Q21838086'),
(1215, 'Las Acequias', 3642, 'X', 'Córdoba', '11', 'AR', 'Argentina', '-33.2815500', '-63.97610000', 'Q9020363'),
(1221, 'Las Higueras', 3642, 'X', 'Córdoba', '11', 'AR', 'Argentina', '-33.0923100', '-64.28899000', 'Q21838493'),
(1222, 'Las Junturas', 3642, 'X', 'Córdoba', '11', 'AR', 'Argentina', '-31.8312500', '-63.45016000', 'Q9020468'),
(1228, 'Las Perdices', 3642, 'X', 'Córdoba', '11', 'AR', 'Argentina', '-32.6979400', '-63.70634000', 'Q21838558'),
(1232, 'Las Varas', 3642, 'X', 'Córdoba', '11', 'AR', 'Argentina', '-31.8026000', '-62.61655000', 'Q21838615'),
(1233, 'Las Varillas', 3642, 'X', 'Córdoba', '11', 'AR', 'Argentina', '-31.8720800', '-62.71946000', 'Q10316445'),
(1234, 'Leones', 3642, 'X', 'Córdoba', '11', 'AR', 'Argentina', '-32.6617400', '-62.29678000', 'Q21838780'),
(1246, 'Los Cocos', 3642, 'X', 'Córdoba', '11', 'AR', 'Argentina', '-30.9249700', '-64.50207000', 'Q6682609'),
(1248, 'Los Cóndores', 3642, 'X', 'Córdoba', '11', 'AR', 'Argentina', '-32.3198300', '-64.27751000', 'Q21839069'),
(1254, 'Los Surgentes', 3642, 'X', 'Córdoba', '11', 'AR', 'Argentina', '-32.9845400', '-62.02191000', 'Q5487799'),
(1266, 'Malagueño', 3642, 'X', 'Córdoba', '11', 'AR', 'Argentina', '-31.4646700', '-64.35840000', 'Q1886644'),
(1267, 'Malvinas Argentinas', 3642, 'X', 'Córdoba', '11', 'AR', 'Argentina', '-31.3819400', '-64.05545000', 'Q503652'),
(1269, 'Marcos Juárez', 3642, 'X', 'Córdoba', '11', 'AR', 'Argentina', '-32.6978000', '-62.10672000', 'Q1016881'),
(1273, 'Marull', 3642, 'X', 'Córdoba', '11', 'AR', 'Argentina', '-30.9947100', '-62.82576000', 'Q2500565'),
(1274, 'Mattaldi', 3642, 'X', 'Córdoba', '11', 'AR', 'Argentina', '-34.4819400', '-64.17255000', 'Q21837152'),
(1277, 'Mendiolaza', 3642, 'X', 'Córdoba', '11', 'AR', 'Argentina', '-31.2673800', '-64.30087000', 'Q9031514'),
(1282, 'Mina Clavero', 3642, 'X', 'Córdoba', '11', 'AR', 'Argentina', '-31.7210100', '-65.00619000', 'Q48348'),
(1283, 'Miramar', 3642, 'X', 'Córdoba', '11', 'AR', 'Argentina', '-30.9185900', '-62.67814000', 'Q991707'),
(1286, 'Monte Buey', 3642, 'X', 'Córdoba', '11', 'AR', 'Argentina', '-32.9164200', '-62.45669000', 'Q2506369'),
(1288, 'Monte Cristo', 3642, 'X', 'Córdoba', '11', 'AR', 'Argentina', '-31.3431200', '-63.94437000', 'Q21837558'),
(1289, 'Monte Maíz', 3642, 'X', 'Córdoba', '11', 'AR', 'Argentina', '-33.2046200', '-62.60085000', 'Q9034750'),
(1292, 'Morrison', 3642, 'X', 'Córdoba', '11', 'AR', 'Argentina', '-32.5948000', '-62.83455000', 'Q21837657'),
(1293, 'Morteros', 3642, 'X', 'Córdoba', '11', 'AR', 'Argentina', '-30.7116400', '-61.99862000', 'Q953723'),
(1299, 'Noetinger', 3642, 'X', 'Córdoba', '11', 'AR', 'Argentina', '-32.3659700', '-62.31126000', 'Q525771'),
(1305, 'Obispo Trejo', 3642, 'X', 'Córdoba', '11', 'AR', 'Argentina', '-30.7812800', '-63.41349000', 'Q3482948'),
(1306, 'Oliva', 3642, 'X', 'Córdoba', '11', 'AR', 'Argentina', '-32.0415800', '-63.56978000', 'Q3111948'),
(1307, 'Oncativo', 3642, 'X', 'Córdoba', '11', 'AR', 'Argentina', '-31.9135300', '-63.68201000', 'Q2106471'),
(1308, 'Ordóñez', 3642, 'X', 'Córdoba', '11', 'AR', 'Argentina', '-32.8405700', '-62.86552000', 'Q10341376'),
(1321, 'Pascanas', 3642, 'X', 'Córdoba', '11', 'AR', 'Argentina', '-33.1255000', '-63.04084000', 'Q7141762'),
(1322, 'Pasco', 3642, 'X', 'Córdoba', '11', 'AR', 'Argentina', '-32.7473300', '-63.34232000', 'Q21835214'),
(1333, 'Pilar', 3642, 'X', 'Córdoba', '11', 'AR', 'Argentina', '-31.6789000', '-63.87964000', 'Q7193761'),
(1335, 'Piquillín', 3642, 'X', 'Córdoba', '11', 'AR', 'Argentina', '-31.3015800', '-63.75788000', 'Q6076671'),
(1341, 'Porteña', 3642, 'X', 'Córdoba', '11', 'AR', 'Argentina', '-31.0139100', '-62.06650000', 'Q2071003'),
(1343, 'Pozo del Molle', 3642, 'X', 'Córdoba', '11', 'AR', 'Argentina', '-32.0186000', '-62.91984000', 'Q3909741'),
(1368, 'Quilino', 3642, 'X', 'Córdoba', '11', 'AR', 'Argentina', '-30.2139700', '-64.50063000', 'Q21836395'),
(1388, 'Río Ceballos', 3642, 'X', 'Córdoba', '11', 'AR', 'Argentina', '-31.1648600', '-64.32241000', 'Q990605'),
(1390, 'Río Cuarto', 3642, 'X', 'Córdoba', '11', 'AR', 'Argentina', '-33.1306700', '-64.34992000', 'Q983451'),
(1395, 'Río Segundo', 3642, 'X', 'Córdoba', '11', 'AR', 'Argentina', '-31.6526000', '-63.90990000', 'Q1937588'),
(1396, 'Río Tercero', 3642, 'X', 'Córdoba', '11', 'AR', 'Argentina', '-32.1730100', '-64.11405000', 'Q994351'),
(1398, 'Sacanta', 3642, 'X', 'Córdoba', '11', 'AR', 'Argentina', '-31.6630000', '-63.04505000', 'Q9072519'),
(1400, 'Saldán', 3642, 'X', 'Córdoba', '11', 'AR', 'Argentina', '-31.3026200', '-64.30700000', 'Q2214082'),
(1401, 'Salsacate', 3642, 'X', 'Córdoba', '11', 'AR', 'Argentina', '-31.3184200', '-65.09003000', 'Q3111167'),
(1402, 'Salsipuedes', 3642, 'X', 'Córdoba', '11', 'AR', 'Argentina', '-31.1372500', '-64.29589000', 'Q21833759'),
(1404, 'Sampacho', 3642, 'X', 'Córdoba', '11', 'AR', 'Argentina', '-33.3839000', '-64.72211000', 'Q2982604'),
(1406, 'San Agustín', 3642, 'X', 'Córdoba', '11', 'AR', 'Argentina', '-31.9768100', '-64.37400000', 'Q1863952'),
(1410, 'San Antonio de Litín', 3642, 'X', 'Córdoba', '11', 'AR', 'Argentina', '-32.2137700', '-62.63237000', 'Q9073324'),
(1412, 'San Basilio', 3642, 'X', 'Córdoba', '11', 'AR', 'Argentina', '-33.4976300', '-64.31495000', 'Q21833822'),
(1415, 'San Carlos', 3642, 'X', 'Córdoba', '11', 'AR', 'Argentina', '-31.1776100', '-65.10245000', 'Q967364'),
(1422, 'San Francisco', 3642, 'X', 'Córdoba', '11', 'AR', 'Argentina', '-31.4279700', '-62.08266000', 'Q949535'),
(1424, 'San Francisco del Chañar', 3642, 'X', 'Córdoba', '11', 'AR', 'Argentina', '-29.7883000', '-63.94411000', 'Q3082023'),
(1432, 'San José de la Dormida', 3642, 'X', 'Córdoba', '11', 'AR', 'Argentina', '-30.3544000', '-63.94871000', 'Q6119038'),
(1457, 'Santa Eufemia', 3642, 'X', 'Córdoba', '11', 'AR', 'Argentina', '-33.1765900', '-63.28281000', 'Q10367830'),
(1462, 'Santa Magdalena', 3642, 'X', 'Córdoba', '11', 'AR', 'Argentina', '-34.5177600', '-63.94409000', 'Q1709980'),
(1467, 'Santa Rosa de Calamuchita', 3642, 'X', 'Córdoba', '11', 'AR', 'Argentina', '-32.0690500', '-64.53631000', 'Q15329'),
(1468, 'Santa Rosa de Río Primero', 3642, 'X', 'Córdoba', '11', 'AR', 'Argentina', '-31.1523100', '-63.40191000', 'Q2765854'),
(1472, 'Santiago Temple', 3642, 'X', 'Córdoba', '11', 'AR', 'Argentina', '-31.3873100', '-63.41821000', 'Q9074307'),
(1479, 'Saturnino M. Laspiur', 3642, 'X', 'Córdoba', '11', 'AR', 'Argentina', '-31.7028700', '-62.48202000', 'Q21834167'),
(1481, 'Sebastián Elcano', 3642, 'X', 'Córdoba', '11', 'AR', 'Argentina', '-30.1610500', '-63.59360000', 'Q21834217'),
(1484, 'Serrano', 3642, 'X', 'Córdoba', '11', 'AR', 'Argentina', '-34.4697100', '-63.53842000', 'Q974361'),
(1485, 'Serrezuela', 3642, 'X', 'Córdoba', '11', 'AR', 'Argentina', '-30.6376100', '-65.38692000', 'Q21834373'),
(1497, 'Tancacha', 3642, 'X', 'Córdoba', '11', 'AR', 'Argentina', '-32.2430900', '-63.98070000', 'Q21831429'),
(1502, 'Ticino', 3642, 'X', 'Córdoba', '11', 'AR', 'Argentina', '-32.6935000', '-63.43606000', 'Q21831530'),
(1517, 'Tío Pujio', 3642, 'X', 'Córdoba', '11', 'AR', 'Argentina', '-32.2879000', '-63.35598000', 'Q6154571'),
(1507, 'Toledo', 3642, 'X', 'Córdoba', '11', 'AR', 'Argentina', '-31.5557400', '-64.00947000', 'Q21831641');
INSERT INTO `tc_cities` (`id`, `name`, `state_id`, `state_code`, `state_name`, `country_id`, `country_code`, `country_name`, `latitude`, `longitude`, `wikiDataId`) VALUES
(1519, 'Ucacha', 3642, 'X', 'Córdoba', '11', 'AR', 'Argentina', '-33.0320300', '-63.50666000', 'Q2628025'),
(1521, 'Unquillo', 3642, 'X', 'Córdoba', '11', 'AR', 'Argentina', '-31.2307300', '-64.31615000', 'Q3120316'),
(1526, 'Valle Hermoso', 3642, 'X', 'Córdoba', '11', 'AR', 'Argentina', '-31.1173200', '-64.48084000', 'Q9092406'),
(1532, 'Viamonte', 3642, 'X', 'Córdoba', '11', 'AR', 'Argentina', '-33.7464700', '-63.09764000', 'Q21832337'),
(1535, 'Vicuña Mackenna', 3642, 'X', 'Córdoba', '11', 'AR', 'Argentina', '-33.9196500', '-64.39215000', 'Q918656'),
(1537, 'Villa Allende', 3642, 'X', 'Córdoba', '11', 'AR', 'Argentina', '-31.2945800', '-64.29538000', 'Q991758'),
(1538, 'Villa Ascasubi', 3642, 'X', 'Córdoba', '11', 'AR', 'Argentina', '-32.1635100', '-63.89157000', 'Q1973813'),
(1541, 'Villa Berna', 3642, 'X', 'Córdoba', '11', 'AR', 'Argentina', '-31.9141900', '-64.73249000', 'Q6162060'),
(1544, 'Villa Carlos Paz', 3642, 'X', 'Córdoba', '11', 'AR', 'Argentina', '-31.4241400', '-64.49778000', 'Q48285'),
(1546, 'Villa Concepción del Tío', 3642, 'X', 'Córdoba', '11', 'AR', 'Argentina', '-31.3225900', '-62.81354000', 'Q6162106'),
(1548, 'Villa Cura Brochero', 3642, 'X', 'Córdoba', '11', 'AR', 'Argentina', '-31.7057800', '-65.01796000', 'Q1818180'),
(1581, 'Villa de Soto', 3642, 'X', 'Córdoba', '11', 'AR', 'Argentina', '-30.8552300', '-64.99947000', 'Q9093952'),
(1582, 'Villa del Dique', 3642, 'X', 'Córdoba', '11', 'AR', 'Argentina', '-32.1766700', '-64.45543000', 'Q2170454'),
(1583, 'Villa del Rosario', 3642, 'X', 'Córdoba', '11', 'AR', 'Argentina', '-31.5566000', '-63.53452000', 'Q2314221'),
(1585, 'Villa del Totoral', 3642, 'X', 'Córdoba', '11', 'AR', 'Argentina', '-30.8166700', '-63.71667000', 'Q2636994'),
(1549, 'Villa Dolores', 3642, 'X', 'Córdoba', '11', 'AR', 'Argentina', '-31.9458500', '-65.18958000', 'Q374013'),
(1552, 'Villa General Belgrano', 3642, 'X', 'Córdoba', '11', 'AR', 'Argentina', '-31.9782800', '-64.55627000', 'Q1013424'),
(1556, 'Villa Giardino', 3642, 'X', 'Córdoba', '11', 'AR', 'Argentina', '-31.0333300', '-64.48333000', 'Q839912'),
(1558, 'Villa Huidobro', 3642, 'X', 'Córdoba', '11', 'AR', 'Argentina', '-34.8382600', '-64.58686000', 'Q2730365'),
(1560, 'Villa Las Rosas', 3642, 'X', 'Córdoba', '11', 'AR', 'Argentina', '-31.9502100', '-65.05354000', 'Q9093939'),
(1563, 'Villa María', 3642, 'X', 'Córdoba', '11', 'AR', 'Argentina', '-32.4075100', '-63.24016000', 'Q2525523'),
(1567, 'Villa Nueva', 3642, 'X', 'Córdoba', '11', 'AR', 'Argentina', '-32.4329300', '-63.24763000', 'Q6162298'),
(1573, 'Villa Reducción', 3642, 'X', 'Córdoba', '11', 'AR', 'Argentina', '-33.2010500', '-63.86234000', 'Q11071461'),
(1575, 'Villa Rumipal', 3642, 'X', 'Córdoba', '11', 'AR', 'Argentina', '-32.1879000', '-64.48027000', 'Q10391476'),
(1578, 'Villa Tulumba', 3642, 'X', 'Córdoba', '11', 'AR', 'Argentina', '-30.3955200', '-64.12241000', 'Q3111419'),
(1580, 'Villa Valeria', 3642, 'X', 'Córdoba', '11', 'AR', 'Argentina', '-34.3409300', '-64.92030000', 'Q9093936'),
(1591, 'Wenceslao Escalante', 3642, 'X', 'Córdoba', '11', 'AR', 'Argentina', '-33.1730300', '-62.77078000', 'Q10393380'),
(658, 'Alvear', 3638, 'W', 'Corrientes', '11', 'AR', 'Argentina', '-29.0968300', '-56.55043000', 'Q2658439'),
(696, 'Berón de Astrada', 3638, 'W', 'Corrientes', '11', 'AR', 'Argentina', '-27.5506700', '-57.53460000', 'Q55856'),
(698, 'Bonpland', 3638, 'W', 'Corrientes', '11', 'AR', 'Argentina', '-29.8170800', '-57.42974000', 'Q4942564'),
(756, 'Chavarría', 3638, 'W', 'Corrientes', '11', 'AR', 'Argentina', '-28.9548900', '-58.57277000', 'Q5088475'),
(789, 'Concepción', 3638, 'W', 'Corrientes', '11', 'AR', 'Argentina', '-28.3917500', '-57.88777000', 'Q1016869'),
(803, 'Corrientes', 3638, 'W', 'Corrientes', '11', 'AR', 'Argentina', '-27.4678400', '-58.83440000', 'Q44211'),
(810, 'Cruz de los Milagros', 3638, 'W', 'Corrientes', '11', 'AR', 'Argentina', '-28.8364600', '-59.00476000', 'Q21829416'),
(813, 'Curuzú Cuatiá', 3638, 'W', 'Corrientes', '11', 'AR', 'Argentina', '-29.7917100', '-58.05460000', 'Q2364886'),
(836, 'Departamento de Bella Vista', 3638, 'W', 'Corrientes', '11', 'AR', 'Argentina', '-28.5000000', '-58.83333000', 'Q792464'),
(838, 'Departamento de Berón de Astrada', 3638, 'W', 'Corrientes', '11', 'AR', 'Argentina', '-27.5000000', '-57.66667000', 'Q573042'),
(847, 'Departamento de Capital', 3638, 'W', 'Corrientes', '11', 'AR', 'Argentina', '-27.5000000', '-58.75000000', 'Q858107'),
(866, 'Departamento de Concepción', 3638, 'W', 'Corrientes', '11', 'AR', 'Argentina', '-28.3333300', '-58.00000000', 'Q868674'),
(872, 'Departamento de Curuzú Cuatiá', 3638, 'W', 'Corrientes', '11', 'AR', 'Argentina', '-29.5000000', '-58.50000000', 'Q899638'),
(879, 'Departamento de Empedrado', 3638, 'W', 'Corrientes', '11', 'AR', 'Argentina', '-27.8333300', '-58.66667000', 'Q583893'),
(881, 'Departamento de Esquina', 3638, 'W', 'Corrientes', '11', 'AR', 'Argentina', '-30.0000000', '-59.33333000', 'Q991357'),
(888, 'Departamento de General Alvear', 3638, 'W', 'Corrientes', '11', 'AR', 'Argentina', '-28.8333300', '-56.50000000', 'Q691062'),
(895, 'Departamento de General Paz', 3638, 'W', 'Corrientes', '11', 'AR', 'Argentina', '-27.7500000', '-57.83333000', 'Q368679'),
(899, 'Departamento de Goya', 3638, 'W', 'Corrientes', '11', 'AR', 'Argentina', '-29.5000000', '-59.50000000', 'Q372623'),
(912, 'Departamento de Itatí', 3638, 'W', 'Corrientes', '11', 'AR', 'Argentina', '-27.3333300', '-58.00000000', 'Q774170'),
(913, 'Departamento de Ituzaingó', 3638, 'W', 'Corrientes', '11', 'AR', 'Argentina', '-27.9008500', '-56.86604000', 'Q511702'),
(925, 'Departamento de Lavalle', 3638, 'W', 'Corrientes', '11', 'AR', 'Argentina', '-29.0000000', '-58.91667000', 'Q764565'),
(940, 'Departamento de Mburucuyá', 3638, 'W', 'Corrientes', '11', 'AR', 'Argentina', '-28.0000000', '-58.25000000', 'Q921040'),
(941, 'Departamento de Mercedes', 3638, 'W', 'Corrientes', '11', 'AR', 'Argentina', '-29.0000000', '-57.83333000', 'Q1088713'),
(945, 'Departamento de Monte Caseros', 3638, 'W', 'Corrientes', '11', 'AR', 'Argentina', '-30.2500000', '-57.83333000', 'Q584331'),
(957, 'Departamento de Paso de los Libres', 3638, 'W', 'Corrientes', '11', 'AR', 'Argentina', '-29.6666700', '-57.25000000', 'Q1953119'),
(980, 'Departamento de Saladas', 3638, 'W', 'Corrientes', '11', 'AR', 'Argentina', '-28.2500000', '-58.75000000', 'Q1088710'),
(984, 'Departamento de San Cosme', 3638, 'W', 'Corrientes', '11', 'AR', 'Argentina', '-27.3333300', '-58.50000000', 'Q374940'),
(995, 'Departamento de San Luis del Palmar', 3638, 'W', 'Corrientes', '11', 'AR', 'Argentina', '-27.5000000', '-58.25000000', 'Q1191103'),
(996, 'Departamento de San Martín', 3638, 'W', 'Corrientes', '11', 'AR', 'Argentina', '-28.8333300', '-56.91667000', 'Q1063365'),
(1001, 'Departamento de San Miguel', 3638, 'W', 'Corrientes', '11', 'AR', 'Argentina', '-27.9166700', '-57.50000000', 'Q1063338'),
(1004, 'Departamento de San Roque', 3638, 'W', 'Corrientes', '11', 'AR', 'Argentina', '-28.6666700', '-58.75000000', 'Q374562'),
(1009, 'Departamento de Santo Tomé', 3638, 'W', 'Corrientes', '11', 'AR', 'Argentina', '-28.2500000', '-56.25000000', 'Q967023'),
(1014, 'Departamento de Sauce', 3638, 'W', 'Corrientes', '11', 'AR', 'Argentina', '-30.0000000', '-58.66667000', 'Q630600'),
(1068, 'Empedrado', 3638, 'W', 'Corrientes', '11', 'AR', 'Argentina', '-27.9517800', '-58.80584000', 'Q2792846'),
(1071, 'Esquina', 3638, 'W', 'Corrientes', '11', 'AR', 'Argentina', '-30.0147600', '-59.52890000', 'Q55860'),
(1077, 'Felipe Yofré', 3638, 'W', 'Corrientes', '11', 'AR', 'Argentina', '-29.1022600', '-58.33772000', 'Q21828202'),
(1089, 'Garruchos', 3638, 'W', 'Corrientes', '11', 'AR', 'Argentina', '-28.1720800', '-55.65406000', 'Q5875555'),
(1118, 'Gobernador Juan E. Martínez', 3638, 'W', 'Corrientes', '11', 'AR', 'Argentina', '-28.9116100', '-58.93594000', 'Q5881697'),
(1121, 'Gobernador Virasora', 3638, 'W', 'Corrientes', '11', 'AR', 'Argentina', '-28.0500000', '-56.03333000', 'Q2100648'),
(1123, 'Goya', 3638, 'W', 'Corrientes', '11', 'AR', 'Argentina', '-29.1399500', '-59.26343000', 'Q55862'),
(1134, 'Herlitzka', 3638, 'W', 'Corrientes', '11', 'AR', 'Argentina', '-27.5651600', '-58.25557000', 'Q5894887'),
(1163, 'Itá Ibaté', 3638, 'W', 'Corrientes', '11', 'AR', 'Argentina', '-27.4257300', '-57.33758000', 'Q5923221'),
(1161, 'Itatí', 3638, 'W', 'Corrientes', '11', 'AR', 'Argentina', '-27.2704300', '-58.24458000', 'Q549659'),
(1162, 'Ituzaingó', 3638, 'W', 'Corrientes', '11', 'AR', 'Argentina', '-27.5816200', '-56.68231000', 'Q1470601'),
(1171, 'Juan Pujol', 3638, 'W', 'Corrientes', '11', 'AR', 'Argentina', '-30.4187300', '-57.85612000', 'Q2313682'),
(1184, 'La Cruz', 3638, 'W', 'Corrientes', '11', 'AR', 'Argentina', '-29.1744300', '-56.64326000', 'Q1016042'),
(1235, 'Libertad', 3638, 'W', 'Corrientes', '11', 'AR', 'Argentina', '-30.0430000', '-57.82020000', 'Q21826989'),
(1237, 'Lomas de Vallejos', 3638, 'W', 'Corrientes', '11', 'AR', 'Argentina', '-27.7350100', '-57.91850000', 'Q5638031'),
(1242, 'Loreto', 3638, 'W', 'Corrientes', '11', 'AR', 'Argentina', '-27.7683400', '-57.27531000', 'Q21827027'),
(1271, 'Mariano I. Loza', 3638, 'W', 'Corrientes', '11', 'AR', 'Argentina', '-29.3766700', '-58.19436000', 'Q5997783'),
(1275, 'Mburucuyá', 3638, 'W', 'Corrientes', '11', 'AR', 'Argentina', '-28.0453200', '-58.22835000', 'Q1015504'),
(1279, 'Mercedes', 3638, 'W', 'Corrientes', '11', 'AR', 'Argentina', '-29.1841600', '-58.07519000', 'Q1783539'),
(1284, 'Mocoretá', 3638, 'W', 'Corrientes', '11', 'AR', 'Argentina', '-30.6189100', '-57.96344000', 'Q55861'),
(1287, 'Monte Caseros', 3638, 'W', 'Corrientes', '11', 'AR', 'Argentina', '-30.2535900', '-57.63626000', 'Q765820'),
(1301, 'Nuestra Señora del Rosario de Caa Catí', 3638, 'W', 'Corrientes', '11', 'AR', 'Argentina', '-27.7507200', '-57.62073000', 'Q682849'),
(1303, 'Nueve de Julio', 3638, 'W', 'Corrientes', '11', 'AR', 'Argentina', '-28.8405100', '-58.82650000', 'Q7068654'),
(1311, 'Palmar Grande', 3638, 'W', 'Corrientes', '11', 'AR', 'Argentina', '-27.9419500', '-57.90057000', 'Q21827359'),
(1323, 'Paso de la Patria', 3638, 'W', 'Corrientes', '11', 'AR', 'Argentina', '-27.3167600', '-58.57197000', 'Q9056608'),
(1324, 'Paso de los Libres', 3638, 'W', 'Corrientes', '11', 'AR', 'Argentina', '-29.7125100', '-57.08771000', 'Q9056608'),
(1325, 'Pedro R. Fernández', 3638, 'W', 'Corrientes', '11', 'AR', 'Argentina', '-28.7509700', '-58.65583000', 'Q6069905'),
(1327, 'Perugorría', 3638, 'W', 'Corrientes', '11', 'AR', 'Argentina', '-29.3413200', '-58.61059000', 'Q6073076'),
(1349, 'Pueblo Libertador', 3638, 'W', 'Corrientes', '11', 'AR', 'Argentina', '-30.2208700', '-59.38981000', 'Q5394748'),
(1382, 'Riachuelo', 3638, 'W', 'Corrientes', '11', 'AR', 'Argentina', '-27.5819100', '-58.74497000', 'Q21827593'),
(1399, 'Saladas', 3638, 'W', 'Corrientes', '11', 'AR', 'Argentina', '-28.2538400', '-58.62591000', 'Q544023'),
(1416, 'San Carlos', 3638, 'W', 'Corrientes', '11', 'AR', 'Argentina', '-27.7458600', '-55.89731000', 'Q21827699'),
(1419, 'San Cosme', 3638, 'W', 'Corrientes', '11', 'AR', 'Argentina', '-27.3712300', '-58.51214000', 'Q21827707'),
(1437, 'San Lorenzo', 3638, 'W', 'Corrientes', '11', 'AR', 'Argentina', '-28.1330600', '-58.76733000', 'Q21827760'),
(1439, 'San Luis del Palmar', 3638, 'W', 'Corrientes', '11', 'AR', 'Argentina', '-27.5079000', '-58.55454000', 'Q1016055'),
(1443, 'San Miguel', 3638, 'W', 'Corrientes', '11', 'AR', 'Argentina', '-27.9958500', '-57.58964000', 'Q1016019'),
(1461, 'Santa Lucía', 3638, 'W', 'Corrientes', '11', 'AR', 'Argentina', '-28.9874600', '-59.10287000', 'Q3949073'),
(1466, 'Santa Rosa', 3638, 'W', 'Corrientes', '11', 'AR', 'Argentina', '-28.2631800', '-58.11891000', 'Q21827837'),
(1476, 'Santo Tomé', 3638, 'W', 'Corrientes', '11', 'AR', 'Argentina', '-28.5493900', '-56.04077000', 'Q2031463'),
(1594, 'Yapeyú', 3638, 'W', 'Corrientes', '11', 'AR', 'Argentina', '-29.4691400', '-56.81841000', 'Q55854'),
(1595, 'Yataity Calle', 3638, 'W', 'Corrientes', '11', 'AR', 'Argentina', '-29.0191300', '-58.90846000', 'Q21825635'),
(645, 'Aldea San Antonio', 3654, 'E', 'Entre Ríos', '11', 'AR', 'Argentina', '-32.6231700', '-58.70512000', 'Q4713475'),
(665, 'Aranguren', 3654, 'E', 'Entre Ríos', '11', 'AR', 'Argentina', '-32.2425200', '-60.16107000', 'Q4784111'),
(700, 'Bovril', 3654, 'E', 'Entre Ríos', '11', 'AR', 'Argentina', '-31.3431100', '-59.44512000', 'Q2626346'),
(735, 'Caseros', 3654, 'E', 'Entre Ríos', '11', 'AR', 'Argentina', '-32.4632500', '-58.47872000', 'Q5048424'),
(745, 'Ceibas', 3654, 'E', 'Entre Ríos', '11', 'AR', 'Argentina', '-33.4333300', '-58.75000000', 'Q5057355'),
(751, 'Chajarí', 3654, 'E', 'Entre Ríos', '11', 'AR', 'Argentina', '-30.7504800', '-57.97962000', 'Q2654603'),
(783, 'Colón', 3654, 'E', 'Entre Ríos', '11', 'AR', 'Argentina', '-32.2231200', '-58.14426000', 'Q52591'),
(779, 'Colonia Elía', 3654, 'E', 'Entre Ríos', '11', 'AR', 'Argentina', '-32.6714400', '-58.32538000', 'Q385453'),
(792, 'Concepción del Uruguay', 3654, 'E', 'Entre Ríos', '11', 'AR', 'Argentina', '-32.4846300', '-58.23217000', 'Q727464'),
(793, 'Concordia', 3654, 'E', 'Entre Ríos', '11', 'AR', 'Argentina', '-31.3929600', '-58.02089000', 'Q52578'),
(794, 'Conscripto Bernardi', 3654, 'E', 'Entre Ríos', '11', 'AR', 'Argentina', '-31.0483700', '-59.08435000', 'Q8349932'),
(808, 'Crespo', 3654, 'E', 'Entre Ríos', '11', 'AR', 'Argentina', '-32.0287300', '-60.30658000', 'Q2486561'),
(902, 'Departamento de Gualeguaychú', 3654, 'E', 'Entre Ríos', '11', 'AR', 'Argentina', '-33.2500000', '-59.00000000', 'Q1028486'),
(955, 'Departamento de Paraná', 3654, 'E', 'Entre Ríos', '11', 'AR', 'Argentina', '-31.6666700', '-60.00000000', 'Q770031'),
(1040, 'Diamante', 3654, 'E', 'Entre Ríos', '11', 'AR', 'Argentina', '-32.0664100', '-60.63837000', 'Q2381636'),
(1043, 'Domínguez', 3654, 'E', 'Entre Ríos', '11', 'AR', 'Argentina', '-31.9871000', '-58.96197000', 'Q922694'),
(1075, 'Federación', 3654, 'E', 'Entre Ríos', '11', 'AR', 'Argentina', '-31.0062100', '-57.89962000', 'Q52595'),
(1076, 'Federal', 3654, 'E', 'Entre Ríos', '11', 'AR', 'Argentina', '-30.9546500', '-58.78326000', 'Q2158248'),
(1098, 'General Campos', 3654, 'E', 'Entre Ríos', '11', 'AR', 'Argentina', '-31.5231100', '-58.40490000', 'Q1982713'),
(1104, 'General Galarza', 3654, 'E', 'Entre Ríos', '11', 'AR', 'Argentina', '-32.7203400', '-59.39615000', 'Q2220740'),
(1110, 'General Ramírez', 3654, 'E', 'Entre Ríos', '11', 'AR', 'Argentina', '-32.1760100', '-60.20079000', 'Q5532145'),
(1119, 'Gobernador Mansilla', 3654, 'E', 'Entre Ríos', '11', 'AR', 'Argentina', '-32.5445300', '-59.35480000', 'Q5575454'),
(1126, 'Gualeguay', 3654, 'E', 'Entre Ríos', '11', 'AR', 'Argentina', '-33.1415600', '-59.30966000', 'Q52602'),
(1127, 'Gualeguaychú', 3654, 'E', 'Entre Ríos', '11', 'AR', 'Argentina', '-33.0093700', '-58.51722000', 'Q52585'),
(1132, 'Hasenkamp', 3654, 'E', 'Entre Ríos', '11', 'AR', 'Argentina', '-31.5122600', '-59.83545000', 'Q375431'),
(1137, 'Hernández', 3654, 'E', 'Entre Ríos', '11', 'AR', 'Argentina', '-32.3373000', '-60.02160000', 'Q21840340'),
(1139, 'Herrera', 3654, 'E', 'Entre Ríos', '11', 'AR', 'Argentina', '-32.4340100', '-58.63177000', 'Q5743957'),
(1183, 'La Criolla', 3654, 'E', 'Entre Ríos', '11', 'AR', 'Argentina', '-31.2690400', '-58.10558000', 'Q21826802'),
(1195, 'La Paz', 3654, 'E', 'Entre Ríos', '11', 'AR', 'Argentina', '-30.7417900', '-59.64517000', 'Q2440276'),
(1214, 'Larroque', 3654, 'E', 'Entre Ríos', '11', 'AR', 'Argentina', '-33.0359500', '-59.00125000', 'Q5410731'),
(1245, 'Los Charrúas', 3654, 'E', 'Entre Ríos', '11', 'AR', 'Argentina', '-31.1754800', '-58.18774000', 'Q6682609'),
(1247, 'Los Conquistadores', 3654, 'E', 'Entre Ríos', '11', 'AR', 'Argentina', '-30.5908000', '-58.46773000', 'Q21827035'),
(1257, 'Lucas González', 3654, 'E', 'Entre Ríos', '11', 'AR', 'Argentina', '-32.3843000', '-59.53013000', 'Q5981875'),
(1261, 'Maciá', 3654, 'E', 'Entre Ríos', '11', 'AR', 'Argentina', '-32.1722000', '-59.39947000', 'Q6724173'),
(1300, 'Nogoyá', 3654, 'E', 'Entre Ríos', '11', 'AR', 'Argentina', '-32.3938700', '-59.78953000', 'Q3112762'),
(1309, 'Oro Verde', 3654, 'E', 'Entre Ríos', '11', 'AR', 'Argentina', '-31.8250800', '-60.51749000', 'Q2190329'),
(1319, 'Paraná', 3654, 'E', 'Entre Ríos', '11', 'AR', 'Argentina', '-31.7327100', '-60.52897000', 'Q44213'),
(1332, 'Piedras Blancas', 3654, 'E', 'Entre Ríos', '11', 'AR', 'Argentina', '-31.1859200', '-59.95181000', 'Q21827466'),
(1348, 'Pronunciamiento', 3654, 'E', 'Entre Ríos', '11', 'AR', 'Argentina', '-32.3448000', '-58.44268000', 'Q7249966'),
(1355, 'Puerto Ibicuy', 3654, 'E', 'Entre Ríos', '11', 'AR', 'Argentina', '-33.7530500', '-59.17762000', 'Q3314293'),
(1365, 'Puerto Yeruá', 3654, 'E', 'Entre Ríos', '11', 'AR', 'Argentina', '-31.5371300', '-58.01527000', 'Q9064581'),
(1385, 'Rosario del Tala', 3654, 'E', 'Entre Ríos', '11', 'AR', 'Argentina', '-32.3028600', '-59.14545000', 'Q2247641'),
(1413, 'San Benito', 3654, 'E', 'Entre Ríos', '11', 'AR', 'Argentina', '-31.7837100', '-60.44156000', 'Q5243488'),
(1426, 'San Gustavo', 3654, 'E', 'Entre Ríos', '11', 'AR', 'Argentina', '-30.6896100', '-59.39840000', 'Q9073465'),
(1430, 'San José de Feliciano', 3654, 'E', 'Entre Ríos', '11', 'AR', 'Argentina', '-30.3845200', '-58.75167000', 'Q2501258'),
(1435, 'San Justo', 3654, 'E', 'Entre Ríos', '11', 'AR', 'Argentina', '-32.4465400', '-58.43569000', 'Q21827757'),
(1450, 'San Salvador', 3654, 'E', 'Entre Ríos', '11', 'AR', 'Argentina', '-31.6248700', '-58.50524000', 'Q2065245'),
(1453, 'Santa Ana', 3654, 'E', 'Entre Ríos', '11', 'AR', 'Argentina', '-30.9000400', '-57.93162000', 'Q7419149'),
(1454, 'Santa Anita', 3654, 'E', 'Entre Ríos', '11', 'AR', 'Argentina', '-32.1747600', '-58.78622000', 'Q21827820'),
(1456, 'Santa Elena', 3654, 'E', 'Entre Ríos', '11', 'AR', 'Argentina', '-30.9443200', '-59.78832000', 'Q2475908'),
(1480, 'Sauce de Luna', 3654, 'E', 'Entre Ríos', '11', 'AR', 'Argentina', '-31.2379400', '-59.21872000', 'Q7427010'),
(1482, 'Seguí', 3654, 'E', 'Entre Ríos', '11', 'AR', 'Argentina', '-31.9564200', '-60.12488000', 'Q9075712'),
(1492, 'Tabossi', 3654, 'E', 'Entre Ríos', '11', 'AR', 'Argentina', '-31.8013500', '-59.93477000', 'Q5476809'),
(1518, 'Ubajay', 3654, 'E', 'Entre Ríos', '11', 'AR', 'Argentina', '-31.7935800', '-58.31350000', 'Q7876389'),
(1522, 'Urdinarrain', 3654, 'E', 'Entre Ríos', '11', 'AR', 'Argentina', '-32.6857300', '-58.89323000', 'Q2032321'),
(1531, 'Viale', 3654, 'E', 'Entre Ríos', '11', 'AR', 'Argentina', '-31.8678200', '-60.00722000', 'Q7924485'),
(1533, 'Victoria', 3654, 'E', 'Entre Ríos', '11', 'AR', 'Argentina', '-32.6184100', '-60.15478000', 'Q1905080'),
(1584, 'Villa del Rosario', 3654, 'E', 'Entre Ríos', '11', 'AR', 'Argentina', '-30.7956700', '-57.91257000', 'Q7930566'),
(1550, 'Villa Elisa', 3654, 'E', 'Entre Ríos', '11', 'AR', 'Argentina', '-32.1632000', '-58.40082000', 'Q52581'),
(1557, 'Villa Hernandarias', 3654, 'E', 'Entre Ríos', '11', 'AR', 'Argentina', '-31.2309700', '-59.98464000', 'Q7930352'),
(1562, 'Villa Mantero', 3654, 'E', 'Entre Ríos', '11', 'AR', 'Argentina', '-32.3972700', '-58.74596000', 'Q7930410'),
(1564, 'Villa María Grande', 3654, 'E', 'Entre Ríos', '11', 'AR', 'Argentina', '-31.6656500', '-59.90182000', 'Q2378999'),
(1571, 'Villa Paranacito', 3654, 'E', 'Entre Ríos', '11', 'AR', 'Argentina', '-33.7138100', '-58.65844000', 'Q662831'),
(1579, 'Villa Urquiza', 3654, 'E', 'Entre Ríos', '11', 'AR', 'Argentina', '-31.6475700', '-60.37516000', 'Q7930524'),
(1587, 'Villaguay', 3654, 'E', 'Entre Ríos', '11', 'AR', 'Argentina', '-31.8653000', '-59.02689000', 'Q2297707'),
(772, 'Clorinda', 3652, 'P', 'Formosa', '11', 'AR', 'Argentina', '-25.2848100', '-57.71851000', 'Q106063'),
(785, 'Comandante Fontana', 3652, 'P', 'Formosa', '11', 'AR', 'Argentina', '-25.3345300', '-59.68212000', 'Q106069'),
(958, 'Departamento de Pilcomayo', 3652, 'P', 'Formosa', '11', 'AR', 'Argentina', '-25.5000000', '-58.08333000', 'Q1190958'),
(1053, 'El Colorado', 3652, 'P', 'Formosa', '11', 'AR', 'Argentina', '-26.3080800', '-59.37291000', 'Q994889'),
(1072, 'Estanislao del Campo', 3652, 'P', 'Formosa', '11', 'AR', 'Argentina', '-25.0550400', '-60.09218000', 'Q8843108'),
(1082, 'Formosa', 3652, 'P', 'Formosa', '11', 'AR', 'Argentina', '-26.1848900', '-58.17313000', 'Q44214'),
(1102, 'General Enrique Mosconi', 3652, 'P', 'Formosa', '11', 'AR', 'Argentina', '-23.2166700', '-62.30000000', 'Q2132246'),
(1138, 'Herradura', 3652, 'P', 'Formosa', '11', 'AR', 'Argentina', '-26.4870500', '-58.31198000', 'Q3197888'),
(1148, 'Ibarreta', 3652, 'P', 'Formosa', '11', 'AR', 'Argentina', '-25.2143800', '-59.85851000', 'Q5983760'),
(1151, 'Ingeniero Guillermo N. Juárez', 3652, 'P', 'Formosa', '11', 'AR', 'Argentina', '-23.9000000', '-61.85000000', 'Q106075'),
(1209, 'Laguna Naick-Neck', 3652, 'P', 'Formosa', '11', 'AR', 'Argentina', '-25.2476900', '-58.09383000', 'Q21826826'),
(1211, 'Laguna Yema', 3652, 'P', 'Formosa', '11', 'AR', 'Argentina', '-24.2539100', '-61.24466000', 'Q1016035'),
(1225, 'Las Lomitas', 3652, 'P', 'Formosa', '11', 'AR', 'Argentina', '-24.7095500', '-60.59303000', 'Q6492291'),
(1312, 'Palo Santo', 3652, 'P', 'Formosa', '11', 'AR', 'Argentina', '-25.5633200', '-59.33781000', 'Q9054861'),
(1336, 'Pirané', 3652, 'P', 'Formosa', '11', 'AR', 'Argentina', '-25.7323900', '-59.10879000', 'Q2031369'),
(1344, 'Pozo del Tigre', 3652, 'P', 'Formosa', '11', 'AR', 'Argentina', '-24.8968200', '-60.32359000', 'Q937642'),
(1381, 'Riacho Eh-Eh', 3652, 'P', 'Formosa', '11', 'AR', 'Argentina', '-25.3620900', '-58.27750000', 'Q21827591'),
(1423, 'San Francisco de Laishí', 3652, 'P', 'Formosa', '11', 'AR', 'Argentina', '-26.2426200', '-58.63039000', 'Q994886'),
(1551, 'Villa Escolar', 3652, 'P', 'Formosa', '11', 'AR', 'Argentina', '-26.6220900', '-58.67134000', 'Q5854222'),
(1553, 'Villa General Guemes', 3652, 'P', 'Formosa', '11', 'AR', 'Argentina', '-24.7553000', '-59.48940000', 'Q1013424'),
(638, 'Abra Pampa', 3645, 'Y', 'Jujuy', '11', 'AR', 'Argentina', '-22.7204900', '-65.69697000', 'Q55386'),
(709, 'Caimancito', 3645, 'Y', 'Jujuy', '11', 'AR', 'Argentina', '-23.7406900', '-64.59370000', 'Q1749213'),
(713, 'Calilegua', 3645, 'Y', 'Jujuy', '11', 'AR', 'Argentina', '-23.7736800', '-64.77002000', 'Q1749231'),
(862, 'Departamento de Cochinoca', 3645, 'Y', 'Jujuy', '11', 'AR', 'Argentina', '-23.0000000', '-65.83333000', 'Q609628'),
(965, 'Departamento de Rinconada', 3645, 'Y', 'Jujuy', '11', 'AR', 'Argentina', '-22.5000000', '-66.50000000', 'Q1063533'),
(1025, 'Departamento de Tumbaya', 3645, 'Y', 'Jujuy', '11', 'AR', 'Argentina', '-23.7166700', '-65.66667000', 'Q1063348'),
(1047, 'El Aguilar', 3645, 'Y', 'Jujuy', '11', 'AR', 'Argentina', '-23.2157200', '-65.68005000', 'Q3720844'),
(1083, 'Fraile Pintado', 3645, 'Y', 'Jujuy', '11', 'AR', 'Argentina', '-23.9407900', '-64.79943000', 'Q1923525'),
(1147, 'Humahuaca', 3645, 'Y', 'Jujuy', '11', 'AR', 'Argentina', '-23.2054400', '-65.35048000', 'Q1026833'),
(1155, 'Ingenio La Esperanza', 3645, 'Y', 'Jujuy', '11', 'AR', 'Argentina', '-24.2255400', '-64.83896000', 'Q21840643'),
(1193, 'La Mendieta', 3645, 'Y', 'Jujuy', '11', 'AR', 'Argentina', '-24.3118700', '-64.96377000', 'Q3820983'),
(1199, 'La Quiaca', 3645, 'Y', 'Jujuy', '11', 'AR', 'Argentina', '-22.1023600', '-65.59299000', 'Q693381'),
(1236, 'Libertador General San Martín', 3645, 'Y', 'Jujuy', '11', 'AR', 'Argentina', '-23.8064400', '-64.78757000', 'Q600706'),
(1262, 'Maimará', 3645, 'Y', 'Jujuy', '11', 'AR', 'Argentina', '-23.6239200', '-65.40797000', 'Q3843526'),
(1310, 'Palma Sola', 3645, 'Y', 'Jujuy', '11', 'AR', 'Argentina', '-23.9777100', '-64.30311000', 'Q1749064'),
(1313, 'Palpalá', 3645, 'Y', 'Jujuy', '11', 'AR', 'Argentina', '-24.2564700', '-65.21163000', 'Q9054861'),
(1447, 'San Pedro de Jujuy', 3645, 'Y', 'Jujuy', '11', 'AR', 'Argentina', '-24.2312700', '-64.86614000', 'Q1020263'),
(1451, 'San Salvador de Jujuy', 3645, 'Y', 'Jujuy', '11', 'AR', 'Argentina', '-24.1945700', '-65.29712000', 'Q44217'),
(1455, 'Santa Clara', 3645, 'Y', 'Jujuy', '11', 'AR', 'Argentina', '-24.3092100', '-64.66253000', 'Q2001906'),
(1503, 'Tilcara', 3645, 'Y', 'Jujuy', '11', 'AR', 'Argentina', '-23.5781700', '-65.39516000', 'Q604722'),
(1597, 'Yuto', 3645, 'Y', 'Jujuy', '11', 'AR', 'Argentina', '-23.6434200', '-64.47194000', 'Q1115054'),
(652, 'Alpachiri', 3655, 'L', 'La Pampa', '11', 'AR', 'Argentina', '-37.3770400', '-63.77445000', 'Q4734750'),
(654, 'Alta Italia', 3655, 'L', 'La Pampa', '11', 'AR', 'Argentina', '-35.3335000', '-64.11496000', 'Q4735983'),
(662, 'Anguil', 3655, 'L', 'La Pampa', '11', 'AR', 'Argentina', '-36.5256700', '-64.01025000', 'Q937524'),
(666, 'Arata', 3655, 'L', 'La Pampa', '11', 'AR', 'Argentina', '-35.6389500', '-64.35621000', 'Q933365'),
(692, 'Bernardo Larroudé', 3655, 'L', 'La Pampa', '11', 'AR', 'Argentina', '-35.0244900', '-63.58253000', 'Q584726'),
(694, 'Bernasconi', 3655, 'L', 'La Pampa', '11', 'AR', 'Argentina', '-37.9045900', '-63.74240000', 'Q530248'),
(712, 'Caleufú', 3655, 'L', 'La Pampa', '11', 'AR', 'Argentina', '-35.5955900', '-64.55778000', 'Q590236'),
(740, 'Catriló', 3655, 'L', 'La Pampa', '11', 'AR', 'Argentina', '-36.4059700', '-63.42168000', 'Q600897'),
(775, 'Colonia Barón', 3655, 'L', 'La Pampa', '11', 'AR', 'Argentina', '-36.1515200', '-63.85404000', 'Q5148214'),
(843, 'Departamento de Caleu-Caleu', 3655, 'L', 'La Pampa', '11', 'AR', 'Argentina', '-38.5833300', '-64.00000000', 'Q1190307'),
(1021, 'Departamento de Toay', 3655, 'L', 'La Pampa', '11', 'AR', 'Argentina', '-36.5833300', '-64.80000000', 'Q2145575'),
(1041, 'Doblas', 3655, 'L', 'La Pampa', '11', 'AR', 'Argentina', '-37.1496700', '-64.01183000', 'Q8561381'),
(1046, 'Eduardo Castex', 3655, 'L', 'La Pampa', '11', 'AR', 'Argentina', '-35.9150100', '-64.29448000', 'Q1919552'),
(1065, 'Embajador Martini', 3655, 'L', 'La Pampa', '11', 'AR', 'Argentina', '-35.3863300', '-64.28092000', 'Q5369413'),
(1094, 'General Acha', 3655, 'L', 'La Pampa', '11', 'AR', 'Argentina', '-37.3769800', '-64.60431000', 'Q58350'),
(1107, 'General Manuel J. Campos', 3655, 'L', 'La Pampa', '11', 'AR', 'Argentina', '-37.4602500', '-63.58537000', 'Q5532024'),
(1108, 'General Pico', 3655, 'L', 'La Pampa', '11', 'AR', 'Argentina', '-35.6566200', '-63.75682000', 'Q58349'),
(1113, 'General San Martín', 3655, 'L', 'La Pampa', '11', 'AR', 'Argentina', '-37.9790400', '-63.60449000', 'Q21839895'),
(1130, 'Guatraché', 3655, 'L', 'La Pampa', '11', 'AR', 'Argentina', '-37.6677600', '-63.53021000', 'Q58351'),
(1153, 'Ingeniero Luiggi', 3655, 'L', 'La Pampa', '11', 'AR', 'Argentina', '-35.3858500', '-64.46519000', 'Q3038413'),
(1157, 'Intendente Alvear', 3655, 'L', 'La Pampa', '11', 'AR', 'Argentina', '-35.2338300', '-63.59205000', 'Q58371'),
(1164, 'Jacinto Arauz', 3655, 'L', 'La Pampa', '11', 'AR', 'Argentina', '-38.0860600', '-63.43169000', 'Q3157094'),
(1175, 'La Adela', 3655, 'L', 'La Pampa', '11', 'AR', 'Argentina', '-38.9833300', '-64.08333000', 'Q3190556'),
(1192, 'La Maruja', 3655, 'L', 'La Pampa', '11', 'AR', 'Argentina', '-35.6736000', '-64.93997000', 'Q6463765'),
(1240, 'Lonquimay', 3655, 'L', 'La Pampa', '11', 'AR', 'Argentina', '-36.4654600', '-63.62429000', 'Q6674813'),
(1259, 'Macachín', 3655, 'L', 'La Pampa', '11', 'AR', 'Argentina', '-37.1359800', '-63.66650000', 'Q2911913'),
(1281, 'Miguel Riglos', 3655, 'L', 'La Pampa', '11', 'AR', 'Argentina', '-36.8539800', '-63.68842000', 'Q9297738'),
(1320, 'Parera', 3655, 'L', 'La Pampa', '11', 'AR', 'Argentina', '-35.1460000', '-64.50089000', 'Q2728178'),
(1367, 'Quemú Quemú', 3655, 'L', 'La Pampa', '11', 'AR', 'Argentina', '-36.0546300', '-63.56428000', 'Q2947915'),
(1373, 'Rancul', 3655, 'L', 'La Pampa', '11', 'AR', 'Argentina', '-35.0686200', '-64.68107000', 'Q954161'),
(1375, 'Realicó', 3655, 'L', 'La Pampa', '11', 'AR', 'Argentina', '-35.0365800', '-64.24470000', 'Q3036199'),
(1459, 'Santa Isabel', 3655, 'L', 'La Pampa', '11', 'AR', 'Argentina', '-36.2272400', '-66.94240000', 'Q3034804'),
(1465, 'Santa Rosa', 3655, 'L', 'La Pampa', '11', 'AR', 'Argentina', '-36.6166700', '-64.28333000', 'Q44215'),
(1500, 'Telén', 3655, 'L', 'La Pampa', '11', 'AR', 'Argentina', '-36.2642900', '-65.51018000', 'Q7697943'),
(1513, 'Trenel', 3655, 'L', 'La Pampa', '11', 'AR', 'Argentina', '-35.6983700', '-64.13218000', 'Q3037564'),
(1523, 'Uriburu', 3655, 'L', 'La Pampa', '11', 'AR', 'Argentina', '-36.5068200', '-63.86225000', 'Q7900572'),
(1527, 'Veinticinco de Mayo', 3655, 'L', 'La Pampa', '11', 'AR', 'Argentina', '-37.7741000', '-67.71638000', 'Q2449535'),
(1534, 'Victorica', 3655, 'L', 'La Pampa', '11', 'AR', 'Argentina', '-36.2150500', '-65.43586000', 'Q2272570'),
(1592, 'Winifreda', 3655, 'L', 'La Pampa', '11', 'AR', 'Argentina', '-36.2264300', '-64.23388000', 'Q3036270'),
(667, 'Arauco', 3653, 'F', 'La Rioja', '11', 'AR', 'Argentina', '-28.5807100', '-66.79250000', 'Q4784463'),
(738, 'Castro Barros', 3653, 'F', 'La Rioja', '11', 'AR', 'Argentina', '-30.5795200', '-65.72696000', 'Q5050786'),
(752, 'Chamical', 3653, 'F', 'La Rioja', '11', 'AR', 'Argentina', '-30.3600200', '-66.31399000', 'Q2779417'),
(761, 'Chilecito', 3653, 'F', 'La Rioja', '11', 'AR', 'Argentina', '-29.1619500', '-67.49740000', 'Q1072833'),
(831, 'Departamento de Arauco', 3653, 'F', 'La Rioja', '11', 'AR', 'Argentina', '-28.5000000', '-66.83333000', 'Q782464'),
(893, 'Departamento de General Lamadrid', 3653, 'F', 'La Rioja', '11', 'AR', 'Argentina', '-28.8333300', '-68.66667000', 'Q922325'),
(910, 'Departamento de Independencia', 3653, 'F', 'La Rioja', '11', 'AR', 'Argentina', '-30.1666700', '-67.41667000', 'Q731983'),
(1200, 'La Rioja', 3653, 'F', 'La Rioja', '11', 'AR', 'Argentina', '-29.4110500', '-66.85067000', 'Q44236'),
(1543, 'Villa Bustos', 3653, 'F', 'La Rioja', '11', 'AR', 'Argentina', '-29.2863600', '-67.02067000', 'Q58388'),
(1588, 'Vinchina', 3653, 'F', 'La Rioja', '11', 'AR', 'Argentina', '-28.7596400', '-68.20692000', 'Q2297707'),
(850, 'Departamento de Capital', 3646, 'M', 'Mendoza', '11', 'AR', 'Argentina', '-32.8846900', '-68.85826000', 'Q1190324'),
(889, 'Departamento de General Alvear', 3646, 'M', 'Mendoza', '11', 'AR', 'Argentina', '-35.1666700', '-67.33333000', 'Q691062'),
(898, 'Departamento de Godoy Cruz', 3646, 'M', 'Mendoza', '11', 'AR', 'Argentina', '-32.9333300', '-68.86667000', 'Q1190576'),
(905, 'Departamento de Guaymallén', 3646, 'M', 'Mendoza', '11', 'AR', 'Argentina', '-32.8833300', '-68.70000000', 'Q512660'),
(919, 'Departamento de La Paz', 3646, 'M', 'Mendoza', '11', 'AR', 'Argentina', '-33.6666700', '-67.25000000', 'Q584369'),
(924, 'Departamento de Las Heras', 3646, 'M', 'Mendoza', '11', 'AR', 'Argentina', '-32.5000000', '-69.50000000', 'Q1190729'),
(926, 'Departamento de Lavalle', 3646, 'M', 'Mendoza', '11', 'AR', 'Argentina', '-32.5000000', '-68.00000000', 'Q426743'),
(932, 'Departamento de Luján', 3646, 'M', 'Mendoza', '11', 'AR', 'Argentina', '-33.0000000', '-69.33333000', 'Q972194'),
(936, 'Departamento de Maipú', 3646, 'M', 'Mendoza', '11', 'AR', 'Argentina', '-33.0000000', '-68.58333000', 'Q588032'),
(938, 'Departamento de Malargüe', 3646, 'M', 'Mendoza', '11', 'AR', 'Argentina', '-36.2500000', '-69.25000000', 'Q588032'),
(967, 'Departamento de Rivadavia', 3646, 'M', 'Mendoza', '11', 'AR', 'Argentina', '-33.1800000', '-68.46600000', 'Q613945'),
(983, 'Departamento de San Carlos', 3646, 'M', 'Mendoza', '11', 'AR', 'Argentina', '-34.0000000', '-69.00000000', 'Q1191066'),
(999, 'Departamento de San Martín', 3646, 'M', 'Mendoza', '11', 'AR', 'Argentina', '-32.8373000', '-68.24922000', 'Q376089'),
(1003, 'Departamento de San Rafael', 3646, 'M', 'Mendoza', '11', 'AR', 'Argentina', '-35.0000000', '-68.83333000', 'Q2004531'),
(1008, 'Departamento de Santa Rosa', 3646, 'M', 'Mendoza', '11', 'AR', 'Argentina', '-33.5000000', '-68.00000000', 'Q600622'),
(1026, 'Departamento de Tunuyán', 3646, 'M', 'Mendoza', '11', 'AR', 'Argentina', '-33.6666700', '-69.50000000', 'Q1063348'),
(1027, 'Departamento de Tupungato', 3646, 'M', 'Mendoza', '11', 'AR', 'Argentina', '-33.2500000', '-69.25000000', 'Q2317932'),
(1122, 'Godoy Cruz', 3646, 'M', 'Mendoza', '11', 'AR', 'Argentina', '-32.9286300', '-68.83510000', 'Q1189982'),
(1219, 'Las Heras', 3646, 'M', 'Mendoza', '11', 'AR', 'Argentina', '-32.8527300', '-68.82837000', 'Q2707626'),
(1278, 'Mendoza', 3646, 'M', 'Mendoza', '11', 'AR', 'Argentina', '-32.8908400', '-68.82717000', 'Q44237'),
(1440, 'San Martín', 3646, 'M', 'Mendoza', '11', 'AR', 'Argentina', '-33.0810300', '-68.46814000', 'Q1806934'),
(1448, 'San Rafael', 3646, 'M', 'Mendoza', '11', 'AR', 'Argentina', '-34.6177200', '-68.33007000', 'Q23044'),
(643, 'Alba Posse', 3644, 'N', 'Misiones', '11', 'AR', 'Argentina', '-27.5697800', '-54.68262000', 'Q2830746'),
(650, 'Almafuerte', 3644, 'N', 'Misiones', '11', 'AR', 'Argentina', '-27.5082500', '-55.40258000', 'Q4733652'),
(669, 'Aristóbulo del Valle', 3644, 'N', 'Misiones', '11', 'AR', 'Argentina', '-27.0962500', '-54.89626000', 'Q2861426'),
(674, 'Arroyo del Medio', 3644, 'N', 'Misiones', '11', 'AR', 'Argentina', '-27.6974800', '-55.40376000', 'Q2242988'),
(678, 'Azara', 3644, 'N', 'Misiones', '11', 'AR', 'Argentina', '-28.0616000', '-55.67797000', 'Q5243541'),
(693, 'Bernardo de Irigoyen', 3644, 'N', 'Misiones', '11', 'AR', 'Argentina', '-26.2552000', '-53.64581000', 'Q823073'),
(699, 'Bonpland', 3644, 'N', 'Misiones', '11', 'AR', 'Argentina', '-27.4821800', '-55.47756000', 'Q21828961'),
(718, 'Campo Grande', 3644, 'N', 'Misiones', '11', 'AR', 'Argentina', '-27.2077000', '-54.97977000', 'Q588681'),
(721, 'Campo Ramón', 3644, 'N', 'Misiones', '11', 'AR', 'Argentina', '-27.4549000', '-55.02122000', 'Q2918968'),
(722, 'Campo Viera', 3644, 'N', 'Misiones', '11', 'AR', 'Argentina', '-27.3327100', '-55.05651000', 'Q5028465'),
(724, 'Candelaria', 3644, 'N', 'Misiones', '11', 'AR', 'Argentina', '-27.4595000', '-55.74536000', 'Q21829077'),
(728, 'Capioví', 3644, 'N', 'Misiones', '11', 'AR', 'Argentina', '-26.9299800', '-55.06084000', 'Q5035413'),
(731, 'Caraguatay', 3644, 'N', 'Misiones', '11', 'AR', 'Argentina', '-26.6058700', '-54.78093000', 'Q5037636'),
(748, 'Cerro Azul', 3644, 'N', 'Misiones', '11', 'AR', 'Argentina', '-27.6331000', '-55.49620000', 'Q5064858'),
(749, 'Cerro Corá', 3644, 'N', 'Misiones', '11', 'AR', 'Argentina', '-27.5131000', '-55.60896000', 'Q5064903'),
(774, 'Colonia Aurora', 3644, 'N', 'Misiones', '11', 'AR', 'Argentina', '-27.4742800', '-54.52498000', 'Q908300'),
(790, 'Concepción de la Sierra', 3644, 'N', 'Misiones', '11', 'AR', 'Argentina', '-27.9831100', '-55.52031000', 'Q2991642'),
(830, 'Departamento de Apóstoles', 3644, 'N', 'Misiones', '11', 'AR', 'Argentina', '-27.9166700', '-55.75000000', 'Q1190229'),
(841, 'Departamento de Cainguás', 3644, 'N', 'Misiones', '11', 'AR', 'Argentina', '-27.1666700', '-54.83333000', 'Q573042'),
(845, 'Departamento de Candelaria', 3644, 'N', 'Misiones', '11', 'AR', 'Argentina', '-27.5000000', '-55.50000000', 'Q55379'),
(848, 'Departamento de Capital', 3644, 'N', 'Misiones', '11', 'AR', 'Argentina', '-27.5000000', '-55.83333000', 'Q858107'),
(867, 'Departamento de Concepción de la Sierra', 3644, 'N', 'Misiones', '11', 'AR', 'Argentina', '-27.8333300', '-55.41667000', 'Q868674'),
(878, 'Departamento de Eldorado', 3644, 'N', 'Misiones', '11', 'AR', 'Argentina', '-26.2500000', '-54.41667000', 'Q899638'),
(894, 'Departamento de General Manuel Belgrano', 3644, 'N', 'Misiones', '11', 'AR', 'Argentina', '-26.1666700', '-53.91667000', 'Q922325'),
(903, 'Departamento de Guaraní', 3644, 'N', 'Misiones', '11', 'AR', 'Argentina', '-27.1666700', '-54.16667000', 'Q1028486'),
(908, 'Departamento de Iguazú', 3644, 'N', 'Misiones', '11', 'AR', 'Argentina', '-25.8666700', '-54.36667000', 'Q974455'),
(927, 'Departamento de Leandro N. Alem', 3644, 'N', 'Misiones', '11', 'AR', 'Argentina', '-27.5666700', '-55.33333000', 'Q426743'),
(929, 'Departamento de Libertador General San Martín', 3644, 'N', 'Misiones', '11', 'AR', 'Argentina', '-26.9166700', '-54.91667000', 'Q279489'),
(946, 'Departamento de Montecarlo', 3644, 'N', 'Misiones', '11', 'AR', 'Argentina', '-26.7166700', '-54.58333000', 'Q1190847'),
(953, 'Departamento de Oberá', 3644, 'N', 'Misiones', '11', 'AR', 'Argentina', '-27.5500000', '-55.08333000', 'Q770031'),
(987, 'Departamento de San Ignacio', 3644, 'N', 'Misiones', '11', 'AR', 'Argentina', '-27.2500000', '-55.33333000', 'Q1191078'),
(989, 'Departamento de San Javier', 3644, 'N', 'Misiones', '11', 'AR', 'Argentina', '-27.7780600', '-55.13004000', 'Q730306'),
(1002, 'Departamento de San Pedro', 3644, 'N', 'Misiones', '11', 'AR', 'Argentina', '-26.6666700', '-54.00000000', 'Q782340'),
(1031, 'Departamento de Veinticinco de Mayo', 3644, 'N', 'Misiones', '11', 'AR', 'Argentina', '-27.4166700', '-54.66667000', 'Q288586'),
(1044, 'Dos Arroyos', 3644, 'N', 'Misiones', '11', 'AR', 'Argentina', '-27.6994600', '-55.25207000', 'Q5299139'),
(1045, 'Dos de Mayo', 3644, 'N', 'Misiones', '11', 'AR', 'Argentina', '-27.0227700', '-54.68669000', 'Q5299217'),
(1048, 'El Alcázar', 3644, 'N', 'Misiones', '11', 'AR', 'Argentina', '-26.7145900', '-54.81523000', 'Q5350719'),
(1061, 'El Soberbio', 3644, 'N', 'Misiones', '11', 'AR', 'Argentina', '-27.2984700', '-54.19877000', 'Q3050254'),
(1080, 'Florentino Ameghino', 3644, 'N', 'Misiones', '11', 'AR', 'Argentina', '-27.5666700', '-55.13333000', 'Q2779881'),
(1090, 'Garuhapé', 3644, 'N', 'Misiones', '11', 'AR', 'Argentina', '-26.8176800', '-54.95665000', 'Q993283'),
(1091, 'Garupá', 3644, 'N', 'Misiones', '11', 'AR', 'Argentina', '-27.4817100', '-55.82921000', 'Q5524495'),
(1095, 'General Alvear', 3644, 'N', 'Misiones', '11', 'AR', 'Argentina', '-27.4261100', '-55.16916000', 'Q5531687'),
(1120, 'Gobernador Roca', 3644, 'N', 'Misiones', '11', 'AR', 'Argentina', '-27.1863600', '-55.46433000', 'Q5575458'),
(1128, 'Guaraní', 3644, 'N', 'Misiones', '11', 'AR', 'Argentina', '-27.5232300', '-55.16077000', 'Q5613944'),
(1166, 'Jardín América', 3644, 'N', 'Misiones', '11', 'AR', 'Argentina', '-27.0434600', '-55.22698000', 'Q3115487'),
(1241, 'Loreto', 3644, 'N', 'Misiones', '11', 'AR', 'Argentina', '-27.3317700', '-55.52499000', 'Q2987221'),
(1250, 'Los Helechos', 3644, 'N', 'Misiones', '11', 'AR', 'Argentina', '-27.5505100', '-55.07908000', 'Q9296343'),
(1295, 'Mártires', 3644, 'N', 'Misiones', '11', 'AR', 'Argentina', '-27.4226500', '-55.37659000', 'Q2929515'),
(1285, 'Mojón Grande', 3644, 'N', 'Misiones', '11', 'AR', 'Argentina', '-27.7116500', '-55.15631000', 'Q1886208'),
(1290, 'Montecarlo', 3644, 'N', 'Misiones', '11', 'AR', 'Argentina', '-26.5662000', '-54.75700000', 'Q648215'),
(1304, 'Oberá', 3644, 'N', 'Misiones', '11', 'AR', 'Argentina', '-27.4870600', '-55.11994000', 'Q55377'),
(1318, 'Panambí', 3644, 'N', 'Misiones', '11', 'AR', 'Argentina', '-27.7236900', '-54.91515000', 'Q7130019'),
(1328, 'Picada Gobernador López', 3644, 'N', 'Misiones', '11', 'AR', 'Argentina', '-27.6706900', '-55.24585000', 'Q519881'),
(1342, 'Posadas', 3644, 'N', 'Misiones', '11', 'AR', 'Argentina', '-27.3670800', '-55.89608000', 'Q44238'),
(1353, 'Puerto Eldorado', 3644, 'N', 'Misiones', '11', 'AR', 'Argentina', '-26.4084300', '-54.69463000', 'Q21827536'),
(1354, 'Puerto Esperanza', 3644, 'N', 'Misiones', '11', 'AR', 'Argentina', '-26.0226700', '-54.61356000', 'Q3112889'),
(1356, 'Puerto Iguazú', 3644, 'N', 'Misiones', '11', 'AR', 'Argentina', '-25.5991200', '-54.57355000', 'Q55378'),
(1357, 'Puerto Leoni', 3644, 'N', 'Misiones', '11', 'AR', 'Argentina', '-26.9876200', '-55.16569000', 'Q2565742'),
(1358, 'Puerto Libertad', 3644, 'N', 'Misiones', '11', 'AR', 'Argentina', '-25.9195800', '-54.58229000', 'Q3036970'),
(1360, 'Puerto Piray', 3644, 'N', 'Misiones', '11', 'AR', 'Argentina', '-26.4693700', '-54.70736000', 'Q3115721'),
(1361, 'Puerto Rico', 3644, 'N', 'Misiones', '11', 'AR', 'Argentina', '-26.7959800', '-55.02402000', 'Q2530831'),
(1387, 'Ruiz de Montoya', 3644, 'N', 'Misiones', '11', 'AR', 'Argentina', '-26.9833300', '-55.05000000', 'Q2550082'),
(1429, 'San José', 3644, 'N', 'Misiones', '11', 'AR', 'Argentina', '-27.7697900', '-55.78260000', 'Q7414513'),
(1446, 'San Pedro', 3644, 'N', 'Misiones', '11', 'AR', 'Argentina', '-26.6220700', '-54.10842000', 'Q3112883'),
(1452, 'San Vicente', 3644, 'N', 'Misiones', '11', 'AR', 'Argentina', '-26.6166700', '-54.13333000', 'Q21827849'),
(1463, 'Santa María', 3644, 'N', 'Misiones', '11', 'AR', 'Argentina', '-27.9349000', '-55.40742000', 'Q2238097'),
(1474, 'Santo Pipó', 3644, 'N', 'Misiones', '11', 'AR', 'Argentina', '-27.1413200', '-55.40867000', 'Q7420542'),
(1514, 'Tres Capones', 3644, 'N', 'Misiones', '11', 'AR', 'Argentina', '-28.0064100', '-55.60471000', 'Q9297687'),
(1528, 'Veinticinco de Mayo', 3644, 'N', 'Misiones', '11', 'AR', 'Argentina', '-27.3767900', '-54.74312000', 'Q2374393'),
(1590, 'Wanda', 3644, 'N', 'Misiones', '11', 'AR', 'Argentina', '-25.9687900', '-54.56285000', 'Q3115808'),
(657, 'Aluminé', 3648, 'Q', 'Neuquén', '11', 'AR', 'Argentina', '-39.2368600', '-70.91970000', 'Q447844'),
(660, 'Andacollo', 3648, 'Q', 'Neuquén', '11', 'AR', 'Argentina', '-37.1794500', '-70.66912000', 'Q2358842'),
(680, 'Añelo', 3648, 'Q', 'Neuquén', '11', 'AR', 'Argentina', '-38.3544100', '-68.78840000', 'Q794673'),
(684, 'Barrancas', 3648, 'Q', 'Neuquén', '11', 'AR', 'Argentina', '-36.8234400', '-69.91564000', 'Q4863233'),
(706, 'Buta Ranquil', 3648, 'Q', 'Neuquén', '11', 'AR', 'Argentina', '-37.0522200', '-69.87713000', 'Q630891'),
(746, 'Centenario', 3648, 'Q', 'Neuquén', '11', 'AR', 'Argentina', '-38.8295500', '-68.13180000', 'Q2233683'),
(766, 'Chos Malal', 3648, 'Q', 'Neuquén', '11', 'AR', 'Argentina', '-37.3780900', '-70.27085000', 'Q288993'),
(814, 'Cutral-Có', 3648, 'Q', 'Neuquén', '11', 'AR', 'Argentina', '-38.9342400', '-69.23052000', 'Q970536'),
(823, 'Departamento de Aluminé', 3648, 'Q', 'Neuquén', '11', 'AR', 'Argentina', '-39.1666700', '-71.00000000', 'Q1190331'),
(833, 'Departamento de Añelo', 3648, 'Q', 'Neuquén', '11', 'AR', 'Argentina', '-38.1666700', '-69.00000000', 'Q1190264'),
(855, 'Departamento de Catán-Lil', 3648, 'Q', 'Neuquén', '11', 'AR', 'Argentina', '-39.5000000', '-70.33333000', 'Q1190347'),
(860, 'Departamento de Chos-Malal', 3648, 'Q', 'Neuquén', '11', 'AR', 'Argentina', '-36.9166700', '-70.16667000', 'Q1190374'),
(863, 'Departamento de Collón-Curá', 3648, 'Q', 'Neuquén', '11', 'AR', 'Argentina', '-40.0833300', '-70.16667000', 'Q1190400'),
(868, 'Departamento de Confluencia', 3648, 'Q', 'Neuquén', '11', 'AR', 'Argentina', '-38.8333300', '-68.83333000', 'Q960802'),
(934, 'Departamento de Lácar', 3648, 'Q', 'Neuquén', '11', 'AR', 'Argentina', '-40.2500000', '-71.20000000', 'Q546774'),
(944, 'Departamento de Minas', 3648, 'Q', 'Neuquén', '11', 'AR', 'Argentina', '-36.8333300', '-70.83333000', 'Q591241'),
(1035, 'Departamento de Zapala', 3648, 'Q', 'Neuquén', '11', 'AR', 'Argentina', '-39.0000000', '-69.83333000', 'Q1191283'),
(1057, 'El Huecú', 3648, 'Q', 'Neuquén', '11', 'AR', 'Argentina', '-37.6452200', '-70.58006000', 'Q1017560'),
(1172, 'Junín de los Andes', 3648, 'Q', 'Neuquén', '11', 'AR', 'Argentina', '-39.9504300', '-71.06936000', 'Q952426'),
(1217, 'Las Coloradas', 3648, 'Q', 'Neuquén', '11', 'AR', 'Argentina', '-39.5553400', '-70.59491000', 'Q1016900'),
(1223, 'Las Lajas', 3648, 'Q', 'Neuquén', '11', 'AR', 'Argentina', '-38.5232200', '-70.36745000', 'Q1016895'),
(1226, 'Las Ovejas', 3648, 'Q', 'Neuquén', '11', 'AR', 'Argentina', '-36.9888100', '-70.74991000', 'Q6492369'),
(1238, 'Loncopué', 3648, 'Q', 'Neuquén', '11', 'AR', 'Argentina', '-38.0728400', '-70.61609000', 'Q579990'),
(1272, 'Mariano Moreno', 3648, 'Q', 'Neuquén', '11', 'AR', 'Argentina', '-38.7502900', '-70.02367000', 'Q3291391'),
(1298, 'Neuquén', 3648, 'Q', 'Neuquén', '11', 'AR', 'Argentina', '-38.9516100', '-68.05910000', 'Q44239'),
(1330, 'Picún Leufú', 3648, 'Q', 'Neuquén', '11', 'AR', 'Argentina', '-39.5161400', '-69.28765000', 'Q922199'),
(1331, 'Piedra del Águila', 3648, 'Q', 'Neuquén', '11', 'AR', 'Argentina', '-40.0481100', '-70.07410000', 'Q1015985'),
(1337, 'Plaza Huincul', 3648, 'Q', 'Neuquén', '11', 'AR', 'Argentina', '-38.9259800', '-69.20863000', 'Q980712'),
(1338, 'Plottier', 3648, 'Q', 'Neuquén', '11', 'AR', 'Argentina', '-38.9666700', '-68.23333000', 'Q1017590'),
(1442, 'San Martín de los Andes', 3648, 'Q', 'Neuquén', '11', 'AR', 'Argentina', '-40.1578900', '-71.35337000', 'Q1019152'),
(1483, 'Senillosa', 3648, 'Q', 'Neuquén', '11', 'AR', 'Argentina', '-39.0141200', '-68.43281000', 'Q3478557'),
(1559, 'Villa La Angostura', 3648, 'Q', 'Neuquén', '11', 'AR', 'Argentina', '-40.7617300', '-71.64631000', 'Q106096'),
(1589, 'Vista Alegre', 3648, 'Q', 'Neuquén', '11', 'AR', 'Argentina', '-38.7500000', '-68.18333000', 'Q7936429'),
(1598, 'Zapala', 3648, 'Q', 'Neuquén', '11', 'AR', 'Argentina', '-38.8991600', '-70.05442000', 'Q147196'),
(649, 'Allen', 3639, 'R', 'Río Negro', '11', 'AR', 'Argentina', '-38.9773600', '-67.82714000', 'Q21848444'),
(739, 'Catriel', 3639, 'R', 'Río Negro', '11', 'AR', 'Argentina', '-37.8790700', '-67.79560000', 'Q3663629'),
(750, 'Cervantes', 3639, 'R', 'Río Negro', '11', 'AR', 'Argentina', '-39.0544400', '-67.39426000', 'Q5065312'),
(759, 'Chichinales', 3639, 'R', 'Río Negro', '11', 'AR', 'Argentina', '-39.1150500', '-66.92714000', 'Q5096059'),
(763, 'Chimpay', 3639, 'R', 'Río Negro', '11', 'AR', 'Argentina', '-39.1648200', '-66.14236000', 'Q4520581'),
(764, 'Choele Choel', 3639, 'R', 'Río Negro', '11', 'AR', 'Argentina', '-39.2894100', '-65.66060000', 'Q52522'),
(768, 'Cinco Saltos', 3639, 'R', 'Río Negro', '11', 'AR', 'Argentina', '-38.8222500', '-68.06293000', 'Q2933923'),
(770, 'Cipolletti', 3639, 'R', 'Río Negro', '11', 'AR', 'Argentina', '-38.9339200', '-67.99032000', 'Q1014306'),
(784, 'Comallo', 3639, 'R', 'Río Negro', '11', 'AR', 'Argentina', '-41.0299300', '-70.26784000', 'Q1954924'),
(795, 'Contraalmirante Cordero', 3639, 'R', 'Río Negro', '11', 'AR', 'Argentina', '-38.7242300', '-68.15284000', 'Q21841285'),
(798, 'Coronel Belisle', 3639, 'R', 'Río Negro', '11', 'AR', 'Argentina', '-39.1868800', '-65.95422000', 'Q2884472'),
(817, 'Darwin', 3639, 'R', 'Río Negro', '11', 'AR', 'Argentina', '-39.2033400', '-65.73952000', 'Q5225916'),
(832, 'Departamento de Avellaneda', 3639, 'R', 'Río Negro', '11', 'AR', 'Argentina', '-39.5000000', '-66.50000000', 'Q1190249'),
(1032, 'Departamento de Veinticinco de Mayo', 3639, 'R', 'Río Negro', '11', 'AR', 'Argentina', '-41.2500000', '-69.00000000', 'Q288586'),
(1050, 'El Bolsón', 3639, 'R', 'Río Negro', '11', 'AR', 'Argentina', '-41.9605100', '-71.53336000', 'Q1323928'),
(1054, 'El Cuy', 3639, 'R', 'Río Negro', '11', 'AR', 'Argentina', '-39.9268500', '-68.34208000', 'Q995105'),
(1085, 'Fray Luis Beltrán', 3639, 'R', 'Río Negro', '11', 'AR', 'Argentina', '-39.3136900', '-65.76002000', 'Q5493943'),
(1099, 'General Conesa', 3639, 'R', 'Río Negro', '11', 'AR', 'Argentina', '-40.1040800', '-64.45592000', 'Q21839871'),
(1100, 'General Enrique Godoy', 3639, 'R', 'Río Negro', '11', 'AR', 'Argentina', '-39.0789100', '-67.15807000', 'Q425872'),
(1103, 'General Fernández Oro', 3639, 'R', 'Río Negro', '11', 'AR', 'Argentina', '-38.9529700', '-67.92489000', 'Q3100497'),
(1112, 'General Roca', 3639, 'R', 'Río Negro', '11', 'AR', 'Argentina', '-39.0333300', '-67.58333000', 'Q52506'),
(1152, 'Ingeniero Jacobacci', 3639, 'R', 'Río Negro', '11', 'AR', 'Argentina', '-41.3292000', '-69.55015000', 'Q2205145'),
(1154, 'Ingeniero Luis A. Huergo', 3639, 'R', 'Río Negro', '11', 'AR', 'Argentina', '-39.0714600', '-67.23790000', 'Q9008444'),
(1212, 'Lamarque', 3639, 'R', 'Río Negro', '11', 'AR', 'Argentina', '-39.4230400', '-65.70208000', 'Q6480952'),
(1253, 'Los Menucos', 3639, 'R', 'Río Negro', '11', 'AR', 'Argentina', '-40.8440200', '-68.08718000', 'Q4353093'),
(1263, 'Mainque', 3639, 'R', 'Río Negro', '11', 'AR', 'Argentina', '-39.0666700', '-67.30000000', 'Q6736720'),
(1268, 'Maquinchao', 3639, 'R', 'Río Negro', '11', 'AR', 'Argentina', '-41.2491200', '-68.70321000', 'Q2171426'),
(1599, 'Ñorquinco', 3639, 'R', 'Río Negro', '11', 'AR', 'Argentina', '-41.8507200', '-70.90173000', 'Q292866'),
(1334, 'Pilcaniyeu', 3639, 'R', 'Río Negro', '11', 'AR', 'Argentina', '-41.1228800', '-70.72152000', 'Q1936853'),
(1389, 'Río Colorado', 3639, 'R', 'Río Negro', '11', 'AR', 'Argentina', '-38.9939700', '-64.09295000', 'Q1410272'),
(1409, 'San Antonio Oeste', 3639, 'R', 'Río Negro', '11', 'AR', 'Argentina', '-40.7319300', '-64.94769000', 'Q1894082'),
(1418, 'San Carlos de Bariloche', 3639, 'R', 'Río Negro', '11', 'AR', 'Argentina', '-41.1455700', '-71.30822000', 'Q47772'),
(1486, 'Sierra Colorada', 3639, 'R', 'Río Negro', '11', 'AR', 'Argentina', '-40.5848700', '-67.75674000', 'Q692861'),
(1487, 'Sierra Grande', 3639, 'R', 'Río Negro', '11', 'AR', 'Argentina', '-41.6060300', '-65.35574000', 'Q21834393'),
(1525, 'Valcheta', 3639, 'R', 'Río Negro', '11', 'AR', 'Argentina', '-40.6798900', '-66.16283000', 'Q1015230'),
(1536, 'Viedma', 3639, 'R', 'Río Negro', '11', 'AR', 'Argentina', '-40.8134500', '-62.99668000', 'Q44240'),
(1574, 'Villa Regina', 3639, 'R', 'Río Negro', '11', 'AR', 'Argentina', '-39.1000000', '-67.06667000', 'Q1017096'),
(664, 'Apolinario Saravia', 3643, 'A', 'Salta', '11', 'AR', 'Argentina', '-24.4327600', '-63.99535000', 'Q4780228'),
(707, 'Cachí', 3643, 'A', 'Salta', '11', 'AR', 'Argentina', '-25.1203300', '-66.16519000', 'Q520684'),
(708, 'Cafayate', 3643, 'A', 'Salta', '11', 'AR', 'Argentina', '-26.0833300', '-65.83333000', 'Q1190297'),
(720, 'Campo Quijano', 3643, 'A', 'Salta', '11', 'AR', 'Argentina', '-24.9098200', '-65.63656000', 'Q2553556'),
(760, 'Chicoana', 3643, 'A', 'Salta', '11', 'AR', 'Argentina', '-25.1050200', '-65.53473000', 'Q1016092'),
(819, 'Departamento Capital', 3643, 'A', 'Salta', '11', 'AR', 'Argentina', '-24.8333300', '-65.33333000', 'Q1190331'),
(828, 'Departamento de Anta', 3643, 'A', 'Salta', '11', 'AR', 'Argentina', '-24.9166700', '-64.00000000', 'Q1190229'),
(857, 'Departamento de Cerrillos', 3643, 'A', 'Salta', '11', 'AR', 'Argentina', '-25.0000000', '-65.41667000', 'Q665915'),
(858, 'Departamento de Chicoana', 3643, 'A', 'Salta', '11', 'AR', 'Argentina', '-25.1158300', '-65.59466000', 'Q547590'),
(891, 'Departamento de General Güemes', 3643, 'A', 'Salta', '11', 'AR', 'Argentina', '-24.7946400', '-64.94393000', 'Q922325'),
(901, 'Departamento de Guachipas', 3643, 'A', 'Salta', '11', 'AR', 'Argentina', '-25.6666700', '-65.50000000', 'Q1190588'),
(911, 'Departamento de Iruya', 3643, 'A', 'Salta', '11', 'AR', 'Argentina', '-22.8000000', '-64.91667000', 'Q1190632'),
(920, 'Departamento de La Poma', 3643, 'A', 'Salta', '11', 'AR', 'Argentina', '-24.1666700', '-66.16667000', 'Q584369');
